{"id":17077,"date":"2025-07-15T23:40:18","date_gmt":"2025-07-15T21:40:18","guid":{"rendered":"https:\/\/uj.adatbank.ro\/lexikon\/termek\/oproiescu-petru-%c2%a7-oproiescu-petre\/"},"modified":"2025-07-15T23:40:18","modified_gmt":"2025-07-15T21:40:18","slug":"oproiescu-petru-%c2%a7-oproiescu-petre","status":"publish","type":"product","link":"https:\/\/uj.adatbank.ro\/lexikon\/termek\/oproiescu-petru-%c2%a7-oproiescu-petre\/","title":{"rendered":"OPROIESCU, Petru, \u00a7 Oproiescu, Petre"},"content":{"rendered":"<p>Kudzsir, 1917. febr. 5., \u2020 Dics\u0151szentm\u00e1rton, 1985. j\u00fal. 28.: tan\u00e1r. \u2013 Az elemi iskol\u00e1t a sz\u00fcl\u0151hely\u00e9n, Sz\u00e1szv\u00e1rosban az Aurel Vlaicu L\u00edc.-ban, Kv.-on a Regele Ferdinand Egyetem b\u00f6lcs\u00e9sz \u00e9s filoz\u00f3fia szak\u00e1n, majd Szebenben v\u00e9gzett, ahova az egyetem menek\u00fclt (1940). K\u00e9t \u00e9v tiszti iskola k\u00f6vetkezett (1941\u2013), a fronton harcolt (1944\u201345). A Szeben megyei Szelisty\u00e9n tan\u00edtott (1945\u201347). \u00c1thelyezt\u00e9k D\u00edcs\u0151szentm\u00e1rtonba, az AL. Sahia L\u00edc.-batan\u00edtott (1947\u201348), majd Kis K\u00fck\u00fcll\u0151 megye f\u0151tanfel\u00fcgyel\u0151je (1948\u201355), nyugd\u00edjaz\u00e1s\u00e1ig ism\u00e9t az Al. Sahia L\u00edc.-ban volt tan\u00e1r (1955\u201378), igazgat\u00f3 is (1960\u2013). <strong>Kit\u00fcntet\u00e9sei:<\/strong> Munka\u00e9rdemrend \/ Ordinul Muncii III. oszt., \u00c9rdemes tan\u00e1r \/ Profesor Emerit (1966). Hal\u00e1la ut\u00e1n Virgil Suciu v\u00e1rosi tan\u00e1csos \u00e9s iskola igazgat\u00f3 javaslat\u00e1ra a v\u00e1ros d\u00edszpolg\u00e1r\u00e1v\u00e1 avatt\u00e1k (1996. m\u00e1rc.). <br \/><strong>Irod.:<\/strong> Dasc\u0103li mure\u015fen, 1.; MMK\u00a0; T\u00e2rn\u0103veni, cult.-ist.<\/br><\/p>\n","protected":false},"excerpt":{"rendered":"<p>Kudzsir, 1917. febr. 5., \u2020 Dics\u0151szentm\u00e1rton, 1985. j\u00fal. 28.: tan\u00e1r. \u2013 Az elemi iskol\u00e1t a sz\u00fcl\u0151hely\u00e9n, Sz\u00e1szv\u00e1rosban az Aurel Vlaicu L\u00edc.-ban, Kv.-on a Regele Ferdinand Egyetem b\u00f6lcs\u00e9sz \u00e9s filoz\u00f3fia szak\u00e1n, majd Szebenben v\u00e9gzett, ahova az egyetem menek\u00fclt (1940). K\u00e9t \u00e9v tiszti iskola k\u00f6vetkezett (1941\u2013), a fronton harcolt (1944\u201345). A Szeben megyei Szelisty\u00e9n tan\u00edtott (1945\u201347). \u00c1thelyezt\u00e9k [&hellip;]<\/p>\n","protected":false},"featured_media":0,"comment_status":"open","ping_status":"closed","template":"","meta":[],"product_brand":[],"product_cat":[137],"product_tag":[],"class_list":{"0":"post-17077","1":"product","2":"type-product","3":"status-publish","5":"product_cat-maros-megyei-eletrajzi-lexikon","7":"first","8":"instock","9":"shipping-taxable","10":"product-type-simple"},"_links":{"self":[{"href":"https:\/\/uj.adatbank.ro\/lexikon\/wp-json\/wp\/v2\/product\/17077","targetHints":{"allow":["GET"]}}],"collection":[{"href":"https:\/\/uj.adatbank.ro\/lexikon\/wp-json\/wp\/v2\/product"}],"about":[{"href":"https:\/\/uj.adatbank.ro\/lexikon\/wp-json\/wp\/v2\/types\/product"}],"replies":[{"embeddable":true,"href":"https:\/\/uj.adatbank.ro\/lexikon\/wp-json\/wp\/v2\/comments?post=17077"}],"wp:attachment":[{"href":"https:\/\/uj.adatbank.ro\/lexikon\/wp-json\/wp\/v2\/media?parent=17077"}],"wp:term":[{"taxonomy":"product_brand","embeddable":true,"href":"https:\/\/uj.adatbank.ro\/lexikon\/wp-json\/wp\/v2\/product_brand?post=17077"},{"taxonomy":"product_cat","embeddable":true,"href":"https:\/\/uj.adatbank.ro\/lexikon\/wp-json\/wp\/v2\/product_cat?post=17077"},{"taxonomy":"product_tag","embeddable":true,"href":"https:\/\/uj.adatbank.ro\/lexikon\/wp-json\/wp\/v2\/product_tag?post=17077"}],"curies":[{"name":"wp","href":"https:\/\/api.w.org\/{rel}","templated":true}]}}

<p>Kudzsir, 1917. febr. 5., † Dicsőszentmárton, 1985. júl. 28.: tanár. – Az elemi iskolát a szülőhelyén, Szászvárosban az Aurel Vlaicu Líc.-ban, Kv.-on a Regele Ferdinand Egyetem bölcsész és filozófia szakán, majd Szebenben végzett, ahova az egyetem menekült (1940). Két év tiszti iskola következett (1941–), a fronton harcolt (1944–45). A Szeben megyei Szelistyén tanított (1945–47). Áthelyezték Dícsőszentmártonba, az AL. Sahia Líc.-batanított (1947–48), majd Kis Küküllő megye főtanfelügyelője (1948–55), nyugdíjazásáig ismét az Al. Sahia Líc.-ban volt tanár (1955–78), igazgató is (1960–). <strong>Kitüntetései:</strong> Munkaérdemrend / Ordinul Muncii III. oszt., Érdemes tanár / Profesor Emerit (1966). Halála után Virgil Suciu városi tanácsos és iskola igazgató javaslatára a város díszpolgárává avatták (1996. márc.). <br /><strong>Irod.:</strong> Dascăli mureşen, 1.; MMK ; Târnăveni, cult.-ist.</br></p>

<p>Kudzsir, 1917. febr. 5., † Dicsőszentmárton, 1985. júl. 28.: tanár. – Az elemi iskolát a szülőhelyén, Szászvárosban az Aurel Vlaicu Líc.-ban, Kv.-on a Regele Ferdinand Egyetem bölcsész és filozófia szakán, majd Szebenben végzett, ahova az egyetem menekült (1940). Két év tiszti iskola következett (1941–), a fronton harcolt (1944–45). A Szeben megyei Szelistyén tanított (1945–47). Áthelyezték [&hellip;]</p>
