{"id":17083,"date":"2025-07-15T23:40:29","date_gmt":"2025-07-15T21:40:29","guid":{"rendered":"https:\/\/uj.adatbank.ro\/lexikon\/termek\/orban-agnes-ildiko-%c2%a7\/"},"modified":"2025-07-15T23:40:29","modified_gmt":"2025-07-15T21:40:29","slug":"orban-agnes-ildiko-%c2%a7","status":"publish","type":"product","link":"https:\/\/uj.adatbank.ro\/lexikon\/termek\/orban-agnes-ildiko-%c2%a7\/","title":{"rendered":"ORB\u00c1N \u00c1gnes Ildik\u00f3, \u00a7"},"content":{"rendered":"<p>Mv., 1940. jan. 20., \u2020\u00a02009: tan\u00e1r. \u2013 Tanulm\u00e1nyait Mv.-en v\u00e9gezte, a Pedag\u00f3gia F\u0151iskol\u00e1n szerzett zenetan\u00e1ri oklevelet. Tan\u00edtott t\u00f6bb k\u00f6zs\u00e9g: Kl\u00e9zsa (Bacau), Marosbog\u00e1t, Jedd, Koronka, Ag\u00e1rd iskol\u00e1j\u00e1ban \u00e9s Mv. iskol\u00e1iban. A Maros Megyei k\u00f3rh\u00e1zban foglalkozott, tan\u00edtott s\u00falyosan s\u00e9r\u00fclt gyermekeket \u00e9s v\u00e9g\u00fcl Marosszentgy\u00f6rgy\u00f6n az \u00e1ltal\u00e1nos iskol\u00e1ban tan\u00edtott zen\u00e9t (2000\u201306), vezette az iskola dalcsoportj\u00e1t, gyermekk\u00f3rus\u00e1t, akikkel k\u00fclf\u00f6ld\u00f6n is fell\u00e9ptek, diplom\u00e1kat nyertek. <br \/><strong>Irod.:<\/strong> Opri\u015f-Moldovan<\/br><\/p>\n","protected":false},"excerpt":{"rendered":"<p>Mv., 1940. jan. 20., \u2020\u00a02009: tan\u00e1r. \u2013 Tanulm\u00e1nyait Mv.-en v\u00e9gezte, a Pedag\u00f3gia F\u0151iskol\u00e1n szerzett zenetan\u00e1ri oklevelet. Tan\u00edtott t\u00f6bb k\u00f6zs\u00e9g: Kl\u00e9zsa (Bacau), Marosbog\u00e1t, Jedd, Koronka, Ag\u00e1rd iskol\u00e1j\u00e1ban \u00e9s Mv. iskol\u00e1iban. A Maros Megyei k\u00f3rh\u00e1zban foglalkozott, tan\u00edtott s\u00falyosan s\u00e9r\u00fclt gyermekeket \u00e9s v\u00e9g\u00fcl Marosszentgy\u00f6rgy\u00f6n az \u00e1ltal\u00e1nos iskol\u00e1ban tan\u00edtott zen\u00e9t (2000\u201306), vezette az iskola dalcsoportj\u00e1t, gyermekk\u00f3rus\u00e1t, akikkel k\u00fclf\u00f6ld\u00f6n is [&hellip;]<\/p>\n","protected":false},"featured_media":0,"comment_status":"open","ping_status":"closed","template":"","meta":[],"product_brand":[],"product_cat":[137],"product_tag":[],"class_list":{"0":"post-17083","1":"product","2":"type-product","3":"status-publish","5":"product_cat-maros-megyei-eletrajzi-lexikon","7":"first","8":"instock","9":"shipping-taxable","10":"product-type-simple"},"_links":{"self":[{"href":"https:\/\/uj.adatbank.ro\/lexikon\/wp-json\/wp\/v2\/product\/17083","targetHints":{"allow":["GET"]}}],"collection":[{"href":"https:\/\/uj.adatbank.ro\/lexikon\/wp-json\/wp\/v2\/product"}],"about":[{"href":"https:\/\/uj.adatbank.ro\/lexikon\/wp-json\/wp\/v2\/types\/product"}],"replies":[{"embeddable":true,"href":"https:\/\/uj.adatbank.ro\/lexikon\/wp-json\/wp\/v2\/comments?post=17083"}],"wp:attachment":[{"href":"https:\/\/uj.adatbank.ro\/lexikon\/wp-json\/wp\/v2\/media?parent=17083"}],"wp:term":[{"taxonomy":"product_brand","embeddable":true,"href":"https:\/\/uj.adatbank.ro\/lexikon\/wp-json\/wp\/v2\/product_brand?post=17083"},{"taxonomy":"product_cat","embeddable":true,"href":"https:\/\/uj.adatbank.ro\/lexikon\/wp-json\/wp\/v2\/product_cat?post=17083"},{"taxonomy":"product_tag","embeddable":true,"href":"https:\/\/uj.adatbank.ro\/lexikon\/wp-json\/wp\/v2\/product_tag?post=17083"}],"curies":[{"name":"wp","href":"https:\/\/api.w.org\/{rel}","templated":true}]}}

ORBÁN Ágnes Ildikó, §

<p>Mv., 1940. jan. 20., † 2009: tanár. – Tanulmányait Mv.-en végezte, a Pedagógia Főiskolán szerzett zenetanári oklevelet. Tanított több község: Klézsa (Bacau), Marosbogát, Jedd, Koronka, Agárd iskolájában és Mv. iskoláiban. A Maros Megyei kórházban foglalkozott, tanított súlyosan sérült gyermekeket és végül Marosszentgyörgyön az általános iskolában tanított zenét (2000–06), vezette az iskola dalcsoportját, gyermekkórusát, akikkel külföldön is felléptek, diplomákat nyertek. <br /><strong>Irod.:</strong> Opriş-Moldovan</br></p>

<p>Mv., 1940. jan. 20., † 2009: tanár. – Tanulmányait Mv.-en végezte, a Pedagógia Főiskolán szerzett zenetanári oklevelet. Tanított több község: Klézsa (Bacau), Marosbogát, Jedd, Koronka, Agárd iskolájában és Mv. iskoláiban. A Maros Megyei kórházban foglalkozott, tanított súlyosan sérült gyermekeket és végül Marosszentgyörgyön az általános iskolában tanított zenét (2000–06), vezette az iskola dalcsoportját, gyermekkórusát, akikkel külföldön is [&hellip;]</p>
