{"id":17087,"date":"2025-07-15T23:40:37","date_gmt":"2025-07-15T21:40:37","guid":{"rendered":"https:\/\/uj.adatbank.ro\/lexikon\/termek\/orban-balazs-markosfalvi\/"},"modified":"2025-07-15T23:40:37","modified_gmt":"2025-07-15T21:40:37","slug":"orban-balazs-markosfalvi","status":"publish","type":"product","link":"https:\/\/uj.adatbank.ro\/lexikon\/termek\/orban-balazs-markosfalvi\/","title":{"rendered":"ORB\u00c1N Bal\u00e1zs, m\u00e1rkosfalvi"},"content":{"rendered":"<p>Mez\u0151pagocsa, 1873. szept. 13, \u2020 Mv., 1930. j\u00fal. 17.: v\u00e1rmegyei jegyz\u0151, alisp\u00e1n, k\u00e9pvisel\u0151, szerkeszt\u0151. \u2013 O. Albert \u00e9s \u00e9tfalvi Nagy R\u00f3z\u00e1lia fia. \u00c9desanyj\u00e1nak Pagocs\u00e1n voltak birtokai, 19 gyereket sz\u00fclt, 14 meghalt, \u00f6t feln\u0151tt. Testv\u00e9rei: O. Albert, O. Elek, O. K\u00e1roly, O. Erzs\u00e9bet Dab\u00f3czi Ferencn\u00e9. Feles\u00e9ge: ny\u00e1r\u00e1g\u00e1lfalvi Sipos Margit. Gyermekeik: O. Istv\u00e1n, O. Gy\u00fcrgy, Orb\u00e1n \u00c9va. \u2013 K\u00f6z\u00e9piskol\u00e1j\u00e1t Nagyenyeden \u00e9s a Ref. Koll.-ban Mv.-en (1892), a jogot Bp.-en v\u00e9gezte. Marostorda v\u00e1rmegy\u00e9ben a k\u00f6zigazgat\u00e1s szolg\u00e1lat\u00e1ba l\u00e9pett, mint gyakornok (1897), szolgab\u00edr\u00f3 (1898), megyei aljegyz\u0151 (1903\u2013), f\u0151jegyz\u0151, f\u00f6isp\u00e1ni titk\u00e1r (1910\u201319). MT\u00e1rstud.Egyes\u00fclet alap\u00edt\u00f3 tagja (1907). Bar\u00e1ts\u00e1gos l\u00e9gk\u00f6rben \u00e9ltek a v\u00e1rmegyei tisztvisel\u0151k nagy csal\u00e1dj\u00e1ban. Az els\u0151 vh. ut\u00e1n mivel nem esk\u00fcdtek fel a rom\u00e1n \u00e1llamnak, elvesztett\u00e9k munk\u00e1jukat (1919). K\u00fcl\u00f6nb\u00f6z\u0151 \u00e1ll\u00e1sokat v\u00e1llalt, majd r\u00f6vid betegs\u00e9g ut\u00e1n 51 \u00e9vesen hirtelen meghalt (1919); a Sz\u00e9kely Gazdasz\u00f6vets\u00e9g igazgat\u00f3ja; Marostordamegye kamarai k\u00e9pvisel\u0151je liber\u00e1lis list\u00e1n (1927); a K\u00f6zs\u00e9gi K\u00f6zigazgat\u00e1si Tanfolyam el\u0151ad\u00f3ja, igazgat\u00f3ja (1911) a mv.- i V\u00f6r\u00f6s Kereszt Egylet, a Bethlen Kata Egylet \u00e9s az \u00dajs\u00e1g\u00edr\u00f3i K\u00f6rnek titk\u00e1ra, a KZST tagja (1919\u2013) volt. A m. \u00fcgyek mindenkori t\u00e1mogat\u00f3ja volt. A F\u00f6ldm\u0171ves Sz\u00f6vets\u00e9ggel csatlakozott a Magyar Sz\u00f6vets\u00e9ghez (1921). Majd az OMP megyei tagozat\u00e1nak f\u0151titk\u00e1ra (1926), k\u00e9pvisel\u0151je (1927). Mint jog\u00e1sz t\u00f6bb f\u0151v\u00e1rosi \u00e9s vid\u00e9ki h\u00edrlapban politikai \u00e9s t\u00e1rsadalmi cikket \u00edrt \u00c1lnevei: Siculus, Ny\u00e1r\u00e1dmenti, Peregrinus, Szittya. <strong>Cikkei:<\/strong> Sz\u00e9kely Lapok, Marosv\u00e1s\u00e1rhely, Marosvid\u00e9k, Erd\u00e9lyi Bar\u00e1zda, Maros-Torda v\u00e1rmegyei hivatalos lap. A Maros Vid\u00e9k bels\u0151 munkat\u00e1rsa (1897), szerkesztette a Sz\u00e9kely Lapok c politikai napilapot (1898\u2013); Maros-Torda v\u00e1rmegyei hivatalos lap (1900); Erd\u00e9lyi Bar\u00e1zda c. lapokat. \u2013 <strong>F. m.:<\/strong> Vall\u00e1s\u00fcgyi igazgat\u00e1s (Mv., 1901); M\u00falt \u00e9s jelen: Elbesz\u00e9l\u00e9sek (Mv., 1903). <br \/><strong>Irod.:<\/strong> Bern\u00e1dy; Er\u0151ss; F\u00fcl\u00f6p\u2013Ferencz; Gazdas\u00e1gi s\u00e9relmeink \u00e9s kiv\u00e1ns\u00e1gaink (Dics\u0151szentm\u00e1rton, 1926); Guly\u00e1s; Gy\u00e1szjelent\u0151; Id\u0151t\u00e1r 2; Id\u0151t\u00e1r 3; M\u00c9L; MIL (1926); Molter; MT\u00e1rstud.Egyes\u00fclet; KZST1930; Osv\u00e1th; P\u00e1lmay; Sipos; Sz\u00e9kelyf\u00f6ld \u00ed.k.; Szinnyei; \u00dcnnepi k\u00f6nyv<\/br><\/p>\n","protected":false},"excerpt":{"rendered":"<p>Mez\u0151pagocsa, 1873. szept. 13, \u2020 Mv., 1930. j\u00fal. 17.: v\u00e1rmegyei jegyz\u0151, alisp\u00e1n, k\u00e9pvisel\u0151, szerkeszt\u0151. \u2013 O. Albert \u00e9s \u00e9tfalvi Nagy R\u00f3z\u00e1lia fia. \u00c9desanyj\u00e1nak Pagocs\u00e1n voltak birtokai, 19 gyereket sz\u00fclt, 14 meghalt, \u00f6t feln\u0151tt. Testv\u00e9rei: O. Albert, O. Elek, O. K\u00e1roly, O. Erzs\u00e9bet Dab\u00f3czi Ferencn\u00e9. Feles\u00e9ge: ny\u00e1r\u00e1g\u00e1lfalvi Sipos Margit. Gyermekeik: O. Istv\u00e1n, O. Gy\u00fcrgy, Orb\u00e1n \u00c9va. [&hellip;]<\/p>\n","protected":false},"featured_media":0,"comment_status":"open","ping_status":"closed","template":"","meta":[],"product_brand":[],"product_cat":[137],"product_tag":[],"class_list":{"0":"post-17087","1":"product","2":"type-product","3":"status-publish","5":"product_cat-maros-megyei-eletrajzi-lexikon","7":"first","8":"instock","9":"shipping-taxable","10":"product-type-simple"},"_links":{"self":[{"href":"https:\/\/uj.adatbank.ro\/lexikon\/wp-json\/wp\/v2\/product\/17087","targetHints":{"allow":["GET"]}}],"collection":[{"href":"https:\/\/uj.adatbank.ro\/lexikon\/wp-json\/wp\/v2\/product"}],"about":[{"href":"https:\/\/uj.adatbank.ro\/lexikon\/wp-json\/wp\/v2\/types\/product"}],"replies":[{"embeddable":true,"href":"https:\/\/uj.adatbank.ro\/lexikon\/wp-json\/wp\/v2\/comments?post=17087"}],"wp:attachment":[{"href":"https:\/\/uj.adatbank.ro\/lexikon\/wp-json\/wp\/v2\/media?parent=17087"}],"wp:term":[{"taxonomy":"product_brand","embeddable":true,"href":"https:\/\/uj.adatbank.ro\/lexikon\/wp-json\/wp\/v2\/product_brand?post=17087"},{"taxonomy":"product_cat","embeddable":true,"href":"https:\/\/uj.adatbank.ro\/lexikon\/wp-json\/wp\/v2\/product_cat?post=17087"},{"taxonomy":"product_tag","embeddable":true,"href":"https:\/\/uj.adatbank.ro\/lexikon\/wp-json\/wp\/v2\/product_tag?post=17087"}],"curies":[{"name":"wp","href":"https:\/\/api.w.org\/{rel}","templated":true}]}}

ORBÁN Balázs, márkosfalvi

<p>Mezőpagocsa, 1873. szept. 13, † Mv., 1930. júl. 17.: vármegyei jegyző, alispán, képviselő, szerkesztő. – O. Albert és étfalvi Nagy Rózália fia. Édesanyjának Pagocsán voltak birtokai, 19 gyereket szült, 14 meghalt, öt felnőtt. Testvérei: O. Albert, O. Elek, O. Károly, O. Erzsébet Dabóczi Ferencné. Felesége: nyárágálfalvi Sipos Margit. Gyermekeik: O. István, O. Gyürgy, Orbán Éva. – Középiskoláját Nagyenyeden és a Ref. Koll.-ban Mv.-en (1892), a jogot Bp.-en végezte. Marostorda vármegyében a közigazgatás szolgálatába lépett, mint gyakornok (1897), szolgabíró (1898), megyei aljegyző (1903–), főjegyző, föispáni titkár (1910–19). MTárstud.Egyesület alapító tagja (1907). Barátságos légkörben éltek a vármegyei tisztviselők nagy családjában. Az első vh. után mivel nem esküdtek fel a román államnak, elvesztették munkájukat (1919). Különböző állásokat vállalt, majd rövid betegség után 51 évesen hirtelen meghalt (1919); a Székely Gazdaszövetség igazgatója; Marostordamegye kamarai képviselője liberális listán (1927); a Községi Közigazgatási Tanfolyam előadója, igazgatója (1911) a mv.- i Vörös Kereszt Egylet, a Bethlen Kata Egylet és az Újságírói Körnek titkára, a KZST tagja (1919–) volt. A m. ügyek mindenkori támogatója volt. A Földműves Szövetséggel csatlakozott a Magyar Szövetséghez (1921). Majd az OMP megyei tagozatának főtitkára (1926), képviselője (1927). Mint jogász több fővárosi és vidéki hírlapban politikai és társadalmi cikket írt Álnevei: Siculus, Nyárádmenti, Peregrinus, Szittya. <strong>Cikkei:</strong> Székely Lapok, Marosvásárhely, Marosvidék, Erdélyi Barázda, Maros-Torda vármegyei hivatalos lap. A Maros Vidék belső munkatársa (1897), szerkesztette a Székely Lapok c politikai napilapot (1898–); Maros-Torda vármegyei hivatalos lap (1900); Erdélyi Barázda c. lapokat. – <strong>F. m.:</strong> Vallásügyi igazgatás (Mv., 1901); Múlt és jelen: Elbeszélések (Mv., 1903). <br /><strong>Irod.:</strong> Bernády; Erőss; Fülöp–Ferencz; Gazdasági sérelmeink és kivánságaink (Dicsőszentmárton, 1926); Gulyás; Gyászjelentő; Időtár 2; Időtár 3; MÉL; MIL (1926); Molter; MTárstud.Egyesület; KZST1930; Osváth; Pálmay; Sipos; Székelyföld í.k.; Szinnyei; Ünnepi könyv</br></p>

<p>Mezőpagocsa, 1873. szept. 13, † Mv., 1930. júl. 17.: vármegyei jegyző, alispán, képviselő, szerkesztő. – O. Albert és étfalvi Nagy Rózália fia. Édesanyjának Pagocsán voltak birtokai, 19 gyereket szült, 14 meghalt, öt felnőtt. Testvérei: O. Albert, O. Elek, O. Károly, O. Erzsébet Dabóczi Ferencné. Felesége: nyárágálfalvi Sipos Margit. Gyermekeik: O. István, O. Gyürgy, Orbán Éva. [&hellip;]</p>
