{"id":17090,"date":"2025-07-15T23:40:42","date_gmt":"2025-07-15T21:40:42","guid":{"rendered":"https:\/\/uj.adatbank.ro\/lexikon\/termek\/orban-daniel-markosfalvi\/"},"modified":"2025-07-15T23:40:42","modified_gmt":"2025-07-15T21:40:42","slug":"orban-daniel-markosfalvi","status":"publish","type":"product","link":"https:\/\/uj.adatbank.ro\/lexikon\/termek\/orban-daniel-markosfalvi\/","title":{"rendered":"ORB\u00c1N D\u00e1niel, m\u00e1rkosfalvi"},"content":{"rendered":"<p>1800, \u2020 ? : Erd\u0151szentgy\u00f6rgyre sz\u00e1rmazott (1848 el\u0151tt); 1848\/49 szabads\u00e1gharcban nemzet\u0151r. <br \/><strong>Irod.:<\/strong> P\u00e1lmay<\/br><\/p>\n","protected":false},"excerpt":{"rendered":"<p>1800, \u2020 ? : Erd\u0151szentgy\u00f6rgyre sz\u00e1rmazott (1848 el\u0151tt); 1848\/49 szabads\u00e1gharcban nemzet\u0151r. Irod.: P\u00e1lmay<\/p>\n","protected":false},"featured_media":0,"comment_status":"open","ping_status":"closed","template":"","meta":[],"product_brand":[],"product_cat":[137],"product_tag":[],"class_list":{"0":"post-17090","1":"product","2":"type-product","3":"status-publish","5":"product_cat-maros-megyei-eletrajzi-lexikon","7":"first","8":"instock","9":"shipping-taxable","10":"product-type-simple"},"_links":{"self":[{"href":"https:\/\/uj.adatbank.ro\/lexikon\/wp-json\/wp\/v2\/product\/17090","targetHints":{"allow":["GET"]}}],"collection":[{"href":"https:\/\/uj.adatbank.ro\/lexikon\/wp-json\/wp\/v2\/product"}],"about":[{"href":"https:\/\/uj.adatbank.ro\/lexikon\/wp-json\/wp\/v2\/types\/product"}],"replies":[{"embeddable":true,"href":"https:\/\/uj.adatbank.ro\/lexikon\/wp-json\/wp\/v2\/comments?post=17090"}],"wp:attachment":[{"href":"https:\/\/uj.adatbank.ro\/lexikon\/wp-json\/wp\/v2\/media?parent=17090"}],"wp:term":[{"taxonomy":"product_brand","embeddable":true,"href":"https:\/\/uj.adatbank.ro\/lexikon\/wp-json\/wp\/v2\/product_brand?post=17090"},{"taxonomy":"product_cat","embeddable":true,"href":"https:\/\/uj.adatbank.ro\/lexikon\/wp-json\/wp\/v2\/product_cat?post=17090"},{"taxonomy":"product_tag","embeddable":true,"href":"https:\/\/uj.adatbank.ro\/lexikon\/wp-json\/wp\/v2\/product_tag?post=17090"}],"curies":[{"name":"wp","href":"https:\/\/api.w.org\/{rel}","templated":true}]}}