{"id":17092,"date":"2025-07-15T23:40:48","date_gmt":"2025-07-15T21:40:48","guid":{"rendered":"https:\/\/uj.adatbank.ro\/lexikon\/termek\/orban-dezso\/"},"modified":"2025-07-15T23:40:48","modified_gmt":"2025-07-15T21:40:48","slug":"orban-dezso","status":"publish","type":"product","link":"https:\/\/uj.adatbank.ro\/lexikon\/termek\/orban-dezso\/","title":{"rendered":"ORB\u00c1N Dezs\u0151"},"content":{"rendered":"<p>Kib\u00e9d, 1891., \u2020\u00a0Udvarfalva, 1948 : gazd\u00e1lkod\u00f3. \u2013 Iskol\u00e1i elv\u00e9gz\u00e9se ut\u00e1m az els\u0151 vh.-ban a 9. husz\u00e1rezredben mint szakaszvezet\u0151 az orosz fronton harcolt, t\u00f6bbsz\u00f6r megsebes\u00fclt, majd a m. kir. 9. husz\u00e1rezred, 54. gyaloghadoszt\u00e1ly, h\u00edrszerz\u0151 k\u00fcl\u00f6nitm\u00e9nyhez ker\u00fclt a h\u00edrszerz\u0151 k\u00fcl\u00f6nitm\u00e9nyhez, k\u00e9s\u0151bb mint kik\u00e9pz\u0151 altiszt m\u0171k\u00f6d\u00f6tt, \u0151rmesteri rangban szerelt le O1, O2, OB, Kcsk, Seb\u00c9, MHE\u00c9, BHE\u00c9 \u00e9s a K\u00e1roly Csapatkereszt kit\u00fcntet\u00e9ssel.Vit\u00e9zi avat\u00e1sa: 1943. j\u00fan. 11. Udvarfalv\u00e1n gazd\u00e1lkodott, ahol a ref. egyh\u00e1z presbitere, k\u00f6zs\u00e9gi k\u00e9pvisel\u0151 volt. <br \/><strong>Irod.:<\/strong> Berekm\u00e9ri\u2013Nemes; Sz\u00e9kelyf\u00f6ld \u00ed.k.<\/br><\/p>\n","protected":false},"excerpt":{"rendered":"<p>Kib\u00e9d, 1891., \u2020\u00a0Udvarfalva, 1948 : gazd\u00e1lkod\u00f3. \u2013 Iskol\u00e1i elv\u00e9gz\u00e9se ut\u00e1m az els\u0151 vh.-ban a 9. husz\u00e1rezredben mint szakaszvezet\u0151 az orosz fronton harcolt, t\u00f6bbsz\u00f6r megsebes\u00fclt, majd a m. kir. 9. husz\u00e1rezred, 54. gyaloghadoszt\u00e1ly, h\u00edrszerz\u0151 k\u00fcl\u00f6nitm\u00e9nyhez ker\u00fclt a h\u00edrszerz\u0151 k\u00fcl\u00f6nitm\u00e9nyhez, k\u00e9s\u0151bb mint kik\u00e9pz\u0151 altiszt m\u0171k\u00f6d\u00f6tt, \u0151rmesteri rangban szerelt le O1, O2, OB, Kcsk, Seb\u00c9, MHE\u00c9, BHE\u00c9 \u00e9s [&hellip;]<\/p>\n","protected":false},"featured_media":0,"comment_status":"open","ping_status":"closed","template":"","meta":[],"product_brand":[],"product_cat":[137],"product_tag":[],"class_list":{"0":"post-17092","1":"product","2":"type-product","3":"status-publish","5":"product_cat-maros-megyei-eletrajzi-lexikon","7":"first","8":"instock","9":"shipping-taxable","10":"product-type-simple"},"_links":{"self":[{"href":"https:\/\/uj.adatbank.ro\/lexikon\/wp-json\/wp\/v2\/product\/17092","targetHints":{"allow":["GET"]}}],"collection":[{"href":"https:\/\/uj.adatbank.ro\/lexikon\/wp-json\/wp\/v2\/product"}],"about":[{"href":"https:\/\/uj.adatbank.ro\/lexikon\/wp-json\/wp\/v2\/types\/product"}],"replies":[{"embeddable":true,"href":"https:\/\/uj.adatbank.ro\/lexikon\/wp-json\/wp\/v2\/comments?post=17092"}],"wp:attachment":[{"href":"https:\/\/uj.adatbank.ro\/lexikon\/wp-json\/wp\/v2\/media?parent=17092"}],"wp:term":[{"taxonomy":"product_brand","embeddable":true,"href":"https:\/\/uj.adatbank.ro\/lexikon\/wp-json\/wp\/v2\/product_brand?post=17092"},{"taxonomy":"product_cat","embeddable":true,"href":"https:\/\/uj.adatbank.ro\/lexikon\/wp-json\/wp\/v2\/product_cat?post=17092"},{"taxonomy":"product_tag","embeddable":true,"href":"https:\/\/uj.adatbank.ro\/lexikon\/wp-json\/wp\/v2\/product_tag?post=17092"}],"curies":[{"name":"wp","href":"https:\/\/api.w.org\/{rel}","templated":true}]}}

ORBÁN Dezső

<p>Kibéd, 1891., † Udvarfalva, 1948 : gazdálkodó. – Iskolái elvégzése utám az első vh.-ban a 9. huszárezredben mint szakaszvezető az orosz fronton harcolt, többször megsebesült, majd a m. kir. 9. huszárezred, 54. gyaloghadosztály, hírszerző különitményhez került a hírszerző különitményhez, később mint kiképző altiszt működött, őrmesteri rangban szerelt le O1, O2, OB, Kcsk, SebÉ, MHEÉ, BHEÉ és a Károly Csapatkereszt kitüntetéssel.Vitézi avatása: 1943. jún. 11. Udvarfalván gazdálkodott, ahol a ref. egyház presbitere, községi képviselő volt. <br /><strong>Irod.:</strong> Berekméri–Nemes; Székelyföld í.k.</br></p>

<p>Kibéd, 1891., † Udvarfalva, 1948 : gazdálkodó. – Iskolái elvégzése utám az első vh.-ban a 9. huszárezredben mint szakaszvezető az orosz fronton harcolt, többször megsebesült, majd a m. kir. 9. huszárezred, 54. gyaloghadosztály, hírszerző különitményhez került a hírszerző különitményhez, később mint kiképző altiszt működött, őrmesteri rangban szerelt le O1, O2, OB, Kcsk, SebÉ, MHEÉ, BHEÉ és [&hellip;]</p>
