{"id":17098,"date":"2025-07-15T23:40:59","date_gmt":"2025-07-15T21:40:59","guid":{"rendered":"https:\/\/uj.adatbank.ro\/lexikon\/termek\/orban-erzsebet\/"},"modified":"2025-07-15T23:40:59","modified_gmt":"2025-07-15T21:40:59","slug":"orban-erzsebet","status":"publish","type":"product","link":"https:\/\/uj.adatbank.ro\/lexikon\/termek\/orban-erzsebet\/","title":{"rendered":"ORB\u00c1N Erzs\u00e9bet"},"content":{"rendered":"<p>Dem\u00e9nyh\u00e1za, 1922. dec.14., \u2020\u00a0? : kollekt\u00edv gazdas\u00e1gi dolgoz\u00f3. \u2013 Letart\u00f3ztatt\u00e1k (1961. nov. 15.) \u00e9s a dem\u00e9nyh\u00e1zi R\u00f3zsaf\u00fcz\u00e9r T\u00e1rsas\u00e1g tagjak\u00e9nt \u00e1ll\u00edtott\u00e1k b\u00edr\u00f3s\u00e1g el\u00e9. A kv.-i Katonai T\u00f6rv\u00e9nysz\u00e9k \u00ab egy t\u00falbuzg\u00f3 romai katolikus vall\u00e1si csoportosul\u00e1sban\u00a0\u00ab val\u00f3 r\u00e9szv\u00e9tele miatt 5 \u00e9v b\u00f6rt\u00f6nre \u00edt\u00e9lte. A jilavai, aradi, nagyv\u00e1radi b\u00f6rt\u00f6nben volt. Szabadul\u00e1sa (1963. jan. 15.) ut\u00e1n sz\u00fcl\u0151faluj\u00e1ban a kollekt\u00edv gazdas\u00e1gban dolgozott. <br \/><strong>Irod.:<\/strong> 1956 Erd\u00e9lyben; Korunk, 1993..<\/br><\/p>\n","protected":false},"excerpt":{"rendered":"<p>Dem\u00e9nyh\u00e1za, 1922. dec.14., \u2020\u00a0? : kollekt\u00edv gazdas\u00e1gi dolgoz\u00f3. \u2013 Letart\u00f3ztatt\u00e1k (1961. nov. 15.) \u00e9s a dem\u00e9nyh\u00e1zi R\u00f3zsaf\u00fcz\u00e9r T\u00e1rsas\u00e1g tagjak\u00e9nt \u00e1ll\u00edtott\u00e1k b\u00edr\u00f3s\u00e1g el\u00e9. A kv.-i Katonai T\u00f6rv\u00e9nysz\u00e9k \u00ab egy t\u00falbuzg\u00f3 romai katolikus vall\u00e1si csoportosul\u00e1sban\u00a0\u00ab val\u00f3 r\u00e9szv\u00e9tele miatt 5 \u00e9v b\u00f6rt\u00f6nre \u00edt\u00e9lte. A jilavai, aradi, nagyv\u00e1radi b\u00f6rt\u00f6nben volt. Szabadul\u00e1sa (1963. jan. 15.) ut\u00e1n sz\u00fcl\u0151faluj\u00e1ban a kollekt\u00edv gazdas\u00e1gban [&hellip;]<\/p>\n","protected":false},"featured_media":0,"comment_status":"open","ping_status":"closed","template":"","meta":[],"product_brand":[],"product_cat":[137],"product_tag":[],"class_list":{"0":"post-17098","1":"product","2":"type-product","3":"status-publish","5":"product_cat-maros-megyei-eletrajzi-lexikon","7":"first","8":"instock","9":"shipping-taxable","10":"product-type-simple"},"_links":{"self":[{"href":"https:\/\/uj.adatbank.ro\/lexikon\/wp-json\/wp\/v2\/product\/17098","targetHints":{"allow":["GET"]}}],"collection":[{"href":"https:\/\/uj.adatbank.ro\/lexikon\/wp-json\/wp\/v2\/product"}],"about":[{"href":"https:\/\/uj.adatbank.ro\/lexikon\/wp-json\/wp\/v2\/types\/product"}],"replies":[{"embeddable":true,"href":"https:\/\/uj.adatbank.ro\/lexikon\/wp-json\/wp\/v2\/comments?post=17098"}],"wp:attachment":[{"href":"https:\/\/uj.adatbank.ro\/lexikon\/wp-json\/wp\/v2\/media?parent=17098"}],"wp:term":[{"taxonomy":"product_brand","embeddable":true,"href":"https:\/\/uj.adatbank.ro\/lexikon\/wp-json\/wp\/v2\/product_brand?post=17098"},{"taxonomy":"product_cat","embeddable":true,"href":"https:\/\/uj.adatbank.ro\/lexikon\/wp-json\/wp\/v2\/product_cat?post=17098"},{"taxonomy":"product_tag","embeddable":true,"href":"https:\/\/uj.adatbank.ro\/lexikon\/wp-json\/wp\/v2\/product_tag?post=17098"}],"curies":[{"name":"wp","href":"https:\/\/api.w.org\/{rel}","templated":true}]}}

ORBÁN Erzsébet

<p>Deményháza, 1922. dec.14., † ? : kollektív gazdasági dolgozó. – Letartóztatták (1961. nov. 15.) és a deményházi Rózsafüzér Társaság tagjaként állították bíróság elé. A kv.-i Katonai Törvényszék « egy túlbuzgó romai katolikus vallási csoportosulásban « való részvétele miatt 5 év börtönre ítélte. A jilavai, aradi, nagyváradi börtönben volt. Szabadulása (1963. jan. 15.) után szülőfalujában a kollektív gazdaságban dolgozott. <br /><strong>Irod.:</strong> 1956 Erdélyben; Korunk, 1993..</br></p>

<p>Deményháza, 1922. dec.14., † ? : kollektív gazdasági dolgozó. – Letartóztatták (1961. nov. 15.) és a deményházi Rózsafüzér Társaság tagjaként állították bíróság elé. A kv.-i Katonai Törvényszék « egy túlbuzgó romai katolikus vallási csoportosulásban « való részvétele miatt 5 év börtönre ítélte. A jilavai, aradi, nagyváradi börtönben volt. Szabadulása (1963. jan. 15.) után szülőfalujában a kollektív gazdaságban [&hellip;]</p>
