{"id":17101,"date":"2025-07-15T23:41:05","date_gmt":"2025-07-15T21:41:05","guid":{"rendered":"https:\/\/uj.adatbank.ro\/lexikon\/termek\/orban-fulop-irma-%c2%a7\/"},"modified":"2025-07-15T23:41:05","modified_gmt":"2025-07-15T21:41:05","slug":"orban-fulop-irma-%c2%a7","status":"publish","type":"product","link":"https:\/\/uj.adatbank.ro\/lexikon\/termek\/orban-fulop-irma-%c2%a7\/","title":{"rendered":"ORB\u00c1N F\u00dcL\u00d6P Irma, \u00a7"},"content":{"rendered":"<p>Szov\u00e1ta, 1933. m\u00e1rc. 9., \u2020 Bp., 2006. nov. 13.: k\u00e9pz\u0151m\u0171v\u00e9sz, textilm\u0171v\u00e9sz. \u2013 A kv.-i m\u0171v\u00e9szeti l\u00edceumban \u00e9rtts\u00e9gizett (1952), a Ion Andreescu K\u00e9pz\u0151m\u0171v\u00e9szeti F\u0151iskola Textil szak\u00e1n sz\u00f6nyeg- \u00e9s gobel\u00ednm\u0171v\u00e9szetet tanul \u00e9s szerzett oklevelet (1958), mesterei: Letitia Munteanu, Cseh Guszt\u00e1v, Bene J\u00f3zsef, Ciupe M\u00e1ria, Szentimrei Judit. A mv.-i \u00c1llami Sz\u00e9kely N\u00e9piegy\u00fcttes d\u00edszlet- \u00e9s jelmeztervez\u0151je (1958. okt. 1.\u201375. dec. 31.); a Tricotex Kisipari Sz\u00f6vetkezet modelltervez\u0151je (1976. jan. 1\u201379. okt. 31.); betegnyugd\u00edjazt\u00e1k (1979). A mv.-i N\u00e9pi Alkot\u00e1sok H\u00e1z\u00e1nak t\u00e1ncm\u0171v\u00e9szeti kiadv\u00e1nyait illusztr\u00e1lta, k\u00f6z\u00f6lte a n\u00e9pviseletek le\u00edr\u00e1s\u00e1t is (1964\u201370). Ki\u00e1ll\u00edt\u00e1son el\u0151sz\u00f6r a buk.-i Bienn\u00e1l\u00e9n szerepelt (1956), majd Kv.-on az Iparm\u0171v\u00e9szeti Ki\u00e1ll\u00edt\u00e1son (1957)\u00a0; Mv.-en \u00e9s a megyei grafikai \u00e9s iparm\u0171v\u00e9szeti ki\u00e1ll\u00edt\u00e1sokon (1964\u2013).T\u00e1jk\u00e9pfest\u00e9ssel foglalkozott (1988\u2013). Falisz\u0151nyegei stiliz\u00e1lt jelk\u00e9pekb\u0151l \u00e9p\u00edtettek. A K\u00e9pz\u0151m\u0171v. Alap, a Rom\u00e1n K\u00e9pz\u0151m\u0171v\u00e9szek Sz\u00f6vets\u00e9ge tagja. Munk\u00e1i megtal\u00e1lhat\u00f3k: mag\u00e1ngy\u0171jtem\u00e9nyekben Rom\u00e1nia, Magyaro, N\u00e9meto, Sv\u00e9do. \u00e9s m\u00fazeumokban (Mv., Buk.). \u2013 Ki\u00e1ll\u00edt\u00e1sai: egy\u00e9ni :Buk. (1976), Sz\u00e9kelyudvarhely (1977), Szov\u00e1ta (1991); Sz\u00e9kelykereszt\u00far (1991); Mv. (1991, 1993, 1997; ); csoportos: Buk. (1956, 1958, 1962\u201365, 1976, 1983, 1984, 1997); Kv. (1957); Sz\u00e9kelyudvarhely (1977, 1991); Mv. (1957, 1977, 1978, 1979, 1980, 1983, 1986, 1987, 1988, 1991, 1992, 1993, 1994, 1995, 1996, 1997); Szov\u00e1ta (1991, 1995); Sz\u00e9kelykereszt\u00far (1991); Kov\u00e1szna (1995, 1996); Bp (1996); Gy\u0151r (1992); Sz\u00e1zhalombatta (1992); Szombathely (1994). \u2013 F.m.\u00a0: Maszkok\u00a0; Halak\u00a0; Napfelkelte, Le\u00e1ny galambbal\u00a0; Le\u00e1ny napraforg\u00f3val\u00a0; Kompozici\u00f3 I-II, Kukoricafoszt\u00e1s (falisz\u0151nyegek); d\u00edszlet \u00e9s koszt\u00fcmtervei\u00a0: N\u00e9gy \u00e9vszak, lakodalmas, Colinda, Kir\u00e1lyfalvi sz\u0151l\u0151hegyen, Kalotaszegi, Torock\u00f3i lakodalom, Farsang\u00a0; m\u0171vei k\u00f6zgy\u0171jtem\u00e9nyekben: Maros Megyei M\u00fazeum, Mv.; Rom\u00e1nia M\u0171v\u00e9szeti M\u00fazeum, Buk. <br \/><strong>Irod.:<\/strong> artportal; Banner; Gal\u00e9ria a Bern\u00e1dy H\u00e1zban; A H\u00e9t \u00c9vk\u00f6nyve (1982); Katona Szab\u00f3 Istv\u00e1n: Az \u00daj \u00c9let lexikona, 61. (\u00daj \u00c9let, 1. sz. 1973.); KKACs; Koch M\u00e1ria: Interj\u00fa O. F. I. textilm\u0171v\u00e9sszel ( V. Z., 1972. j\u00fan. 18.); Koch M\u00e1ria\u00a0: Terent\u00e9s \u2013 gyapj\u00fab\u00f3l (V. Z., 1982. \u00e1pr. 14.); Moln\u00e1r; N.M.K.: L\u00edra \u00e9s \u00e9let\u00f6r\u00f6m (N\u00fa., M\u00fazsa, 289. sz., 1997. \u00e1pr. 11.); RMKK; Sz\u00e9kely D\u00e9nes 2005; Todea 2013<\/br><\/p>\n","protected":false},"excerpt":{"rendered":"<p>Szov\u00e1ta, 1933. m\u00e1rc. 9., \u2020 Bp., 2006. nov. 13.: k\u00e9pz\u0151m\u0171v\u00e9sz, textilm\u0171v\u00e9sz. \u2013 A kv.-i m\u0171v\u00e9szeti l\u00edceumban \u00e9rtts\u00e9gizett (1952), a Ion Andreescu K\u00e9pz\u0151m\u0171v\u00e9szeti F\u0151iskola Textil szak\u00e1n sz\u00f6nyeg- \u00e9s gobel\u00ednm\u0171v\u00e9szetet tanul \u00e9s szerzett oklevelet (1958), mesterei: Letitia Munteanu, Cseh Guszt\u00e1v, Bene J\u00f3zsef, Ciupe M\u00e1ria, Szentimrei Judit. A mv.-i \u00c1llami Sz\u00e9kely N\u00e9piegy\u00fcttes d\u00edszlet- \u00e9s jelmeztervez\u0151je (1958. okt. 1.\u201375. [&hellip;]<\/p>\n","protected":false},"featured_media":0,"comment_status":"open","ping_status":"closed","template":"","meta":[],"product_brand":[],"product_cat":[137],"product_tag":[],"class_list":{"0":"post-17101","1":"product","2":"type-product","3":"status-publish","5":"product_cat-maros-megyei-eletrajzi-lexikon","7":"first","8":"instock","9":"shipping-taxable","10":"product-type-simple"},"_links":{"self":[{"href":"https:\/\/uj.adatbank.ro\/lexikon\/wp-json\/wp\/v2\/product\/17101","targetHints":{"allow":["GET"]}}],"collection":[{"href":"https:\/\/uj.adatbank.ro\/lexikon\/wp-json\/wp\/v2\/product"}],"about":[{"href":"https:\/\/uj.adatbank.ro\/lexikon\/wp-json\/wp\/v2\/types\/product"}],"replies":[{"embeddable":true,"href":"https:\/\/uj.adatbank.ro\/lexikon\/wp-json\/wp\/v2\/comments?post=17101"}],"wp:attachment":[{"href":"https:\/\/uj.adatbank.ro\/lexikon\/wp-json\/wp\/v2\/media?parent=17101"}],"wp:term":[{"taxonomy":"product_brand","embeddable":true,"href":"https:\/\/uj.adatbank.ro\/lexikon\/wp-json\/wp\/v2\/product_brand?post=17101"},{"taxonomy":"product_cat","embeddable":true,"href":"https:\/\/uj.adatbank.ro\/lexikon\/wp-json\/wp\/v2\/product_cat?post=17101"},{"taxonomy":"product_tag","embeddable":true,"href":"https:\/\/uj.adatbank.ro\/lexikon\/wp-json\/wp\/v2\/product_tag?post=17101"}],"curies":[{"name":"wp","href":"https:\/\/api.w.org\/{rel}","templated":true}]}}

ORBÁN FÜLÖP Irma, §

<p>Szováta, 1933. márc. 9., † Bp., 2006. nov. 13.: képzőművész, textilművész. – A kv.-i művészeti líceumban érttségizett (1952), a Ion Andreescu Képzőművészeti Főiskola Textil szakán szönyeg- és gobelínművészetet tanul és szerzett oklevelet (1958), mesterei: Letitia Munteanu, Cseh Gusztáv, Bene József, Ciupe Mária, Szentimrei Judit. A mv.-i Állami Székely Népiegyüttes díszlet- és jelmeztervezője (1958. okt. 1.–75. dec. 31.); a Tricotex Kisipari Szövetkezet modelltervezője (1976. jan. 1–79. okt. 31.); betegnyugdíjazták (1979). A mv.-i Népi Alkotások Házának táncművészeti kiadványait illusztrálta, közölte a népviseletek leírását is (1964–70). Kiállításon először a buk.-i Biennálén szerepelt (1956), majd Kv.-on az Iparművészeti Kiállításon (1957) ; Mv.-en és a megyei grafikai és iparművészeti kiállításokon (1964–).Tájképfestéssel foglalkozott (1988–). Faliszőnyegei stilizált jelképekből építettek. A Képzőműv. Alap, a Román Képzőművészek Szövetsége tagja. Munkái megtalálhatók: magángyűjteményekben Románia, Magyaro, Németo, Svédo. és múzeumokban (Mv., Buk.). – Kiállításai: egyéni :Buk. (1976), Székelyudvarhely (1977), Szováta (1991); Székelykeresztúr (1991); Mv. (1991, 1993, 1997; ); csoportos: Buk. (1956, 1958, 1962–65, 1976, 1983, 1984, 1997); Kv. (1957); Székelyudvarhely (1977, 1991); Mv. (1957, 1977, 1978, 1979, 1980, 1983, 1986, 1987, 1988, 1991, 1992, 1993, 1994, 1995, 1996, 1997); Szováta (1991, 1995); Székelykeresztúr (1991); Kovászna (1995, 1996); Bp (1996); Győr (1992); Százhalombatta (1992); Szombathely (1994). – F.m. : Maszkok ; Halak ; Napfelkelte, Leány galambbal ; Leány napraforgóval ; Kompozició I-II, Kukoricafosztás (faliszőnyegek); díszlet és kosztümtervei : Négy évszak, lakodalmas, Colinda, Királyfalvi szőlőhegyen, Kalotaszegi, Torockói lakodalom, Farsang ; művei közgyűjteményekben: Maros Megyei Múzeum, Mv.; Románia Művészeti Múzeum, Buk. <br /><strong>Irod.:</strong> artportal; Banner; Galéria a Bernády Házban; A Hét Évkönyve (1982); Katona Szabó István: Az Új Élet lexikona, 61. (Új Élet, 1. sz. 1973.); KKACs; Koch Mária: Interjú O. F. I. textilművésszel ( V. Z., 1972. jún. 18.); Koch Mária : Terentés – gyapjúból (V. Z., 1982. ápr. 14.); Molnár; N.M.K.: Líra és életöröm (Nú., Múzsa, 289. sz., 1997. ápr. 11.); RMKK; Székely Dénes 2005; Todea 2013</br></p>

<p>Szováta, 1933. márc. 9., † Bp., 2006. nov. 13.: képzőművész, textilművész. – A kv.-i művészeti líceumban érttségizett (1952), a Ion Andreescu Képzőművészeti Főiskola Textil szakán szönyeg- és gobelínművészetet tanul és szerzett oklevelet (1958), mesterei: Letitia Munteanu, Cseh Gusztáv, Bene József, Ciupe Mária, Szentimrei Judit. A mv.-i Állami Székely Népiegyüttes díszlet- és jelmeztervezője (1958. okt. 1.–75. [&hellip;]</p>
