{"id":17102,"date":"2025-07-15T23:41:09","date_gmt":"2025-07-15T21:41:09","guid":{"rendered":"https:\/\/uj.adatbank.ro\/lexikon\/termek\/orban-gabor\/"},"modified":"2025-07-15T23:41:09","modified_gmt":"2025-07-15T21:41:09","slug":"orban-gabor","status":"publish","type":"product","link":"https:\/\/uj.adatbank.ro\/lexikon\/termek\/orban-gabor\/","title":{"rendered":"ORB\u00c1N G\u00e1bor"},"content":{"rendered":"<p>Balav\u00e1s\u00e1r, 1855., \u2020 Komoll\u00f3d-Oroszf\u00e1ja, ?: ref. lelkip\u00e1sztor.- Oklevelet szerzett (1881). \u00c9desapja meg\u00fcresedett \u00e1ll\u00e1s\u00e1t foglalta el Balav\u00e1s\u00e1ron (1880). Jav\u00edt\u00e1sokat v\u00e9geztetett a templomon, sok k\u00fcszk\u00f6d\u00e9s ut\u00e1n, \u00faj orgon\u00e1t v\u00e1s\u00e1rolt (1885).A nagyfok\u00fa elszeg\u00e9nyed\u00e9s lehetett az oka annak, h. az els\u0151 felh\u00edv\u00e1sra \u00e1llamos\u00edtott\u00e1k az iskol\u00e1t. Eredm\u00e9nyes k\u00f6zm\u0171vel\u0151d\u00e9si tev\u00e9kenys\u00e9get fejtett ki: helyis\u00e9get b\u00edztos\u00edtott az olvas\u00f3egylet sz\u00e1m\u00e1ra, \u00e9s gondoskodott ennek j\u00f3 m\u0171k\u0151d\u00e9s\u00e9r\u0151l, eln\u00f6ke volt az iskolasz\u00e9knek, d\u00edjmentesen tan\u00edtotta a h\u00e1rom fels\u0151 oszt\u00e1lyt, dal\u00e1rd\u00e1t szervezett \u00e9s vezetett (1897). Balav\u00e1s\u00e1rr\u00f3l Komoll\u00f3d- Oroszf\u00e1j\u00e1ra t\u00e1vozott (1900). Cikkei\u00a0: Erd\u00e9lyi Protest\u00e1ns Lap, Ref. Szemle.-ben <br \/><strong>Irod.:<\/strong> Guly\u00e1s; Balav\u00e1s\u00e1r \u00e9s egyh\u00e1za<\/br><\/p>\n","protected":false},"excerpt":{"rendered":"<p>Balav\u00e1s\u00e1r, 1855., \u2020 Komoll\u00f3d-Oroszf\u00e1ja, ?: ref. lelkip\u00e1sztor.- Oklevelet szerzett (1881). \u00c9desapja meg\u00fcresedett \u00e1ll\u00e1s\u00e1t foglalta el Balav\u00e1s\u00e1ron (1880). Jav\u00edt\u00e1sokat v\u00e9geztetett a templomon, sok k\u00fcszk\u00f6d\u00e9s ut\u00e1n, \u00faj orgon\u00e1t v\u00e1s\u00e1rolt (1885).A nagyfok\u00fa elszeg\u00e9nyed\u00e9s lehetett az oka annak, h. az els\u0151 felh\u00edv\u00e1sra \u00e1llamos\u00edtott\u00e1k az iskol\u00e1t. Eredm\u00e9nyes k\u00f6zm\u0171vel\u0151d\u00e9si tev\u00e9kenys\u00e9get fejtett ki: helyis\u00e9get b\u00edztos\u00edtott az olvas\u00f3egylet sz\u00e1m\u00e1ra, \u00e9s gondoskodott ennek j\u00f3 [&hellip;]<\/p>\n","protected":false},"featured_media":0,"comment_status":"open","ping_status":"closed","template":"","meta":[],"product_brand":[],"product_cat":[137],"product_tag":[],"class_list":{"0":"post-17102","1":"product","2":"type-product","3":"status-publish","5":"product_cat-maros-megyei-eletrajzi-lexikon","7":"first","8":"instock","9":"shipping-taxable","10":"product-type-simple"},"_links":{"self":[{"href":"https:\/\/uj.adatbank.ro\/lexikon\/wp-json\/wp\/v2\/product\/17102","targetHints":{"allow":["GET"]}}],"collection":[{"href":"https:\/\/uj.adatbank.ro\/lexikon\/wp-json\/wp\/v2\/product"}],"about":[{"href":"https:\/\/uj.adatbank.ro\/lexikon\/wp-json\/wp\/v2\/types\/product"}],"replies":[{"embeddable":true,"href":"https:\/\/uj.adatbank.ro\/lexikon\/wp-json\/wp\/v2\/comments?post=17102"}],"wp:attachment":[{"href":"https:\/\/uj.adatbank.ro\/lexikon\/wp-json\/wp\/v2\/media?parent=17102"}],"wp:term":[{"taxonomy":"product_brand","embeddable":true,"href":"https:\/\/uj.adatbank.ro\/lexikon\/wp-json\/wp\/v2\/product_brand?post=17102"},{"taxonomy":"product_cat","embeddable":true,"href":"https:\/\/uj.adatbank.ro\/lexikon\/wp-json\/wp\/v2\/product_cat?post=17102"},{"taxonomy":"product_tag","embeddable":true,"href":"https:\/\/uj.adatbank.ro\/lexikon\/wp-json\/wp\/v2\/product_tag?post=17102"}],"curies":[{"name":"wp","href":"https:\/\/api.w.org\/{rel}","templated":true}]}}

ORBÁN Gábor

<p>Balavásár, 1855., † Komollód-Oroszfája, ?: ref. lelkipásztor.- Oklevelet szerzett (1881). Édesapja megüresedett állását foglalta el Balavásáron (1880). Javításokat végeztetett a templomon, sok küszködés után, új orgonát vásárolt (1885).A nagyfokú elszegényedés lehetett az oka annak, h. az első felhívásra államosították az iskolát. Eredményes közművelődési tevékenységet fejtett ki: helyiséget bíztosított az olvasóegylet számára, és gondoskodott ennek jó műkődéséről, elnöke volt az iskolaszéknek, díjmentesen tanította a három felső osztályt, dalárdát szervezett és vezetett (1897). Balavásárról Komollód- Oroszfájára távozott (1900). Cikkei : Erdélyi Protestáns Lap, Ref. Szemle.-ben <br /><strong>Irod.:</strong> Gulyás; Balavásár és egyháza</br></p>

<p>Balavásár, 1855., † Komollód-Oroszfája, ?: ref. lelkipásztor.- Oklevelet szerzett (1881). Édesapja megüresedett állását foglalta el Balavásáron (1880). Javításokat végeztetett a templomon, sok küszködés után, új orgonát vásárolt (1885).A nagyfokú elszegényedés lehetett az oka annak, h. az első felhívásra államosították az iskolát. Eredményes közművelődési tevékenységet fejtett ki: helyiséget bíztosított az olvasóegylet számára, és gondoskodott ennek jó [&hellip;]</p>
