{"id":17106,"date":"2025-07-15T23:41:16","date_gmt":"2025-07-15T21:41:16","guid":{"rendered":"https:\/\/uj.adatbank.ro\/lexikon\/termek\/orban-gyorgy-4\/"},"modified":"2025-07-15T23:41:16","modified_gmt":"2025-07-15T21:41:16","slug":"orban-gyorgy-4","status":"publish","type":"product","link":"https:\/\/uj.adatbank.ro\/lexikon\/termek\/orban-gyorgy-4\/","title":{"rendered":"ORB\u00c1N Gy\u00f6rgy"},"content":{"rendered":"<p>? \u2020 ?: tisztvisel\u0151. \u2013 O. Bal\u00e1zs fia. A ref. koll.-ban \u00e9retts\u00e9gizett (1924), Buk.-ben j\u00e1rt \u00e1llatorvosi egyetemre de apja hal\u00e1la miatt (1913) tanulm\u00e1nyait abbahagyta \u00e9s Kov\u00e1csy k\u00f6zjegyz\u0151 irod\u00e1j\u00e1ban dolgozott Mv.-en. A cs\u00edkszeredai Villamosm\u0171vek k\u00f6zigazgat\u00e1si igazgat\u00f3ja (1941\u201345); a Balatonmell\u00e9ki \u00e1llami gazdas\u00e1g f\u0151k\u00f6nyvel\u0151je nyugd\u00edjaz\u00e1s\u00e1ig. A 60-as 70 \u2013es \u00e9vejben t\u00f6bbsz\u00f6r j\u00f6tt haza Magyaro. bridge- csapat\u00e1nak tagjak\u00e9nt. <br \/><strong>Irod.:<\/strong> Sipos<\/br><\/p>\n","protected":false},"excerpt":{"rendered":"<p>? \u2020 ?: tisztvisel\u0151. \u2013 O. Bal\u00e1zs fia. A ref. koll.-ban \u00e9retts\u00e9gizett (1924), Buk.-ben j\u00e1rt \u00e1llatorvosi egyetemre de apja hal\u00e1la miatt (1913) tanulm\u00e1nyait abbahagyta \u00e9s Kov\u00e1csy k\u00f6zjegyz\u0151 irod\u00e1j\u00e1ban dolgozott Mv.-en. A cs\u00edkszeredai Villamosm\u0171vek k\u00f6zigazgat\u00e1si igazgat\u00f3ja (1941\u201345); a Balatonmell\u00e9ki \u00e1llami gazdas\u00e1g f\u0151k\u00f6nyvel\u0151je nyugd\u00edjaz\u00e1s\u00e1ig. A 60-as 70 \u2013es \u00e9vejben t\u00f6bbsz\u00f6r j\u00f6tt haza Magyaro. bridge- csapat\u00e1nak tagjak\u00e9nt. Irod.: [&hellip;]<\/p>\n","protected":false},"featured_media":0,"comment_status":"open","ping_status":"closed","template":"","meta":[],"product_brand":[],"product_cat":[137],"product_tag":[],"class_list":{"0":"post-17106","1":"product","2":"type-product","3":"status-publish","5":"product_cat-maros-megyei-eletrajzi-lexikon","7":"first","8":"instock","9":"shipping-taxable","10":"product-type-simple"},"_links":{"self":[{"href":"https:\/\/uj.adatbank.ro\/lexikon\/wp-json\/wp\/v2\/product\/17106","targetHints":{"allow":["GET"]}}],"collection":[{"href":"https:\/\/uj.adatbank.ro\/lexikon\/wp-json\/wp\/v2\/product"}],"about":[{"href":"https:\/\/uj.adatbank.ro\/lexikon\/wp-json\/wp\/v2\/types\/product"}],"replies":[{"embeddable":true,"href":"https:\/\/uj.adatbank.ro\/lexikon\/wp-json\/wp\/v2\/comments?post=17106"}],"wp:attachment":[{"href":"https:\/\/uj.adatbank.ro\/lexikon\/wp-json\/wp\/v2\/media?parent=17106"}],"wp:term":[{"taxonomy":"product_brand","embeddable":true,"href":"https:\/\/uj.adatbank.ro\/lexikon\/wp-json\/wp\/v2\/product_brand?post=17106"},{"taxonomy":"product_cat","embeddable":true,"href":"https:\/\/uj.adatbank.ro\/lexikon\/wp-json\/wp\/v2\/product_cat?post=17106"},{"taxonomy":"product_tag","embeddable":true,"href":"https:\/\/uj.adatbank.ro\/lexikon\/wp-json\/wp\/v2\/product_tag?post=17106"}],"curies":[{"name":"wp","href":"https:\/\/api.w.org\/{rel}","templated":true}]}}