{"id":17107,"date":"2025-07-15T23:41:18","date_gmt":"2025-07-15T21:41:18","guid":{"rendered":"https:\/\/uj.adatbank.ro\/lexikon\/termek\/orban-gyorgy-markosfalvi\/"},"modified":"2025-07-15T23:41:18","modified_gmt":"2025-07-15T21:41:18","slug":"orban-gyorgy-markosfalvi","status":"publish","type":"product","link":"https:\/\/uj.adatbank.ro\/lexikon\/termek\/orban-gyorgy-markosfalvi\/","title":{"rendered":"ORB\u00c1N Gy\u00f6rgy, m\u00e1rkosfalvi"},"content":{"rendered":"<p>1859.?, \u2020 Mez\u0151madaras, 1913. aug. 16.: f\u00f6ldbirtokos. \u2013 Apja O. K\u00e1roly. Testv\u00e9re: O. Mikl\u00f3s. Feles\u00e9ge zeykfalvi Zeyk Sarolta. Gyermekeik: br. O. J\u00e1nosn\u00e9; O. K\u00e1roly; dr. Mikes Jen\u0151n\u00e9; O. Ir\u00e9n. \u2013 F\u00f6ldbirtokos, 500 kataszteri\u00e1lis hold tulajdonosa. Maros-Torda vm. t\u00f6rv\u00e9nyhat\u00f3s\u00e1gi bizotts\u00e1gi tagja. A mez\u0151madarasi k\u00fari\u00e1ban \u00e9ltek, majd a lesz\u00e1rmazottaik is az \u00e1llamos\u00edt\u00e1sig. <br \/><strong>Irod.:<\/strong> Gy\u00e1szjelent\u0151; Keresztes Gyula: Kast\u00e9lyaink 13.: A mez\u0151madarasi k\u00faria (N\u00fa., 1992. j\u00fal. 4.); Sepsisz\u00e9ki<\/br><\/p>\n","protected":false},"excerpt":{"rendered":"<p>1859.?, \u2020 Mez\u0151madaras, 1913. aug. 16.: f\u00f6ldbirtokos. \u2013 Apja O. K\u00e1roly. Testv\u00e9re: O. Mikl\u00f3s. Feles\u00e9ge zeykfalvi Zeyk Sarolta. Gyermekeik: br. O. J\u00e1nosn\u00e9; O. K\u00e1roly; dr. Mikes Jen\u0151n\u00e9; O. Ir\u00e9n. \u2013 F\u00f6ldbirtokos, 500 kataszteri\u00e1lis hold tulajdonosa. Maros-Torda vm. t\u00f6rv\u00e9nyhat\u00f3s\u00e1gi bizotts\u00e1gi tagja. A mez\u0151madarasi k\u00fari\u00e1ban \u00e9ltek, majd a lesz\u00e1rmazottaik is az \u00e1llamos\u00edt\u00e1sig. Irod.: Gy\u00e1szjelent\u0151; Keresztes Gyula: Kast\u00e9lyaink [&hellip;]<\/p>\n","protected":false},"featured_media":0,"comment_status":"open","ping_status":"closed","template":"","meta":[],"product_brand":[],"product_cat":[137],"product_tag":[],"class_list":{"0":"post-17107","1":"product","2":"type-product","3":"status-publish","5":"product_cat-maros-megyei-eletrajzi-lexikon","7":"first","8":"instock","9":"shipping-taxable","10":"product-type-simple"},"_links":{"self":[{"href":"https:\/\/uj.adatbank.ro\/lexikon\/wp-json\/wp\/v2\/product\/17107","targetHints":{"allow":["GET"]}}],"collection":[{"href":"https:\/\/uj.adatbank.ro\/lexikon\/wp-json\/wp\/v2\/product"}],"about":[{"href":"https:\/\/uj.adatbank.ro\/lexikon\/wp-json\/wp\/v2\/types\/product"}],"replies":[{"embeddable":true,"href":"https:\/\/uj.adatbank.ro\/lexikon\/wp-json\/wp\/v2\/comments?post=17107"}],"wp:attachment":[{"href":"https:\/\/uj.adatbank.ro\/lexikon\/wp-json\/wp\/v2\/media?parent=17107"}],"wp:term":[{"taxonomy":"product_brand","embeddable":true,"href":"https:\/\/uj.adatbank.ro\/lexikon\/wp-json\/wp\/v2\/product_brand?post=17107"},{"taxonomy":"product_cat","embeddable":true,"href":"https:\/\/uj.adatbank.ro\/lexikon\/wp-json\/wp\/v2\/product_cat?post=17107"},{"taxonomy":"product_tag","embeddable":true,"href":"https:\/\/uj.adatbank.ro\/lexikon\/wp-json\/wp\/v2\/product_tag?post=17107"}],"curies":[{"name":"wp","href":"https:\/\/api.w.org\/{rel}","templated":true}]}}

ORBÁN György, márkosfalvi

<p>1859.?, † Mezőmadaras, 1913. aug. 16.: földbirtokos. – Apja O. Károly. Testvére: O. Miklós. Felesége zeykfalvi Zeyk Sarolta. Gyermekeik: br. O. Jánosné; O. Károly; dr. Mikes Jenőné; O. Irén. – Földbirtokos, 500 kataszteriális hold tulajdonosa. Maros-Torda vm. törvényhatósági bizottsági tagja. A mezőmadarasi kúriában éltek, majd a leszármazottaik is az államosításig. <br /><strong>Irod.:</strong> Gyászjelentő; Keresztes Gyula: Kastélyaink 13.: A mezőmadarasi kúria (Nú., 1992. júl. 4.); Sepsiszéki</br></p>

<p>1859.?, † Mezőmadaras, 1913. aug. 16.: földbirtokos. – Apja O. Károly. Testvére: O. Miklós. Felesége zeykfalvi Zeyk Sarolta. Gyermekeik: br. O. Jánosné; O. Károly; dr. Mikes Jenőné; O. Irén. – Földbirtokos, 500 kataszteriális hold tulajdonosa. Maros-Torda vm. törvényhatósági bizottsági tagja. A mezőmadarasi kúriában éltek, majd a leszármazottaik is az államosításig. Irod.: Gyászjelentő; Keresztes Gyula: Kastélyaink [&hellip;]</p>
