{"id":17109,"date":"2025-07-15T23:41:21","date_gmt":"2025-07-15T21:41:21","guid":{"rendered":"https:\/\/uj.adatbank.ro\/lexikon\/termek\/orban-irma\/"},"modified":"2025-07-15T23:41:21","modified_gmt":"2025-07-15T21:41:21","slug":"orban-irma","status":"publish","type":"product","link":"https:\/\/uj.adatbank.ro\/lexikon\/termek\/orban-irma\/","title":{"rendered":"ORB\u00c1N Irma"},"content":{"rendered":"<p>Szov\u00e1ta, 1933. m\u00e1rc. 9. : k\u00e9pz\u0151m\u0171v\u00e9sz. Kolozsv\u00e1rt m\u0171v\u00e9szeti k\u00f6z\u00e9piskol\u00e1t v\u00e9gzett (1952), a Ion Andreescu K\u00e9pz\u0151m\u0171v\u00e9szeti F\u0151iskol\u00e1n szerzett oklevelet (1958). Marosv\u00e1s\u00e1rhelyen a Sz\u00e9kely N\u00e9pi Egy\u00fcttes, k\u00e9s\u0151bb Maros N\u00e9pi Egy\u00fcttes d\u00edszlet- \u00e9s koszt\u00fcmtervez\u0151je (1958\u201375), majd a Tricotex kisipari sz\u00f6vetkezet keret\u00e9ben modelltervez\u0151 (1976\u201379). Munk\u00e1ival ki\u00e1ll\u00edt\u00e1sokon Bukarestben, Mv., Kv. \u00e9s Sz\u00e9kelyudvarhelyen szerepelt (1956\u201384). Munk\u00e1ss\u00e1g\u00e1t az EMKE V\u00e1mszer G\u00e9za d\u00edjjal t\u00fcntette ki (1992). Munk\u00e1inak reprodukci\u00f3i Marosv\u00e1s\u00e1rhelyen a V\u00f6r\u00f6s Z\u00e1szl\u00f3, Vatra, Steaua, Igaz Sz\u00f3, Kolozsv\u00e1rt az Utunk, Bukarestben az El\u0151re, A H\u00e9t, M\u0171vel\u0151d\u00e9s, Ifj\u00famunk\u00e1s, Cs\u00edkszered\u00e1ban a Hargita has\u00e1bjain jelentek meg. F\u00e9rfi- \u00e9s n\u0151i viseletterveit \u00e9s le\u00edr\u00e1sait a marosv\u00e1s\u00e1rhelyi N\u00e9pi Alkot\u00e1sok H\u00e1za koreogr\u00e1fiai kiadv\u00e1nyai, \u00edgy Domokos Istv\u00e1n Felcs\u00edki t\u00e1ncok (1964), Este a csorg\u00f3n\u00e1l (Mv., 1969), Seara la izvor (Mv., 1969); Horv\u00e1th Margit Jobb\u00e1gytelki t\u00e1ncok (1965) \u00e9s L\u0151rincz Lajos T\u00e1nccsokor (1970) c.t\u00e1ncj\u00e1t\u00e9k k\u00f6tetei k\u00f6z\u00f6lt\u00e9k. <br \/><strong>Irod.:<\/strong> RMIL<\/br><\/p>\n","protected":false},"excerpt":{"rendered":"<p>Szov\u00e1ta, 1933. m\u00e1rc. 9. : k\u00e9pz\u0151m\u0171v\u00e9sz. Kolozsv\u00e1rt m\u0171v\u00e9szeti k\u00f6z\u00e9piskol\u00e1t v\u00e9gzett (1952), a Ion Andreescu K\u00e9pz\u0151m\u0171v\u00e9szeti F\u0151iskol\u00e1n szerzett oklevelet (1958). Marosv\u00e1s\u00e1rhelyen a Sz\u00e9kely N\u00e9pi Egy\u00fcttes, k\u00e9s\u0151bb Maros N\u00e9pi Egy\u00fcttes d\u00edszlet- \u00e9s koszt\u00fcmtervez\u0151je (1958\u201375), majd a Tricotex kisipari sz\u00f6vetkezet keret\u00e9ben modelltervez\u0151 (1976\u201379). Munk\u00e1ival ki\u00e1ll\u00edt\u00e1sokon Bukarestben, Mv., Kv. \u00e9s Sz\u00e9kelyudvarhelyen szerepelt (1956\u201384). Munk\u00e1ss\u00e1g\u00e1t az EMKE V\u00e1mszer G\u00e9za d\u00edjjal [&hellip;]<\/p>\n","protected":false},"featured_media":0,"comment_status":"open","ping_status":"closed","template":"","meta":[],"product_brand":[],"product_cat":[137],"product_tag":[],"class_list":{"0":"post-17109","1":"product","2":"type-product","3":"status-publish","5":"product_cat-maros-megyei-eletrajzi-lexikon","7":"first","8":"instock","9":"shipping-taxable","10":"product-type-simple"},"_links":{"self":[{"href":"https:\/\/uj.adatbank.ro\/lexikon\/wp-json\/wp\/v2\/product\/17109","targetHints":{"allow":["GET"]}}],"collection":[{"href":"https:\/\/uj.adatbank.ro\/lexikon\/wp-json\/wp\/v2\/product"}],"about":[{"href":"https:\/\/uj.adatbank.ro\/lexikon\/wp-json\/wp\/v2\/types\/product"}],"replies":[{"embeddable":true,"href":"https:\/\/uj.adatbank.ro\/lexikon\/wp-json\/wp\/v2\/comments?post=17109"}],"wp:attachment":[{"href":"https:\/\/uj.adatbank.ro\/lexikon\/wp-json\/wp\/v2\/media?parent=17109"}],"wp:term":[{"taxonomy":"product_brand","embeddable":true,"href":"https:\/\/uj.adatbank.ro\/lexikon\/wp-json\/wp\/v2\/product_brand?post=17109"},{"taxonomy":"product_cat","embeddable":true,"href":"https:\/\/uj.adatbank.ro\/lexikon\/wp-json\/wp\/v2\/product_cat?post=17109"},{"taxonomy":"product_tag","embeddable":true,"href":"https:\/\/uj.adatbank.ro\/lexikon\/wp-json\/wp\/v2\/product_tag?post=17109"}],"curies":[{"name":"wp","href":"https:\/\/api.w.org\/{rel}","templated":true}]}}

ORBÁN Irma

<p>Szováta, 1933. márc. 9. : képzőművész. Kolozsvárt művészeti középiskolát végzett (1952), a Ion Andreescu Képzőművészeti Főiskolán szerzett oklevelet (1958). Marosvásárhelyen a Székely Népi Együttes, később Maros Népi Együttes díszlet- és kosztümtervezője (1958–75), majd a Tricotex kisipari szövetkezet keretében modelltervező (1976–79). Munkáival kiállításokon Bukarestben, Mv., Kv. és Székelyudvarhelyen szerepelt (1956–84). Munkásságát az EMKE Vámszer Géza díjjal tüntette ki (1992). Munkáinak reprodukciói Marosvásárhelyen a Vörös Zászló, Vatra, Steaua, Igaz Szó, Kolozsvárt az Utunk, Bukarestben az Előre, A Hét, Művelődés, Ifjúmunkás, Csíkszeredában a Hargita hasábjain jelentek meg. Férfi- és női viseletterveit és leírásait a marosvásárhelyi Népi Alkotások Háza koreográfiai kiadványai, így Domokos István Felcsíki táncok (1964), Este a csorgónál (Mv., 1969), Seara la izvor (Mv., 1969); Horváth Margit Jobbágytelki táncok (1965) és Lőrincz Lajos Tánccsokor (1970) c.táncjáték kötetei közölték. <br /><strong>Irod.:</strong> RMIL</br></p>

<p>Szováta, 1933. márc. 9. : képzőművész. Kolozsvárt művészeti középiskolát végzett (1952), a Ion Andreescu Képzőművészeti Főiskolán szerzett oklevelet (1958). Marosvásárhelyen a Székely Népi Együttes, később Maros Népi Együttes díszlet- és kosztümtervezője (1958–75), majd a Tricotex kisipari szövetkezet keretében modelltervező (1976–79). Munkáival kiállításokon Bukarestben, Mv., Kv. és Székelyudvarhelyen szerepelt (1956–84). Munkásságát az EMKE Vámszer Géza díjjal [&hellip;]</p>
