{"id":17113,"date":"2025-07-15T23:41:28","date_gmt":"2025-07-15T21:41:28","guid":{"rendered":"https:\/\/uj.adatbank.ro\/lexikon\/termek\/orban-istvan-markosfalvi-2\/"},"modified":"2025-07-15T23:41:28","modified_gmt":"2025-07-15T21:41:28","slug":"orban-istvan-markosfalvi-2","status":"publish","type":"product","link":"https:\/\/uj.adatbank.ro\/lexikon\/termek\/orban-istvan-markosfalvi-2\/","title":{"rendered":"ORB\u00c1N Istv\u00e1n, m\u00e1rkosfalvi"},"content":{"rendered":"<p>Mv., 1904, \u2020 ?: ref. gimn\u00e1ziumi tan\u00e1r, O. Bal\u00e1zs fia. \u2013 Mv.-en \u00e9retts\u00e9gizett (1922), a P\u00e1zm\u00e1ny P\u00e9ter Tud. Egyetemen t\u00f6rt.-f\u00f6ldrajz szakot v\u00e9gzett, majd a p\u00e1rizsi protest\u00e1ns teol\u00f3giai akad\u00e9mia hallgat\u00f3ja volt (1926\u201327). A s\u00e1rospataki f\u0151iskola tan\u00e1ra (1930\u2013), A G\u00e1m\u00e1n csal\u00e1d egyik l\u00e1ny\u00e1t vette feles\u00e9g\u00fcl, akit\u0151l elv\u00e1lt \u00e9s \u00fajra h\u00e1zasodott. Nyugd\u00edjba menetele ut\u00e1n 70 \u00e9ves kor\u00e1ban k\u00f6nyvt\u00e1rban dolgozott, azut\u00e1n idegenvezet\u0151 lett. az Erd\u00e9lyi F\u00e9rfiak Egyes\u00fclet, a M. F\u00f6ldr. T\u00e1rsas\u00e1g tagja volt.\u2013 <strong>F. m.:<\/strong> Egyetemi K\u00f6r. Bp. (P\u00e9cs, 1928); Marosv\u00e1s\u00e1rhely f\u00f6ldrajza (S\u00e1rospatak, 1943) \u2013 Irod. : Bern\u00e1dy; F\u00fcl\u00f6p\u2013Ferencz; Guly\u00e1s; Sipos<\/br><\/p>\n","protected":false},"excerpt":{"rendered":"<p>Mv., 1904, \u2020 ?: ref. gimn\u00e1ziumi tan\u00e1r, O. Bal\u00e1zs fia. \u2013 Mv.-en \u00e9retts\u00e9gizett (1922), a P\u00e1zm\u00e1ny P\u00e9ter Tud. Egyetemen t\u00f6rt.-f\u00f6ldrajz szakot v\u00e9gzett, majd a p\u00e1rizsi protest\u00e1ns teol\u00f3giai akad\u00e9mia hallgat\u00f3ja volt (1926\u201327). A s\u00e1rospataki f\u0151iskola tan\u00e1ra (1930\u2013), A G\u00e1m\u00e1n csal\u00e1d egyik l\u00e1ny\u00e1t vette feles\u00e9g\u00fcl, akit\u0151l elv\u00e1lt \u00e9s \u00fajra h\u00e1zasodott. Nyugd\u00edjba menetele ut\u00e1n 70 \u00e9ves kor\u00e1ban k\u00f6nyvt\u00e1rban [&hellip;]<\/p>\n","protected":false},"featured_media":0,"comment_status":"open","ping_status":"closed","template":"","meta":[],"product_brand":[],"product_cat":[137],"product_tag":[],"class_list":{"0":"post-17113","1":"product","2":"type-product","3":"status-publish","5":"product_cat-maros-megyei-eletrajzi-lexikon","7":"first","8":"instock","9":"shipping-taxable","10":"product-type-simple"},"_links":{"self":[{"href":"https:\/\/uj.adatbank.ro\/lexikon\/wp-json\/wp\/v2\/product\/17113","targetHints":{"allow":["GET"]}}],"collection":[{"href":"https:\/\/uj.adatbank.ro\/lexikon\/wp-json\/wp\/v2\/product"}],"about":[{"href":"https:\/\/uj.adatbank.ro\/lexikon\/wp-json\/wp\/v2\/types\/product"}],"replies":[{"embeddable":true,"href":"https:\/\/uj.adatbank.ro\/lexikon\/wp-json\/wp\/v2\/comments?post=17113"}],"wp:attachment":[{"href":"https:\/\/uj.adatbank.ro\/lexikon\/wp-json\/wp\/v2\/media?parent=17113"}],"wp:term":[{"taxonomy":"product_brand","embeddable":true,"href":"https:\/\/uj.adatbank.ro\/lexikon\/wp-json\/wp\/v2\/product_brand?post=17113"},{"taxonomy":"product_cat","embeddable":true,"href":"https:\/\/uj.adatbank.ro\/lexikon\/wp-json\/wp\/v2\/product_cat?post=17113"},{"taxonomy":"product_tag","embeddable":true,"href":"https:\/\/uj.adatbank.ro\/lexikon\/wp-json\/wp\/v2\/product_tag?post=17113"}],"curies":[{"name":"wp","href":"https:\/\/api.w.org\/{rel}","templated":true}]}}

ORBÁN István, márkosfalvi

<p>Mv., 1904, † ?: ref. gimnáziumi tanár, O. Balázs fia. – Mv.-en érettségizett (1922), a Pázmány Péter Tud. Egyetemen tört.-földrajz szakot végzett, majd a párizsi protestáns teológiai akadémia hallgatója volt (1926–27). A sárospataki főiskola tanára (1930–), A Gámán család egyik lányát vette feleségül, akitől elvált és újra házasodott. Nyugdíjba menetele után 70 éves korában könyvtárban dolgozott, azután idegenvezető lett. az Erdélyi Férfiak Egyesület, a M. Földr. Társaság tagja volt.– <strong>F. m.:</strong> Egyetemi Kör. Bp. (Pécs, 1928); Marosvásárhely földrajza (Sárospatak, 1943) – Irod. : Bernády; Fülöp–Ferencz; Gulyás; Sipos</br></p>

<p>Mv., 1904, † ?: ref. gimnáziumi tanár, O. Balázs fia. – Mv.-en érettségizett (1922), a Pázmány Péter Tud. Egyetemen tört.-földrajz szakot végzett, majd a párizsi protestáns teológiai akadémia hallgatója volt (1926–27). A sárospataki főiskola tanára (1930–), A Gámán család egyik lányát vette feleségül, akitől elvált és újra házasodott. Nyugdíjba menetele után 70 éves korában könyvtárban [&hellip;]</p>
