{"id":17117,"date":"2025-07-15T23:41:37","date_gmt":"2025-07-15T21:41:37","guid":{"rendered":"https:\/\/uj.adatbank.ro\/lexikon\/termek\/orban-jozsef\/"},"modified":"2025-07-15T23:41:37","modified_gmt":"2025-07-15T21:41:37","slug":"orban-jozsef","status":"publish","type":"product","link":"https:\/\/uj.adatbank.ro\/lexikon\/termek\/orban-jozsef\/","title":{"rendered":"ORB\u00c1N J\u00f3zsef"},"content":{"rendered":"<p>Abod, 1839 \u2020 Balav\u00e1s\u00e1r, 1878. aug. 12.: ref. lelk\u00e9sz. \u2013 Iskol\u00e1it Mv.-en v\u00e9gezte, Balav\u00e1s\u00e1rra h\u00edvt\u00e1k meg papnak, ahol hal\u00e1l\u00e1ig szolg\u00e1lt (1861\u20131878). Minden \u00e9p\u00fcletet megjav\u00edttatott.\u00daj iskol\u00e1t \u00e9p\u00edttetett (1870), a k\u00f6vetkez\u0151 \u00e9vben \u00faj cs\u0171rt, ist\u00e1ll\u00f3t \u00e9s ker\u00edt\u00e9st.A lelki\u00e9letet is lelkiismsretesen vezette, h\u00e1rom \u00e9vente konfirm\u00e1ci\u00f3t, hetente vas\u00e1rnapi iskol\u00e1t, vall\u00e1soktat\u00e1st, \u00e9nektanul\u00e1st tartott.-<br \/><strong>Irod.:<\/strong> Balav\u00e1s\u00e1r \u00e9s egyh\u00e1za<\/br><\/p>\n","protected":false},"excerpt":{"rendered":"<p>Abod, 1839 \u2020 Balav\u00e1s\u00e1r, 1878. aug. 12.: ref. lelk\u00e9sz. \u2013 Iskol\u00e1it Mv.-en v\u00e9gezte, Balav\u00e1s\u00e1rra h\u00edvt\u00e1k meg papnak, ahol hal\u00e1l\u00e1ig szolg\u00e1lt (1861\u20131878). Minden \u00e9p\u00fcletet megjav\u00edttatott.\u00daj iskol\u00e1t \u00e9p\u00edttetett (1870), a k\u00f6vetkez\u0151 \u00e9vben \u00faj cs\u0171rt, ist\u00e1ll\u00f3t \u00e9s ker\u00edt\u00e9st.A lelki\u00e9letet is lelkiismsretesen vezette, h\u00e1rom \u00e9vente konfirm\u00e1ci\u00f3t, hetente vas\u00e1rnapi iskol\u00e1t, vall\u00e1soktat\u00e1st, \u00e9nektanul\u00e1st tartott.-Irod.: Balav\u00e1s\u00e1r \u00e9s egyh\u00e1za<\/p>\n","protected":false},"featured_media":0,"comment_status":"open","ping_status":"closed","template":"","meta":[],"product_brand":[],"product_cat":[137],"product_tag":[],"class_list":{"0":"post-17117","1":"product","2":"type-product","3":"status-publish","5":"product_cat-maros-megyei-eletrajzi-lexikon","7":"first","8":"instock","9":"shipping-taxable","10":"product-type-simple"},"_links":{"self":[{"href":"https:\/\/uj.adatbank.ro\/lexikon\/wp-json\/wp\/v2\/product\/17117","targetHints":{"allow":["GET"]}}],"collection":[{"href":"https:\/\/uj.adatbank.ro\/lexikon\/wp-json\/wp\/v2\/product"}],"about":[{"href":"https:\/\/uj.adatbank.ro\/lexikon\/wp-json\/wp\/v2\/types\/product"}],"replies":[{"embeddable":true,"href":"https:\/\/uj.adatbank.ro\/lexikon\/wp-json\/wp\/v2\/comments?post=17117"}],"wp:attachment":[{"href":"https:\/\/uj.adatbank.ro\/lexikon\/wp-json\/wp\/v2\/media?parent=17117"}],"wp:term":[{"taxonomy":"product_brand","embeddable":true,"href":"https:\/\/uj.adatbank.ro\/lexikon\/wp-json\/wp\/v2\/product_brand?post=17117"},{"taxonomy":"product_cat","embeddable":true,"href":"https:\/\/uj.adatbank.ro\/lexikon\/wp-json\/wp\/v2\/product_cat?post=17117"},{"taxonomy":"product_tag","embeddable":true,"href":"https:\/\/uj.adatbank.ro\/lexikon\/wp-json\/wp\/v2\/product_tag?post=17117"}],"curies":[{"name":"wp","href":"https:\/\/api.w.org\/{rel}","templated":true}]}}

ORBÁN József

<p>Abod, 1839 † Balavásár, 1878. aug. 12.: ref. lelkész. – Iskoláit Mv.-en végezte, Balavásárra hívták meg papnak, ahol haláláig szolgált (1861–1878). Minden épületet megjavíttatott.Új iskolát építtetett (1870), a következő évben új csűrt, istállót és kerítést.A lelkiéletet is lelkiismsretesen vezette, három évente konfirmációt, hetente vasárnapi iskolát, vallásoktatást, énektanulást tartott.-<br /><strong>Irod.:</strong> Balavásár és egyháza</br></p>

<p>Abod, 1839 † Balavásár, 1878. aug. 12.: ref. lelkész. – Iskoláit Mv.-en végezte, Balavásárra hívták meg papnak, ahol haláláig szolgált (1861–1878). Minden épületet megjavíttatott.Új iskolát építtetett (1870), a következő évben új csűrt, istállót és kerítést.A lelkiéletet is lelkiismsretesen vezette, három évente konfirmációt, hetente vasárnapi iskolát, vallásoktatást, énektanulást tartott.-Irod.: Balavásár és egyháza</p>
