{"id":17118,"date":"2025-07-15T23:41:39","date_gmt":"2025-07-15T21:41:39","guid":{"rendered":"https:\/\/uj.adatbank.ro\/lexikon\/termek\/orban-jozsef-2\/"},"modified":"2025-07-15T23:41:39","modified_gmt":"2025-07-15T21:41:39","slug":"orban-jozsef-2","status":"publish","type":"product","link":"https:\/\/uj.adatbank.ro\/lexikon\/termek\/orban-jozsef-2\/","title":{"rendered":"ORB\u00c1N J\u00f3zsef"},"content":{"rendered":"<p>? \u2020\u00a0?: lev\u00e9lt\u00e1ri tisztvisel\u0151l. \u2013 Sz\u00e9kely \u00c1d\u00e1m \u00e9s az \u0151 szerkeszt\u00e9s\u00e9ben jelent meg a Sz\u00e9kely N\u00e9plap Mv.-en (1866. j\u00fan.1.). Ez volt Mv. els\u0151 hetilapja, amely sz\u00e1maiban a r\u00e9gi szok\u00e1sokr\u00f3l, a divatr\u00f3l, a szellemi-irodalmi \u00e9letr\u0151l, az irodalom p\u00e1rtol\u00e1s\u00e1r\u00f3l \u00edrtak. A lap egy \u00e9vig m\u0171k\u00f6d\u00f6tt majd a Sz\u00e9kely K\u00f6zl\u00f6ny v\u00e1ltotta fel (1897) Sz\u00e9kely \u00c1d\u00e1m egy\u00e9ni szerkeszt\u00e9s\u00e9ben <br \/><strong>Irod.:<\/strong> Er\u0151s; Id\u0151t\u00e1r 2; Keresztes Gyula\u00a0: Az els\u0151 mv.-i \u00fajs\u00e1g (N\u00fa 2001. m\u00e1j. 12), Moln\u00e1r G\u00e1bor: Az els\u0151 mv.-i hirlapr\u00f3l (Marosv\u00e1s\u00e1rhely, 1912. aug. 15.); Popt\u0103ma\u015f\u2013M\u00f3zes<\/br><\/p>\n","protected":false},"excerpt":{"rendered":"<p>? \u2020\u00a0?: lev\u00e9lt\u00e1ri tisztvisel\u0151l. \u2013 Sz\u00e9kely \u00c1d\u00e1m \u00e9s az \u0151 szerkeszt\u00e9s\u00e9ben jelent meg a Sz\u00e9kely N\u00e9plap Mv.-en (1866. j\u00fan.1.). Ez volt Mv. els\u0151 hetilapja, amely sz\u00e1maiban a r\u00e9gi szok\u00e1sokr\u00f3l, a divatr\u00f3l, a szellemi-irodalmi \u00e9letr\u0151l, az irodalom p\u00e1rtol\u00e1s\u00e1r\u00f3l \u00edrtak. A lap egy \u00e9vig m\u0171k\u00f6d\u00f6tt majd a Sz\u00e9kely K\u00f6zl\u00f6ny v\u00e1ltotta fel (1897) Sz\u00e9kely \u00c1d\u00e1m egy\u00e9ni szerkeszt\u00e9s\u00e9ben Irod.: [&hellip;]<\/p>\n","protected":false},"featured_media":0,"comment_status":"open","ping_status":"closed","template":"","meta":[],"product_brand":[],"product_cat":[137],"product_tag":[],"class_list":{"0":"post-17118","1":"product","2":"type-product","3":"status-publish","5":"product_cat-maros-megyei-eletrajzi-lexikon","7":"first","8":"instock","9":"shipping-taxable","10":"product-type-simple"},"_links":{"self":[{"href":"https:\/\/uj.adatbank.ro\/lexikon\/wp-json\/wp\/v2\/product\/17118","targetHints":{"allow":["GET"]}}],"collection":[{"href":"https:\/\/uj.adatbank.ro\/lexikon\/wp-json\/wp\/v2\/product"}],"about":[{"href":"https:\/\/uj.adatbank.ro\/lexikon\/wp-json\/wp\/v2\/types\/product"}],"replies":[{"embeddable":true,"href":"https:\/\/uj.adatbank.ro\/lexikon\/wp-json\/wp\/v2\/comments?post=17118"}],"wp:attachment":[{"href":"https:\/\/uj.adatbank.ro\/lexikon\/wp-json\/wp\/v2\/media?parent=17118"}],"wp:term":[{"taxonomy":"product_brand","embeddable":true,"href":"https:\/\/uj.adatbank.ro\/lexikon\/wp-json\/wp\/v2\/product_brand?post=17118"},{"taxonomy":"product_cat","embeddable":true,"href":"https:\/\/uj.adatbank.ro\/lexikon\/wp-json\/wp\/v2\/product_cat?post=17118"},{"taxonomy":"product_tag","embeddable":true,"href":"https:\/\/uj.adatbank.ro\/lexikon\/wp-json\/wp\/v2\/product_tag?post=17118"}],"curies":[{"name":"wp","href":"https:\/\/api.w.org\/{rel}","templated":true}]}}

ORBÁN József

<p>? † ?: levéltári tisztviselől. – Székely Ádám és az ő szerkesztésében jelent meg a Székely Néplap Mv.-en (1866. jún.1.). Ez volt Mv. első hetilapja, amely számaiban a régi szokásokról, a divatról, a szellemi-irodalmi életről, az irodalom pártolásáról írtak. A lap egy évig működött majd a Székely Közlöny váltotta fel (1897) Székely Ádám egyéni szerkesztésében <br /><strong>Irod.:</strong> Erős; Időtár 2; Keresztes Gyula : Az első mv.-i újság (Nú 2001. máj. 12), Molnár Gábor: Az első mv.-i hirlapról (Marosvásárhely, 1912. aug. 15.); Poptămaş–Mózes</br></p>

<p>? † ?: levéltári tisztviselől. – Székely Ádám és az ő szerkesztésében jelent meg a Székely Néplap Mv.-en (1866. jún.1.). Ez volt Mv. első hetilapja, amely számaiban a régi szokásokról, a divatról, a szellemi-irodalmi életről, az irodalom pártolásáról írtak. A lap egy évig működött majd a Székely Közlöny váltotta fel (1897) Székely Ádám egyéni szerkesztésében Irod.: [&hellip;]</p>
