{"id":17126,"date":"2025-07-15T23:41:55","date_gmt":"2025-07-15T21:41:55","guid":{"rendered":"https:\/\/uj.adatbank.ro\/lexikon\/termek\/orban-karoly-markosfalvi\/"},"modified":"2025-07-15T23:41:55","modified_gmt":"2025-07-15T21:41:55","slug":"orban-karoly-markosfalvi","status":"publish","type":"product","link":"https:\/\/uj.adatbank.ro\/lexikon\/termek\/orban-karoly-markosfalvi\/","title":{"rendered":"ORB\u00c1N K\u00e1roly, m\u00e1rkosfalvi"},"content":{"rendered":"<p>1823, 1828, \u2020 Mez\u0151madaras, 1898. m\u00e1rc. 13. az Orb\u00e1n-k\u00faria kertj\u00e9ben temett\u00e9k el.: husz\u00e1rf\u0151hadnagy. \u2013 Feles\u00e9ge S\u00e1rospataki Pataky Borb\u00e1la. Fi\u00fak: O. Gy\u00f6rgy, a falu k\u00f6zs\u00e9gb\u00edr\u00f3ja (1887-, feles\u00e9ge Zeyk Sarolta. Unok\u00e1ja: O. K., aki m\u00e1rt\u00edrhal\u00e1lt halt. \u2013 K\u00e9zdiv\u00e1s\u00e1rhelyen tanult a katonai iskol\u00e1ban. Sz\u00e9kely honv\u00e9d husz\u00e1rf\u0151hadnagy, Bem t\u00e1bornok hadseg\u00e9de az 1848\/49-es forradalomban, a M\u00e1ty\u00e1s-husz\u00e1rezredben (1848. szept..) volt \u0151rmester, hadnagy, f\u0151hadnagy. A Bem t\u00e1bornok hadseg\u00e9dje volt a szabads\u00e1gharc lever\u00e9s\u00e9ig. A forradalom buk\u00e1sa ut\u00e1n rejt\u0151zk\u00f6dnie kellett, \u00edgy ker\u00fclt Mez\u0151madarasra, ahol a Pataky csal\u00e1d rejtegette h\u00e1zuk pinc\u00e9j\u00e9be. H\u00e1zass\u00e1g\u00e1val megalapozta birtokos mivolt\u00e1t. A csal\u00e1dnak 391 hold f\u00f6ld birtoka volt, r\u00e9szt vett Mez\u0151madaras k\u00f6z\u00fcgyeinek int\u00e9z\u00e9s\u00e9ben. A Bethlen-csal\u00e1d kast\u00e9ly\u00e1nak utols\u00f3 tulajdonosa volt, Bethlen Gy\u00f6rgy hagyat\u00e9k\u00e1t vette meg, \u00edgy a Bethlen-csal\u00e1d kast\u00e9ly\u00e1nak utols\u00f3 tulajdonosa volt. <br \/><strong>Irod.:<\/strong> Keresztes 1995; Keresztes Gyula: Kast\u00e9lyaink 13.: A mez\u0151madarasi k\u00faria (N\u00fa., 1992. j\u00fal. 4.); Maros megye; Mez\u0151madaras; P\u00e1lmay; Sepsisz\u00e9ki<\/br><\/p>\n","protected":false},"excerpt":{"rendered":"<p>1823, 1828, \u2020 Mez\u0151madaras, 1898. m\u00e1rc. 13. az Orb\u00e1n-k\u00faria kertj\u00e9ben temett\u00e9k el.: husz\u00e1rf\u0151hadnagy. \u2013 Feles\u00e9ge S\u00e1rospataki Pataky Borb\u00e1la. Fi\u00fak: O. Gy\u00f6rgy, a falu k\u00f6zs\u00e9gb\u00edr\u00f3ja (1887-, feles\u00e9ge Zeyk Sarolta. Unok\u00e1ja: O. K., aki m\u00e1rt\u00edrhal\u00e1lt halt. \u2013 K\u00e9zdiv\u00e1s\u00e1rhelyen tanult a katonai iskol\u00e1ban. Sz\u00e9kely honv\u00e9d husz\u00e1rf\u0151hadnagy, Bem t\u00e1bornok hadseg\u00e9de az 1848\/49-es forradalomban, a M\u00e1ty\u00e1s-husz\u00e1rezredben (1848. szept..) volt \u0151rmester, [&hellip;]<\/p>\n","protected":false},"featured_media":0,"comment_status":"open","ping_status":"closed","template":"","meta":[],"product_brand":[],"product_cat":[137],"product_tag":[],"class_list":{"0":"post-17126","1":"product","2":"type-product","3":"status-publish","5":"product_cat-maros-megyei-eletrajzi-lexikon","7":"first","8":"instock","9":"shipping-taxable","10":"product-type-simple"},"_links":{"self":[{"href":"https:\/\/uj.adatbank.ro\/lexikon\/wp-json\/wp\/v2\/product\/17126","targetHints":{"allow":["GET"]}}],"collection":[{"href":"https:\/\/uj.adatbank.ro\/lexikon\/wp-json\/wp\/v2\/product"}],"about":[{"href":"https:\/\/uj.adatbank.ro\/lexikon\/wp-json\/wp\/v2\/types\/product"}],"replies":[{"embeddable":true,"href":"https:\/\/uj.adatbank.ro\/lexikon\/wp-json\/wp\/v2\/comments?post=17126"}],"wp:attachment":[{"href":"https:\/\/uj.adatbank.ro\/lexikon\/wp-json\/wp\/v2\/media?parent=17126"}],"wp:term":[{"taxonomy":"product_brand","embeddable":true,"href":"https:\/\/uj.adatbank.ro\/lexikon\/wp-json\/wp\/v2\/product_brand?post=17126"},{"taxonomy":"product_cat","embeddable":true,"href":"https:\/\/uj.adatbank.ro\/lexikon\/wp-json\/wp\/v2\/product_cat?post=17126"},{"taxonomy":"product_tag","embeddable":true,"href":"https:\/\/uj.adatbank.ro\/lexikon\/wp-json\/wp\/v2\/product_tag?post=17126"}],"curies":[{"name":"wp","href":"https:\/\/api.w.org\/{rel}","templated":true}]}}

ORBÁN Károly, márkosfalvi

<p>1823, 1828, † Mezőmadaras, 1898. márc. 13. az Orbán-kúria kertjében temették el.: huszárfőhadnagy. – Felesége Sárospataki Pataky Borbála. Fiúk: O. György, a falu községbírója (1887-, felesége Zeyk Sarolta. Unokája: O. K., aki mártírhalált halt. – Kézdivásárhelyen tanult a katonai iskolában. Székely honvéd huszárfőhadnagy, Bem tábornok hadsegéde az 1848/49-es forradalomban, a Mátyás-huszárezredben (1848. szept..) volt őrmester, hadnagy, főhadnagy. A Bem tábornok hadsegédje volt a szabadságharc leveréséig. A forradalom bukása után rejtőzködnie kellett, így került Mezőmadarasra, ahol a Pataky család rejtegette házuk pincéjébe. Házasságával megalapozta birtokos mivoltát. A családnak 391 hold föld birtoka volt, részt vett Mezőmadaras közügyeinek intézésében. A Bethlen-család kastélyának utolsó tulajdonosa volt, Bethlen György hagyatékát vette meg, így a Bethlen-család kastélyának utolsó tulajdonosa volt. <br /><strong>Irod.:</strong> Keresztes 1995; Keresztes Gyula: Kastélyaink 13.: A mezőmadarasi kúria (Nú., 1992. júl. 4.); Maros megye; Mezőmadaras; Pálmay; Sepsiszéki</br></p>

<p>1823, 1828, † Mezőmadaras, 1898. márc. 13. az Orbán-kúria kertjében temették el.: huszárfőhadnagy. – Felesége Sárospataki Pataky Borbála. Fiúk: O. György, a falu községbírója (1887-, felesége Zeyk Sarolta. Unokája: O. K., aki mártírhalált halt. – Kézdivásárhelyen tanult a katonai iskolában. Székely honvéd huszárfőhadnagy, Bem tábornok hadsegéde az 1848/49-es forradalomban, a Mátyás-huszárezredben (1848. szept..) volt őrmester, [&hellip;]</p>
