{"id":17132,"date":"2025-07-15T23:42:06","date_gmt":"2025-07-15T21:42:06","guid":{"rendered":"https:\/\/uj.adatbank.ro\/lexikon\/termek\/orban-laszlo-3\/"},"modified":"2025-07-15T23:42:06","modified_gmt":"2025-07-15T21:42:06","slug":"orban-laszlo-3","status":"publish","type":"product","link":"https:\/\/uj.adatbank.ro\/lexikon\/termek\/orban-laszlo-3\/","title":{"rendered":"ORB\u00c1N L\u00e1szl\u00f3"},"content":{"rendered":"<p>B\u00e9lafalva, 1918. jan. 25., \u2020\u00a0?: r. k. pap \u2013 Gyulafeh\u00e9rv\u00e1ron \u00e9s Kv.-on tanult, itt M\u00e1rton \u00c1ron p\u00fcsp\u00f6k szentelte papp\u00e1 (1943. j\u00fan. 6.). K\u00e1pl\u00e1n Gyergy\u00f3csomafalv\u00e1n, Cs\u00edkszered\u00e1ban, majd pl\u00e9b\u00e1nos B\u00e1toson (1947\u201348), K\u00e9zdialm\u00e1son. Vizsg\u00e1lati fogs\u00e1gban volt (1949. j\u00fal. 5.), majd a Duna-csatorn\u00e1n\u00e1l raboskodott (1950. m\u00e1j. 11.\u20131951. m\u00e1j. 28.), k\u00e9nyszerlakhelyen (1956-ig), Gyergy\u00f3remet\u00e9n pl\u00e9b\u00e1nos nyugd\u00edjaz\u00e1s\u00e1ig (1966\u20132003). <br \/><strong>Irod.:<\/strong> Ferenczi S\u00e1ndor 2009; Maros-k\u00fck\u00fcll\u0151i f\u0151esp.<\/br><\/p>\n","protected":false},"excerpt":{"rendered":"<p>B\u00e9lafalva, 1918. jan. 25., \u2020\u00a0?: r. k. pap \u2013 Gyulafeh\u00e9rv\u00e1ron \u00e9s Kv.-on tanult, itt M\u00e1rton \u00c1ron p\u00fcsp\u00f6k szentelte papp\u00e1 (1943. j\u00fan. 6.). K\u00e1pl\u00e1n Gyergy\u00f3csomafalv\u00e1n, Cs\u00edkszered\u00e1ban, majd pl\u00e9b\u00e1nos B\u00e1toson (1947\u201348), K\u00e9zdialm\u00e1son. Vizsg\u00e1lati fogs\u00e1gban volt (1949. j\u00fal. 5.), majd a Duna-csatorn\u00e1n\u00e1l raboskodott (1950. m\u00e1j. 11.\u20131951. m\u00e1j. 28.), k\u00e9nyszerlakhelyen (1956-ig), Gyergy\u00f3remet\u00e9n pl\u00e9b\u00e1nos nyugd\u00edjaz\u00e1s\u00e1ig (1966\u20132003). Irod.: Ferenczi S\u00e1ndor 2009; [&hellip;]<\/p>\n","protected":false},"featured_media":0,"comment_status":"open","ping_status":"closed","template":"","meta":[],"product_brand":[],"product_cat":[137],"product_tag":[],"class_list":{"0":"post-17132","1":"product","2":"type-product","3":"status-publish","5":"product_cat-maros-megyei-eletrajzi-lexikon","7":"first","8":"instock","9":"shipping-taxable","10":"product-type-simple"},"_links":{"self":[{"href":"https:\/\/uj.adatbank.ro\/lexikon\/wp-json\/wp\/v2\/product\/17132","targetHints":{"allow":["GET"]}}],"collection":[{"href":"https:\/\/uj.adatbank.ro\/lexikon\/wp-json\/wp\/v2\/product"}],"about":[{"href":"https:\/\/uj.adatbank.ro\/lexikon\/wp-json\/wp\/v2\/types\/product"}],"replies":[{"embeddable":true,"href":"https:\/\/uj.adatbank.ro\/lexikon\/wp-json\/wp\/v2\/comments?post=17132"}],"wp:attachment":[{"href":"https:\/\/uj.adatbank.ro\/lexikon\/wp-json\/wp\/v2\/media?parent=17132"}],"wp:term":[{"taxonomy":"product_brand","embeddable":true,"href":"https:\/\/uj.adatbank.ro\/lexikon\/wp-json\/wp\/v2\/product_brand?post=17132"},{"taxonomy":"product_cat","embeddable":true,"href":"https:\/\/uj.adatbank.ro\/lexikon\/wp-json\/wp\/v2\/product_cat?post=17132"},{"taxonomy":"product_tag","embeddable":true,"href":"https:\/\/uj.adatbank.ro\/lexikon\/wp-json\/wp\/v2\/product_tag?post=17132"}],"curies":[{"name":"wp","href":"https:\/\/api.w.org\/{rel}","templated":true}]}}

ORBÁN László

<p>Bélafalva, 1918. jan. 25., † ?: r. k. pap – Gyulafehérváron és Kv.-on tanult, itt Márton Áron püspök szentelte pappá (1943. jún. 6.). Káplán Gyergyócsomafalván, Csíkszeredában, majd plébános Bátoson (1947–48), Kézdialmáson. Vizsgálati fogságban volt (1949. júl. 5.), majd a Duna-csatornánál raboskodott (1950. máj. 11.–1951. máj. 28.), kényszerlakhelyen (1956-ig), Gyergyóremetén plébános nyugdíjazásáig (1966–2003). <br /><strong>Irod.:</strong> Ferenczi Sándor 2009; Maros-küküllői főesp.</br></p>

<p>Bélafalva, 1918. jan. 25., † ?: r. k. pap – Gyulafehérváron és Kv.-on tanult, itt Márton Áron püspök szentelte pappá (1943. jún. 6.). Káplán Gyergyócsomafalván, Csíkszeredában, majd plébános Bátoson (1947–48), Kézdialmáson. Vizsgálati fogságban volt (1949. júl. 5.), majd a Duna-csatornánál raboskodott (1950. máj. 11.–1951. máj. 28.), kényszerlakhelyen (1956-ig), Gyergyóremetén plébános nyugdíjazásáig (1966–2003). Irod.: Ferenczi Sándor 2009; [&hellip;]</p>
