{"id":17137,"date":"2025-07-15T23:42:16","date_gmt":"2025-07-15T21:42:16","guid":{"rendered":"https:\/\/uj.adatbank.ro\/lexikon\/termek\/orban-orban\/"},"modified":"2025-07-15T23:42:16","modified_gmt":"2025-07-15T21:42:16","slug":"orban-orban","status":"publish","type":"product","link":"https:\/\/uj.adatbank.ro\/lexikon\/termek\/orban-orban\/","title":{"rendered":"ORB\u00c1N Orb\u00e1n"},"content":{"rendered":"<p>? \u2020\u00a0Mv., 1983. \u00e1pr. 23.: sportol\u00f3, \u00f6k\u00f6lv\u00edv\u00f3, \u00f6k\u00f6lv\u00edv\u00f3 b\u00edr\u00f3. \u2013 Kiv\u00e1l\u00f3 mv.-i sportol\u00f3, az MTE-ben k\u00fczd\u00f6tt mint boxol\u00f3 (1934\u201340-es \u00e9vekben). A Halad\u00f3 Ifj\u00fas\u00e1g megyei szervezete megalak\u00edtotta a Bern\u00e1th Andor sportegyes\u00fcletet, megszervezte az \u00f6k\u00f6lv\u00edv\u00f3 szakoszt\u00e1lyt (1946), amelynek szakoktat\u00f3ja, edz\u0151je \u00e9s leigazolt versenyz\u0151je lett. T\u00edz \u00e9ves akt\u00edv versenyz\u0151i p\u00e1ly\u00e1j\u00e1n t\u00f6bb mint 100 hivatalos m\u00e9rk\u0151z\u00e9st v\u00edvott, s egyszer sem \u00fct\u00f6tt\u00e9k ki. A Maros megyei \u00d6k\u00f6lv\u00edv\u00f3 Szakb\u00edzotts\u00e1g eln\u00f6ke, orsz\u00e1gos boxb\u00edr\u00f3, I. oszt\u00e1ly\u00fa j\u00e1t\u00e9kvezet\u0151 volt. Mv.-en \u00e9venk\u00e9nti O. O. \u00f6k\u00f6lv\u00edv\u00f3 eml\u00e9verseny rendez\u00e9s\u00e9vel \u0151rzik eml\u00e9kezet\u00e9t (1995\u2013). <br \/><strong>Irod.:<\/strong> A balkezes \u00e9s t\u00e1rsai (N\u00fa., 1999. j\u00fal. 8); [Nekrol\u00f3g] (V. Z., 1983. \u00e1pr. 24.); Tompa Z. Mih\u00e1ly: 45 \u00e9v a szor\u00edt\u00f3ban (V. Z., 1982. aug. 3.); Weisz S\u00e1ndor\u00a0: O. O. (V. Z., 1969. j\u00e1n. 22.)<\/br><\/p>\n","protected":false},"excerpt":{"rendered":"<p>? \u2020\u00a0Mv., 1983. \u00e1pr. 23.: sportol\u00f3, \u00f6k\u00f6lv\u00edv\u00f3, \u00f6k\u00f6lv\u00edv\u00f3 b\u00edr\u00f3. \u2013 Kiv\u00e1l\u00f3 mv.-i sportol\u00f3, az MTE-ben k\u00fczd\u00f6tt mint boxol\u00f3 (1934\u201340-es \u00e9vekben). A Halad\u00f3 Ifj\u00fas\u00e1g megyei szervezete megalak\u00edtotta a Bern\u00e1th Andor sportegyes\u00fcletet, megszervezte az \u00f6k\u00f6lv\u00edv\u00f3 szakoszt\u00e1lyt (1946), amelynek szakoktat\u00f3ja, edz\u0151je \u00e9s leigazolt versenyz\u0151je lett. T\u00edz \u00e9ves akt\u00edv versenyz\u0151i p\u00e1ly\u00e1j\u00e1n t\u00f6bb mint 100 hivatalos m\u00e9rk\u0151z\u00e9st v\u00edvott, s egyszer [&hellip;]<\/p>\n","protected":false},"featured_media":0,"comment_status":"open","ping_status":"closed","template":"","meta":[],"product_brand":[],"product_cat":[137],"product_tag":[],"class_list":{"0":"post-17137","1":"product","2":"type-product","3":"status-publish","5":"product_cat-maros-megyei-eletrajzi-lexikon","7":"first","8":"instock","9":"shipping-taxable","10":"product-type-simple"},"_links":{"self":[{"href":"https:\/\/uj.adatbank.ro\/lexikon\/wp-json\/wp\/v2\/product\/17137","targetHints":{"allow":["GET"]}}],"collection":[{"href":"https:\/\/uj.adatbank.ro\/lexikon\/wp-json\/wp\/v2\/product"}],"about":[{"href":"https:\/\/uj.adatbank.ro\/lexikon\/wp-json\/wp\/v2\/types\/product"}],"replies":[{"embeddable":true,"href":"https:\/\/uj.adatbank.ro\/lexikon\/wp-json\/wp\/v2\/comments?post=17137"}],"wp:attachment":[{"href":"https:\/\/uj.adatbank.ro\/lexikon\/wp-json\/wp\/v2\/media?parent=17137"}],"wp:term":[{"taxonomy":"product_brand","embeddable":true,"href":"https:\/\/uj.adatbank.ro\/lexikon\/wp-json\/wp\/v2\/product_brand?post=17137"},{"taxonomy":"product_cat","embeddable":true,"href":"https:\/\/uj.adatbank.ro\/lexikon\/wp-json\/wp\/v2\/product_cat?post=17137"},{"taxonomy":"product_tag","embeddable":true,"href":"https:\/\/uj.adatbank.ro\/lexikon\/wp-json\/wp\/v2\/product_tag?post=17137"}],"curies":[{"name":"wp","href":"https:\/\/api.w.org\/{rel}","templated":true}]}}

ORBÁN Orbán

<p>? † Mv., 1983. ápr. 23.: sportoló, ökölvívó, ökölvívó bíró. – Kiváló mv.-i sportoló, az MTE-ben küzdött mint boxoló (1934–40-es években). A Haladó Ifjúság megyei szervezete megalakította a Bernáth Andor sportegyesületet, megszervezte az ökölvívó szakosztályt (1946), amelynek szakoktatója, edzője és leigazolt versenyzője lett. Tíz éves aktív versenyzői pályáján több mint 100 hivatalos mérkőzést vívott, s egyszer sem ütötték ki. A Maros megyei Ökölvívó Szakbízottság elnöke, országos boxbíró, I. osztályú játékvezető volt. Mv.-en évenkénti O. O. ökölvívó emléverseny rendezésével őrzik emlékezetét (1995–). <br /><strong>Irod.:</strong> A balkezes és társai (Nú., 1999. júl. 8); [Nekrológ] (V. Z., 1983. ápr. 24.); Tompa Z. Mihály: 45 év a szorítóban (V. Z., 1982. aug. 3.); Weisz Sándor : O. O. (V. Z., 1969. ján. 22.)</br></p>

<p>? † Mv., 1983. ápr. 23.: sportoló, ökölvívó, ökölvívó bíró. – Kiváló mv.-i sportoló, az MTE-ben küzdött mint boxoló (1934–40-es években). A Haladó Ifjúság megyei szervezete megalakította a Bernáth Andor sportegyesületet, megszervezte az ökölvívó szakosztályt (1946), amelynek szakoktatója, edzője és leigazolt versenyzője lett. Tíz éves aktív versenyzői pályáján több mint 100 hivatalos mérkőzést vívott, s egyszer [&hellip;]</p>
