{"id":17141,"date":"2025-07-15T23:42:24","date_gmt":"2025-07-15T21:42:24","guid":{"rendered":"https:\/\/uj.adatbank.ro\/lexikon\/termek\/orban-rozalia\/"},"modified":"2025-07-15T23:42:24","modified_gmt":"2025-07-15T21:42:24","slug":"orban-rozalia","status":"publish","type":"product","link":"https:\/\/uj.adatbank.ro\/lexikon\/termek\/orban-rozalia\/","title":{"rendered":"ORB\u00c1N Roz\u00e1lia"},"content":{"rendered":"<p>Dem\u00e9nyh\u00e1za, 1893. szept. 5., \u2020\u00a0? : ap\u00e1ca. \u2013 Iskolai v\u00e9gzetts\u00e9ge 4 k\u00f6z\u00e9piskolai oszt\u00e1ly. Mv.-en lakott. Ap\u00e1ca (\u20131949), majd nyugd\u00edjas. A dem\u00e9nyh\u00e1zi R\u00f3zsaf\u00fcz\u00e9r T\u00e1rsas\u00e1g tagjak\u00e9nt tartoztatt\u00e1k le (1961. nov. 26.) \u00e9s a t\u00e1rsadalmi rend elleni t\u00e9nyked\u00e9s v\u00e1dj\u00e1val \u00e1ll\u00edtott\u00e1k b\u00edr\u00f3s\u00e1g el\u00e9. Azzal v\u00e1dolt\u00e1k, h. a n\u00e9pi demokratikus rend elleni propagand\u00e1t fejtett ki, l\u00e1tsz\u00f3lag vall\u00e1sos, de val\u00f3j\u00e1ban rendszerellenes irodalmat terjesztett. \u2013 Irod: 1956 Erd\u00e9lyben, \u00c1ldozatok<\/br><\/p>\n","protected":false},"excerpt":{"rendered":"<p>Dem\u00e9nyh\u00e1za, 1893. szept. 5., \u2020\u00a0? : ap\u00e1ca. \u2013 Iskolai v\u00e9gzetts\u00e9ge 4 k\u00f6z\u00e9piskolai oszt\u00e1ly. Mv.-en lakott. Ap\u00e1ca (\u20131949), majd nyugd\u00edjas. A dem\u00e9nyh\u00e1zi R\u00f3zsaf\u00fcz\u00e9r T\u00e1rsas\u00e1g tagjak\u00e9nt tartoztatt\u00e1k le (1961. nov. 26.) \u00e9s a t\u00e1rsadalmi rend elleni t\u00e9nyked\u00e9s v\u00e1dj\u00e1val \u00e1ll\u00edtott\u00e1k b\u00edr\u00f3s\u00e1g el\u00e9. Azzal v\u00e1dolt\u00e1k, h. a n\u00e9pi demokratikus rend elleni propagand\u00e1t fejtett ki, l\u00e1tsz\u00f3lag vall\u00e1sos, de val\u00f3j\u00e1ban rendszerellenes [&hellip;]<\/p>\n","protected":false},"featured_media":0,"comment_status":"open","ping_status":"closed","template":"","meta":[],"product_brand":[],"product_cat":[137],"product_tag":[],"class_list":{"0":"post-17141","1":"product","2":"type-product","3":"status-publish","5":"product_cat-maros-megyei-eletrajzi-lexikon","7":"first","8":"instock","9":"shipping-taxable","10":"product-type-simple"},"_links":{"self":[{"href":"https:\/\/uj.adatbank.ro\/lexikon\/wp-json\/wp\/v2\/product\/17141","targetHints":{"allow":["GET"]}}],"collection":[{"href":"https:\/\/uj.adatbank.ro\/lexikon\/wp-json\/wp\/v2\/product"}],"about":[{"href":"https:\/\/uj.adatbank.ro\/lexikon\/wp-json\/wp\/v2\/types\/product"}],"replies":[{"embeddable":true,"href":"https:\/\/uj.adatbank.ro\/lexikon\/wp-json\/wp\/v2\/comments?post=17141"}],"wp:attachment":[{"href":"https:\/\/uj.adatbank.ro\/lexikon\/wp-json\/wp\/v2\/media?parent=17141"}],"wp:term":[{"taxonomy":"product_brand","embeddable":true,"href":"https:\/\/uj.adatbank.ro\/lexikon\/wp-json\/wp\/v2\/product_brand?post=17141"},{"taxonomy":"product_cat","embeddable":true,"href":"https:\/\/uj.adatbank.ro\/lexikon\/wp-json\/wp\/v2\/product_cat?post=17141"},{"taxonomy":"product_tag","embeddable":true,"href":"https:\/\/uj.adatbank.ro\/lexikon\/wp-json\/wp\/v2\/product_tag?post=17141"}],"curies":[{"name":"wp","href":"https:\/\/api.w.org\/{rel}","templated":true}]}}

ORBÁN Rozália

<p>Deményháza, 1893. szept. 5., † ? : apáca. – Iskolai végzettsége 4 középiskolai osztály. Mv.-en lakott. Apáca (–1949), majd nyugdíjas. A deményházi Rózsafüzér Társaság tagjaként tartoztatták le (1961. nov. 26.) és a társadalmi rend elleni ténykedés vádjával állították bíróság elé. Azzal vádolták, h. a népi demokratikus rend elleni propagandát fejtett ki, látszólag vallásos, de valójában rendszerellenes irodalmat terjesztett. – Irod: 1956 Erdélyben, Áldozatok</br></p>

<p>Deményháza, 1893. szept. 5., † ? : apáca. – Iskolai végzettsége 4 középiskolai osztály. Mv.-en lakott. Apáca (–1949), majd nyugdíjas. A deményházi Rózsafüzér Társaság tagjaként tartoztatták le (1961. nov. 26.) és a társadalmi rend elleni ténykedés vádjával állították bíróság elé. Azzal vádolták, h. a népi demokratikus rend elleni propagandát fejtett ki, látszólag vallásos, de valójában rendszerellenes [&hellip;]</p>
