{"id":17144,"date":"2025-07-15T23:42:29","date_gmt":"2025-07-15T21:42:29","guid":{"rendered":"https:\/\/uj.adatbank.ro\/lexikon\/termek\/orban-sandor-%c2%a7\/"},"modified":"2025-07-15T23:42:29","modified_gmt":"2025-07-15T21:42:29","slug":"orban-sandor-%c2%a7","status":"publish","type":"product","link":"https:\/\/uj.adatbank.ro\/lexikon\/termek\/orban-sandor-%c2%a7\/","title":{"rendered":"ORB\u00c1N S\u00e1ndor, \u00a7"},"content":{"rendered":"<p>? \u2020 1940 k.?: malom tulajdonos. \u2013 Fiai: J\u00e1nos \u00e9s Lajos. \u2013 Malma volt Ny\u00e1r\u00e1dszered\u00e1ban (1923), a Ny\u00e1r\u00e1dra \u00e9p\u00edtett turbina l\u00e1tta el villany\u00e1rammal \u00e9s onnan akapta a v\u00e1ros is a vil\u00e1g\u00edt\u00e1shoz sz\u00fcks\u00e9ges \u00e1ramot. Megnemalkuv\u00f3 magatart\u00e1sa miatt kor\u00e1n meghalt. A fiai vezett\u00e9k tov\u00e1bb az \u00fczemet, a v\u00e1llalkoz\u00e1s Orb\u00e1n Malom \u00e9s V\u00e1nyol\u00f3 n\u00e9ven m\u0171k\u00f6d\u00f6tt (1948-ig). Az \u00e1llamos\u00edt\u00e1skor a v\u00e1llalkoz\u00e1s Ny\u00e1r\u00e1dszereda K\u00f6zs\u00e9gh\u00e1za birtok\u00e1ba ker\u00fclt minden ingatlannal egy\u00fctt, de m\u00e9g a tulajdonos \u00f6zvegy\u00e9nek egy\u00e9ni javai is, amelyeket k\u00e9s\u0151bb visszaszolg\u00e1ltattak (h\u00e1zi \u00e1llatok, sz\u00e1rnyasok, stb.). \u00dcgyvezet\u0151nek Bod\u00f3 J\u00e1nos, 33 \u00e9ves g\u00e9p\u00e9szt, a RMP tagj\u00e1t nevezt\u00e9k ki. Naponta egy vagon gabon\u00e1t \u0151r\u00f6ltek nyolc alkalmazottal. K\u00e9s\u0151bb a szomsz\u00e9dos falvak malmait, v\u00e1nyol\u00f3it \u00e9s m\u00e1s termel\u0151egys\u00e9geit egyes\u00edtett\u00e9k( Jobb\u00e1gyfalva, Ny\u00e1r\u00e1dszereda, S\u00f3v\u00e1rad, Havad, Kelementelke, Erd\u0151szentgy\u00f6rgy, Kib\u00e9d, Ny\u00e1r\u00e1dmagyaros, B\u00faza, Dem\u00e9nyh\u00e1za, Jobb\u00e1gytelke, Ernye Szov\u00e1ta), \u00e9s l\u00e9trehozt\u00e1k az Intreprinderile Steagul Ro\u015fu v\u00e1llalatot (1950. j\u00fal. 1.\u2013), amelynek sz\u00e9khelye Ny\u00e1r\u00e1dszered\u00e1ban volt, megb\u00edzott \u00fcgyvezet\u0151je Gy\u00f6rgy S\u00e1ndor, technikai vezet\u0151je Orb\u00e1n J\u00f3zsef, k\u00f6nyvel\u0151je Lokodi K\u00e1roly volt. Ez a v\u00e1llalkoz\u00e1s h\u00e1romf\u00e9le tev\u00e9kenys\u00e9get fejtett ki: \u00e9lelmiszeri, n\u00e9pm\u0171v\u00e9szeti \u00e9s \u00e9p\u00edt\u0151anyag (fa \u00e9s k\u0151) el\u0151\u00e1ll\u00edt\u00e1sit. A MP tagja, minden m. megmozdul\u00e1st seg\u00edtett. Hal\u00e1la ut\u00e1n feles\u00e9ge \u00e9s fiai \u2013 J\u00e1nos \u00e9s Lajos vezett\u00e9k a malmot. <br \/><strong>Irod.:<\/strong> Bartos Zolt\u00e1n; Ny\u00e1r\u00e1dszereda\u00a0: Kiskalauz\u00a0; Visnai<\/br><\/p>\n","protected":false},"excerpt":{"rendered":"<p>? \u2020 1940 k.?: malom tulajdonos. \u2013 Fiai: J\u00e1nos \u00e9s Lajos. \u2013 Malma volt Ny\u00e1r\u00e1dszered\u00e1ban (1923), a Ny\u00e1r\u00e1dra \u00e9p\u00edtett turbina l\u00e1tta el villany\u00e1rammal \u00e9s onnan akapta a v\u00e1ros is a vil\u00e1g\u00edt\u00e1shoz sz\u00fcks\u00e9ges \u00e1ramot. Megnemalkuv\u00f3 magatart\u00e1sa miatt kor\u00e1n meghalt. A fiai vezett\u00e9k tov\u00e1bb az \u00fczemet, a v\u00e1llalkoz\u00e1s Orb\u00e1n Malom \u00e9s V\u00e1nyol\u00f3 n\u00e9ven m\u0171k\u00f6d\u00f6tt (1948-ig). Az \u00e1llamos\u00edt\u00e1skor [&hellip;]<\/p>\n","protected":false},"featured_media":0,"comment_status":"open","ping_status":"closed","template":"","meta":[],"product_brand":[],"product_cat":[137],"product_tag":[],"class_list":{"0":"post-17144","1":"product","2":"type-product","3":"status-publish","5":"product_cat-maros-megyei-eletrajzi-lexikon","7":"first","8":"instock","9":"shipping-taxable","10":"product-type-simple"},"_links":{"self":[{"href":"https:\/\/uj.adatbank.ro\/lexikon\/wp-json\/wp\/v2\/product\/17144","targetHints":{"allow":["GET"]}}],"collection":[{"href":"https:\/\/uj.adatbank.ro\/lexikon\/wp-json\/wp\/v2\/product"}],"about":[{"href":"https:\/\/uj.adatbank.ro\/lexikon\/wp-json\/wp\/v2\/types\/product"}],"replies":[{"embeddable":true,"href":"https:\/\/uj.adatbank.ro\/lexikon\/wp-json\/wp\/v2\/comments?post=17144"}],"wp:attachment":[{"href":"https:\/\/uj.adatbank.ro\/lexikon\/wp-json\/wp\/v2\/media?parent=17144"}],"wp:term":[{"taxonomy":"product_brand","embeddable":true,"href":"https:\/\/uj.adatbank.ro\/lexikon\/wp-json\/wp\/v2\/product_brand?post=17144"},{"taxonomy":"product_cat","embeddable":true,"href":"https:\/\/uj.adatbank.ro\/lexikon\/wp-json\/wp\/v2\/product_cat?post=17144"},{"taxonomy":"product_tag","embeddable":true,"href":"https:\/\/uj.adatbank.ro\/lexikon\/wp-json\/wp\/v2\/product_tag?post=17144"}],"curies":[{"name":"wp","href":"https:\/\/api.w.org\/{rel}","templated":true}]}}

ORBÁN Sándor, §

<p>? † 1940 k.?: malom tulajdonos. – Fiai: János és Lajos. – Malma volt Nyárádszeredában (1923), a Nyárádra épített turbina látta el villanyárammal és onnan akapta a város is a világításhoz szükséges áramot. Megnemalkuvó magatartása miatt korán meghalt. A fiai vezették tovább az üzemet, a vállalkozás Orbán Malom és Ványoló néven működött (1948-ig). Az államosításkor a vállalkozás Nyárádszereda Községháza birtokába került minden ingatlannal együtt, de még a tulajdonos özvegyének egyéni javai is, amelyeket később visszaszolgáltattak (házi állatok, szárnyasok, stb.). Ügyvezetőnek Bodó János, 33 éves gépészt, a RMP tagját nevezték ki. Naponta egy vagon gabonát őröltek nyolc alkalmazottal. Később a szomszédos falvak malmait, ványolóit és más termelőegységeit egyesítették( Jobbágyfalva, Nyárádszereda, Sóvárad, Havad, Kelementelke, Erdőszentgyörgy, Kibéd, Nyárádmagyaros, Búza, Deményháza, Jobbágytelke, Ernye Szováta), és létrehozták az Intreprinderile Steagul Roşu vállalatot (1950. júl. 1.–), amelynek székhelye Nyárádszeredában volt, megbízott ügyvezetője György Sándor, technikai vezetője Orbán József, könyvelője Lokodi Károly volt. Ez a vállalkozás háromféle tevékenységet fejtett ki: élelmiszeri, népművészeti és építőanyag (fa és kő) előállításit. A MP tagja, minden m. megmozdulást segített. Halála után felesége és fiai – János és Lajos vezették a malmot. <br /><strong>Irod.:</strong> Bartos Zoltán; Nyárádszereda : Kiskalauz ; Visnai</br></p>

<p>? † 1940 k.?: malom tulajdonos. – Fiai: János és Lajos. – Malma volt Nyárádszeredában (1923), a Nyárádra épített turbina látta el villanyárammal és onnan akapta a város is a világításhoz szükséges áramot. Megnemalkuvó magatartása miatt korán meghalt. A fiai vezették tovább az üzemet, a vállalkozás Orbán Malom és Ványoló néven működött (1948-ig). Az államosításkor [&hellip;]</p>
