{"id":17149,"date":"2025-07-15T23:42:41","date_gmt":"2025-07-15T21:42:41","guid":{"rendered":"https:\/\/uj.adatbank.ro\/lexikon\/termek\/orbok-gyula-kokosi\/"},"modified":"2025-07-15T23:42:41","modified_gmt":"2025-07-15T21:42:41","slug":"orbok-gyula-kokosi","status":"publish","type":"product","link":"https:\/\/uj.adatbank.ro\/lexikon\/termek\/orbok-gyula-kokosi\/","title":{"rendered":"ORB\u00d3K Gyula, k\u00f6k\u00f6si"},"content":{"rendered":"<p>Sz\u00e9kelykocs\u00e1rd, 1892., \u2020\u00a0? : unit. lelk\u00e9sz. \u2013 Tanulm\u00e1nyait Kv.-on v\u00e9gezte, Cs\u00f3kfalv\u00e1n volt pap. Sz\u00e1mos egyh\u00e1zi egyes\u00fclet \u00e9s kult\u00farint\u00e9zm\u00e9ny vezet\u0151je \u00e9s eln\u00f6ke volt. A h\u00edvei megv\u00e1s\u00e1rolt\u00e1k a m\u00e1sodik harangot az unit. templom sz\u00e1m\u00e1ra (1925). Munkat\u00e1rsa volt az Erd\u00e9lyi M. Unit\u00e1rius Napt\u00e1rnak. \u2212<br \/><strong>Irod.:<\/strong> Ga\u00e1l 2001; Kelemen Imre; Sz\u00e9kelyf\u00f6ld \u00ed.k.<\/br><\/p>\n","protected":false},"excerpt":{"rendered":"<p>Sz\u00e9kelykocs\u00e1rd, 1892., \u2020\u00a0? : unit. lelk\u00e9sz. \u2013 Tanulm\u00e1nyait Kv.-on v\u00e9gezte, Cs\u00f3kfalv\u00e1n volt pap. Sz\u00e1mos egyh\u00e1zi egyes\u00fclet \u00e9s kult\u00farint\u00e9zm\u00e9ny vezet\u0151je \u00e9s eln\u00f6ke volt. A h\u00edvei megv\u00e1s\u00e1rolt\u00e1k a m\u00e1sodik harangot az unit. templom sz\u00e1m\u00e1ra (1925). Munkat\u00e1rsa volt az Erd\u00e9lyi M. Unit\u00e1rius Napt\u00e1rnak. \u2212Irod.: Ga\u00e1l 2001; Kelemen Imre; Sz\u00e9kelyf\u00f6ld \u00ed.k.<\/p>\n","protected":false},"featured_media":0,"comment_status":"open","ping_status":"closed","template":"","meta":[],"product_brand":[],"product_cat":[137],"product_tag":[],"class_list":{"0":"post-17149","1":"product","2":"type-product","3":"status-publish","5":"product_cat-maros-megyei-eletrajzi-lexikon","7":"first","8":"instock","9":"shipping-taxable","10":"product-type-simple"},"_links":{"self":[{"href":"https:\/\/uj.adatbank.ro\/lexikon\/wp-json\/wp\/v2\/product\/17149","targetHints":{"allow":["GET"]}}],"collection":[{"href":"https:\/\/uj.adatbank.ro\/lexikon\/wp-json\/wp\/v2\/product"}],"about":[{"href":"https:\/\/uj.adatbank.ro\/lexikon\/wp-json\/wp\/v2\/types\/product"}],"replies":[{"embeddable":true,"href":"https:\/\/uj.adatbank.ro\/lexikon\/wp-json\/wp\/v2\/comments?post=17149"}],"wp:attachment":[{"href":"https:\/\/uj.adatbank.ro\/lexikon\/wp-json\/wp\/v2\/media?parent=17149"}],"wp:term":[{"taxonomy":"product_brand","embeddable":true,"href":"https:\/\/uj.adatbank.ro\/lexikon\/wp-json\/wp\/v2\/product_brand?post=17149"},{"taxonomy":"product_cat","embeddable":true,"href":"https:\/\/uj.adatbank.ro\/lexikon\/wp-json\/wp\/v2\/product_cat?post=17149"},{"taxonomy":"product_tag","embeddable":true,"href":"https:\/\/uj.adatbank.ro\/lexikon\/wp-json\/wp\/v2\/product_tag?post=17149"}],"curies":[{"name":"wp","href":"https:\/\/api.w.org\/{rel}","templated":true}]}}