{"id":17150,"date":"2025-07-15T23:42:43","date_gmt":"2025-07-15T21:42:43","guid":{"rendered":"https:\/\/uj.adatbank.ro\/lexikon\/termek\/orbok-kata-thorockai-jozsefne\/"},"modified":"2025-07-15T23:42:43","modified_gmt":"2025-07-15T21:42:43","slug":"orbok-kata-thorockai-jozsefne","status":"publish","type":"product","link":"https:\/\/uj.adatbank.ro\/lexikon\/termek\/orbok-kata-thorockai-jozsefne\/","title":{"rendered":"ORB\u00d3K Kata, Thorockai J\u00f3zsefn\u00e9"},"content":{"rendered":"<p>? \u2020\u00a0? 1798.: a ny\u00e1r\u00e1dszentm\u00e1rtoni unit\u00e1rius templom fal\u00e1ba van be\u00e9p\u00edtve a s\u00edrk\u00f6ve, a csal\u00e1d k\u0151bev\u00e9sett c\u00edmere \u00e1ll a bej\u00e1rat f\u00f6l\u00f6tt \u00e9s a sz\u00f3sz\u00e9kkoron\u00e1t is a csal\u00e1d \u00e9p\u00edtette (1772). <br \/><strong>Irod.:<\/strong> Cs\u00edkfalva; Ny\u00e1r\u00e1d mente; Ny\u00e1r\u00e1dmente<\/br><\/p>\n","protected":false},"excerpt":{"rendered":"<p>? \u2020\u00a0? 1798.: a ny\u00e1r\u00e1dszentm\u00e1rtoni unit\u00e1rius templom fal\u00e1ba van be\u00e9p\u00edtve a s\u00edrk\u00f6ve, a csal\u00e1d k\u0151bev\u00e9sett c\u00edmere \u00e1ll a bej\u00e1rat f\u00f6l\u00f6tt \u00e9s a sz\u00f3sz\u00e9kkoron\u00e1t is a csal\u00e1d \u00e9p\u00edtette (1772). Irod.: Cs\u00edkfalva; Ny\u00e1r\u00e1d mente; Ny\u00e1r\u00e1dmente<\/p>\n","protected":false},"featured_media":0,"comment_status":"open","ping_status":"closed","template":"","meta":[],"product_brand":[],"product_cat":[137],"product_tag":[],"class_list":{"0":"post-17150","1":"product","2":"type-product","3":"status-publish","5":"product_cat-maros-megyei-eletrajzi-lexikon","7":"first","8":"instock","9":"shipping-taxable","10":"product-type-simple"},"_links":{"self":[{"href":"https:\/\/uj.adatbank.ro\/lexikon\/wp-json\/wp\/v2\/product\/17150","targetHints":{"allow":["GET"]}}],"collection":[{"href":"https:\/\/uj.adatbank.ro\/lexikon\/wp-json\/wp\/v2\/product"}],"about":[{"href":"https:\/\/uj.adatbank.ro\/lexikon\/wp-json\/wp\/v2\/types\/product"}],"replies":[{"embeddable":true,"href":"https:\/\/uj.adatbank.ro\/lexikon\/wp-json\/wp\/v2\/comments?post=17150"}],"wp:attachment":[{"href":"https:\/\/uj.adatbank.ro\/lexikon\/wp-json\/wp\/v2\/media?parent=17150"}],"wp:term":[{"taxonomy":"product_brand","embeddable":true,"href":"https:\/\/uj.adatbank.ro\/lexikon\/wp-json\/wp\/v2\/product_brand?post=17150"},{"taxonomy":"product_cat","embeddable":true,"href":"https:\/\/uj.adatbank.ro\/lexikon\/wp-json\/wp\/v2\/product_cat?post=17150"},{"taxonomy":"product_tag","embeddable":true,"href":"https:\/\/uj.adatbank.ro\/lexikon\/wp-json\/wp\/v2\/product_tag?post=17150"}],"curies":[{"name":"wp","href":"https:\/\/api.w.org\/{rel}","templated":true}]}}