{"id":17156,"date":"2025-07-15T23:42:54","date_gmt":"2025-07-15T21:42:54","guid":{"rendered":"https:\/\/uj.adatbank.ro\/lexikon\/termek\/ordog-jozsef-szentlaszloi\/"},"modified":"2025-07-15T23:42:54","modified_gmt":"2025-07-15T21:42:54","slug":"ordog-jozsef-szentlaszloi","status":"publish","type":"product","link":"https:\/\/uj.adatbank.ro\/lexikon\/termek\/ordog-jozsef-szentlaszloi\/","title":{"rendered":"\u00d6RD\u00d6G J\u00f3zsef, szentl\u00e1szl\u00f3i"},"content":{"rendered":"<p>Holtmaros, 1875., \u2020\u00a0?\u00a0: gazd\u00e1lkod\u00f3.- N\u00e9gy k\u00f6z\u00e9piskolai oszt\u00e1ly elv\u00e9gz\u00e9se ut\u00e1n Holtmaroson belterjes gazd\u00e1lkod\u00e1st v\u00e9gzett \u00e9s haszon\u00e1llat teny\u00e9szt\u00e9ssel is foglalkozott. A Hangya \u00e9s a Gazdak\u00f6r valamint a MP tagja. Az els\u0151 vil\u00e1gh\u00e1bor\u00faban az alb\u00e1n fronton harcolt, mint tizedes szerelt le, a bronz vit\u00e9zi \u00e9rem tulajdonosa. Hazafias \u00e9s kultur\u00e1lis egyes\u00fcletek lelkes t\u00e1mogat\u00f3ja. <br \/><strong>Irod.:<\/strong> Sz\u00e9kelyf\u00f6ld \u00ed.k.<\/br><\/p>\n","protected":false},"excerpt":{"rendered":"<p>Holtmaros, 1875., \u2020\u00a0?\u00a0: gazd\u00e1lkod\u00f3.- N\u00e9gy k\u00f6z\u00e9piskolai oszt\u00e1ly elv\u00e9gz\u00e9se ut\u00e1n Holtmaroson belterjes gazd\u00e1lkod\u00e1st v\u00e9gzett \u00e9s haszon\u00e1llat teny\u00e9szt\u00e9ssel is foglalkozott. A Hangya \u00e9s a Gazdak\u00f6r valamint a MP tagja. Az els\u0151 vil\u00e1gh\u00e1bor\u00faban az alb\u00e1n fronton harcolt, mint tizedes szerelt le, a bronz vit\u00e9zi \u00e9rem tulajdonosa. Hazafias \u00e9s kultur\u00e1lis egyes\u00fcletek lelkes t\u00e1mogat\u00f3ja. Irod.: Sz\u00e9kelyf\u00f6ld \u00ed.k.<\/p>\n","protected":false},"featured_media":0,"comment_status":"open","ping_status":"closed","template":"","meta":[],"product_brand":[],"product_cat":[137],"product_tag":[],"class_list":{"0":"post-17156","1":"product","2":"type-product","3":"status-publish","5":"product_cat-maros-megyei-eletrajzi-lexikon","7":"first","8":"instock","9":"shipping-taxable","10":"product-type-simple"},"_links":{"self":[{"href":"https:\/\/uj.adatbank.ro\/lexikon\/wp-json\/wp\/v2\/product\/17156","targetHints":{"allow":["GET"]}}],"collection":[{"href":"https:\/\/uj.adatbank.ro\/lexikon\/wp-json\/wp\/v2\/product"}],"about":[{"href":"https:\/\/uj.adatbank.ro\/lexikon\/wp-json\/wp\/v2\/types\/product"}],"replies":[{"embeddable":true,"href":"https:\/\/uj.adatbank.ro\/lexikon\/wp-json\/wp\/v2\/comments?post=17156"}],"wp:attachment":[{"href":"https:\/\/uj.adatbank.ro\/lexikon\/wp-json\/wp\/v2\/media?parent=17156"}],"wp:term":[{"taxonomy":"product_brand","embeddable":true,"href":"https:\/\/uj.adatbank.ro\/lexikon\/wp-json\/wp\/v2\/product_brand?post=17156"},{"taxonomy":"product_cat","embeddable":true,"href":"https:\/\/uj.adatbank.ro\/lexikon\/wp-json\/wp\/v2\/product_cat?post=17156"},{"taxonomy":"product_tag","embeddable":true,"href":"https:\/\/uj.adatbank.ro\/lexikon\/wp-json\/wp\/v2\/product_tag?post=17156"}],"curies":[{"name":"wp","href":"https:\/\/api.w.org\/{rel}","templated":true}]}}