{"id":1716,"date":"2025-06-28T11:50:54","date_gmt":"2025-06-28T09:50:54","guid":{"rendered":"https:\/\/uj.adatbank.ro\/lexikon\/termek\/albert-friedrich\/"},"modified":"2025-06-28T11:50:54","modified_gmt":"2025-06-28T09:50:54","slug":"albert-friedrich","status":"publish","type":"product","link":"https:\/\/uj.adatbank.ro\/lexikon\/termek\/albert-friedrich\/","title":{"rendered":"ALBERT Friedrich"},"content":{"rendered":"<p>Segesv\u00e1r, 1873. dec. 24., \u2020\u00a0Segesv\u00e1r, 1922. okt. 8.: b\u00edr\u00f3, szerk. \u2013 Fritz Albert tan\u00e1r fia. A segesv\u00e1ri gimn.-ban \u00e9retts\u00e9gizett. El\u0151tanulm\u00e1nyait Debrecenben v\u00e9gezte, a berlini egy. Jogtud. Kar\u00e1n tanult (1894. okt. 27.\u20131895. aug. 2.), tanulm\u00e1nyait Bp.-en fejezte be. Albert Arz von Straussenburg \u00fcgyv\u00e9di irod.-ban, majd egy szebeni bank jogi oszt\u00e1ly\u00e1n dolgozott. A segesv\u00e1ri Sch\u00e4ssburger Zeitung (1913\u201319), majd Gross-Kokler Bote (1920\u2013) szerk.-je. A Segesv\u00e1ri Ker\u00fcleti B\u00edr\u00f3s\u00e1g gyakornoka (1919\u2013), majd b\u00edr\u00f3 hal\u00e1l\u00e1ig. <br \/><strong>Irod.:<\/strong> Popt\u0103ma\u015f\u2013M\u00f3zes; Szab\u00f3\u2013Simon\u2013Sz\u00f6gi<\/br><\/p>\n","protected":false},"excerpt":{"rendered":"<p>Segesv\u00e1r, 1873. dec. 24., \u2020\u00a0Segesv\u00e1r, 1922. okt. 8.: b\u00edr\u00f3, szerk. \u2013 Fritz Albert tan\u00e1r fia. A segesv\u00e1ri gimn.-ban \u00e9retts\u00e9gizett. El\u0151tanulm\u00e1nyait Debrecenben v\u00e9gezte, a berlini egy. Jogtud. Kar\u00e1n tanult (1894. okt. 27.\u20131895. aug. 2.), tanulm\u00e1nyait Bp.-en fejezte be. Albert Arz von Straussenburg \u00fcgyv\u00e9di irod.-ban, majd egy szebeni bank jogi oszt\u00e1ly\u00e1n dolgozott. A segesv\u00e1ri Sch\u00e4ssburger Zeitung (1913\u201319), [&hellip;]<\/p>\n","protected":false},"featured_media":0,"comment_status":"open","ping_status":"closed","template":"","meta":[],"product_brand":[],"product_cat":[137],"product_tag":[],"class_list":{"0":"post-1716","1":"product","2":"type-product","3":"status-publish","5":"product_cat-maros-megyei-eletrajzi-lexikon","7":"first","8":"instock","9":"shipping-taxable","10":"product-type-simple"},"_links":{"self":[{"href":"https:\/\/uj.adatbank.ro\/lexikon\/wp-json\/wp\/v2\/product\/1716","targetHints":{"allow":["GET"]}}],"collection":[{"href":"https:\/\/uj.adatbank.ro\/lexikon\/wp-json\/wp\/v2\/product"}],"about":[{"href":"https:\/\/uj.adatbank.ro\/lexikon\/wp-json\/wp\/v2\/types\/product"}],"replies":[{"embeddable":true,"href":"https:\/\/uj.adatbank.ro\/lexikon\/wp-json\/wp\/v2\/comments?post=1716"}],"wp:attachment":[{"href":"https:\/\/uj.adatbank.ro\/lexikon\/wp-json\/wp\/v2\/media?parent=1716"}],"wp:term":[{"taxonomy":"product_brand","embeddable":true,"href":"https:\/\/uj.adatbank.ro\/lexikon\/wp-json\/wp\/v2\/product_brand?post=1716"},{"taxonomy":"product_cat","embeddable":true,"href":"https:\/\/uj.adatbank.ro\/lexikon\/wp-json\/wp\/v2\/product_cat?post=1716"},{"taxonomy":"product_tag","embeddable":true,"href":"https:\/\/uj.adatbank.ro\/lexikon\/wp-json\/wp\/v2\/product_tag?post=1716"}],"curies":[{"name":"wp","href":"https:\/\/api.w.org\/{rel}","templated":true}]}}

<p>Segesvár, 1873. dec. 24., † Segesvár, 1922. okt. 8.: bíró, szerk. – Fritz Albert tanár fia. A segesvári gimn.-ban érettségizett. Előtanulmányait Debrecenben végezte, a berlini egy. Jogtud. Karán tanult (1894. okt. 27.–1895. aug. 2.), tanulmányait Bp.-en fejezte be. Albert Arz von Straussenburg ügyvédi irod.-ban, majd egy szebeni bank jogi osztályán dolgozott. A segesvári Schässburger Zeitung (1913–19), majd Gross-Kokler Bote (1920–) szerk.-je. A Segesvári Kerületi Bíróság gyakornoka (1919–), majd bíró haláláig. <br /><strong>Irod.:</strong> Poptămaş–Mózes; Szabó–Simon–Szögi</br></p>

<p>Segesvár, 1873. dec. 24., † Segesvár, 1922. okt. 8.: bíró, szerk. – Fritz Albert tanár fia. A segesvári gimn.-ban érettségizett. Előtanulmányait Debrecenben végezte, a berlini egy. Jogtud. Karán tanult (1894. okt. 27.–1895. aug. 2.), tanulmányait Bp.-en fejezte be. Albert Arz von Straussenburg ügyvédi irod.-ban, majd egy szebeni bank jogi osztályán dolgozott. A segesvári Schässburger Zeitung (1913–19), [&hellip;]</p>
