{"id":1718,"date":"2025-06-28T11:50:59","date_gmt":"2025-06-28T09:50:59","guid":{"rendered":"https:\/\/uj.adatbank.ro\/lexikon\/termek\/albert-gyula\/"},"modified":"2025-06-28T11:50:59","modified_gmt":"2025-06-28T09:50:59","slug":"albert-gyula","status":"publish","type":"product","link":"https:\/\/uj.adatbank.ro\/lexikon\/termek\/albert-gyula\/","title":{"rendered":"ALBERT Gyula"},"content":{"rendered":"<p>Segesv\u00e1r, 1877. jan. 23., \u2020 ? : ev. lelk\u00e9sz, tan\u00e1r, \u00edr\u00f3. \u2013 A gimn.-ot sz\u00fcl\u0151v\u00e1ros\u00e1ban v\u00e9gezte (1895). A j\u00e9nai, berlini, kv-i \u00e9s hallei egyetemeken tanult teol\u00f3gi\u00e1t, latint \u00e9s t\u00f6rt\u00e9nelmet; tan\u00e1ri (1902), majd teol\u00f3giai vizsg\u00e1t (1904) tett. El\u0151bb a segesv\u00e1ri Ev. Polg\u00e1ri Le\u00e1nyiskola, majd a sz\u00e1szr\u00e9geni Ev. Algimn. tan\u00e1ra volt (1905\u2013). Tan\u00e1ri sz\u00e9kfoglal\u00f3ja a Sz\u00e1szr\u00e9geni Ev. Algimn. \u00e9rtes\u00edt\u0151j\u00e9ben (1908\/1909, 1910\/1911). \u2013 <strong>F. m.:<\/strong> Geschichtwissenschaft und Geschichtsunterricht. <br \/><strong>Irod.:<\/strong> Guly\u00e1s<\/br><\/p>\n","protected":false},"excerpt":{"rendered":"<p>Segesv\u00e1r, 1877. jan. 23., \u2020 ? : ev. lelk\u00e9sz, tan\u00e1r, \u00edr\u00f3. \u2013 A gimn.-ot sz\u00fcl\u0151v\u00e1ros\u00e1ban v\u00e9gezte (1895). A j\u00e9nai, berlini, kv-i \u00e9s hallei egyetemeken tanult teol\u00f3gi\u00e1t, latint \u00e9s t\u00f6rt\u00e9nelmet; tan\u00e1ri (1902), majd teol\u00f3giai vizsg\u00e1t (1904) tett. El\u0151bb a segesv\u00e1ri Ev. Polg\u00e1ri Le\u00e1nyiskola, majd a sz\u00e1szr\u00e9geni Ev. Algimn. tan\u00e1ra volt (1905\u2013). Tan\u00e1ri sz\u00e9kfoglal\u00f3ja a Sz\u00e1szr\u00e9geni Ev. [&hellip;]<\/p>\n","protected":false},"featured_media":0,"comment_status":"open","ping_status":"closed","template":"","meta":[],"product_brand":[],"product_cat":[137],"product_tag":[],"class_list":{"0":"post-1718","1":"product","2":"type-product","3":"status-publish","5":"product_cat-maros-megyei-eletrajzi-lexikon","7":"first","8":"instock","9":"shipping-taxable","10":"product-type-simple"},"_links":{"self":[{"href":"https:\/\/uj.adatbank.ro\/lexikon\/wp-json\/wp\/v2\/product\/1718","targetHints":{"allow":["GET"]}}],"collection":[{"href":"https:\/\/uj.adatbank.ro\/lexikon\/wp-json\/wp\/v2\/product"}],"about":[{"href":"https:\/\/uj.adatbank.ro\/lexikon\/wp-json\/wp\/v2\/types\/product"}],"replies":[{"embeddable":true,"href":"https:\/\/uj.adatbank.ro\/lexikon\/wp-json\/wp\/v2\/comments?post=1718"}],"wp:attachment":[{"href":"https:\/\/uj.adatbank.ro\/lexikon\/wp-json\/wp\/v2\/media?parent=1718"}],"wp:term":[{"taxonomy":"product_brand","embeddable":true,"href":"https:\/\/uj.adatbank.ro\/lexikon\/wp-json\/wp\/v2\/product_brand?post=1718"},{"taxonomy":"product_cat","embeddable":true,"href":"https:\/\/uj.adatbank.ro\/lexikon\/wp-json\/wp\/v2\/product_cat?post=1718"},{"taxonomy":"product_tag","embeddable":true,"href":"https:\/\/uj.adatbank.ro\/lexikon\/wp-json\/wp\/v2\/product_tag?post=1718"}],"curies":[{"name":"wp","href":"https:\/\/api.w.org\/{rel}","templated":true}]}}

<p>Segesvár, 1877. jan. 23., † ? : ev. lelkész, tanár, író. – A gimn.-ot szülővárosában végezte (1895). A jénai, berlini, kv-i és hallei egyetemeken tanult teológiát, latint és történelmet; tanári (1902), majd teológiai vizsgát (1904) tett. Előbb a segesvári Ev. Polgári Leányiskola, majd a szászrégeni Ev. Algimn. tanára volt (1905–). Tanári székfoglalója a Szászrégeni Ev. Algimn. értesítőjében (1908/1909, 1910/1911). – <strong>F. m.:</strong> Geschichtwissenschaft und Geschichtsunterricht. <br /><strong>Irod.:</strong> Gulyás</br></p>

<p>Segesvár, 1877. jan. 23., † ? : ev. lelkész, tanár, író. – A gimn.-ot szülővárosában végezte (1895). A jénai, berlini, kv-i és hallei egyetemeken tanult teológiát, latint és történelmet; tanári (1902), majd teológiai vizsgát (1904) tett. Előbb a segesvári Ev. Polgári Leányiskola, majd a szászrégeni Ev. Algimn. tanára volt (1905–). Tanári székfoglalója a Szászrégeni Ev. [&hellip;]</p>
