{"id":1720,"date":"2025-06-28T11:51:02","date_gmt":"2025-06-28T09:51:02","guid":{"rendered":"https:\/\/uj.adatbank.ro\/lexikon\/termek\/albert-istvan-2\/"},"modified":"2025-06-28T11:51:02","modified_gmt":"2025-06-28T09:51:02","slug":"albert-istvan-2","status":"publish","type":"product","link":"https:\/\/uj.adatbank.ro\/lexikon\/termek\/albert-istvan-2\/","title":{"rendered":"ALBERT Istv\u00e1n"},"content":{"rendered":"<p>Farkaslaka, 1870. aug. 3., \u2020 1928. jan. 24.: r. k. pap. \u2013 Tanult Sz\u00e9kelyudvarhelyen \u00e9s a teol\u00f3gi\u00e1t Gyulafeh\u00e9rv\u00e1ron v\u00e9gezte. Papp\u00e1 szentelt\u00e9k (1893. j\u00fal. 16.). K\u00e1pl\u00e1n volt Ditr\u00f3ban, Marosh\u00e9v\u00edzen (1901\u201311), G\u00f6rg\u00e9nyszentimr\u00e9n (1904), Eheden lelkip\u00e1sztor (1911\u201328). <br \/><strong>Irod.:<\/strong> Ferenczi S\u00e1ndor 2009<\/br><\/p>\n","protected":false},"excerpt":{"rendered":"<p>Farkaslaka, 1870. aug. 3., \u2020 1928. jan. 24.: r. k. pap. \u2013 Tanult Sz\u00e9kelyudvarhelyen \u00e9s a teol\u00f3gi\u00e1t Gyulafeh\u00e9rv\u00e1ron v\u00e9gezte. Papp\u00e1 szentelt\u00e9k (1893. j\u00fal. 16.). K\u00e1pl\u00e1n volt Ditr\u00f3ban, Marosh\u00e9v\u00edzen (1901\u201311), G\u00f6rg\u00e9nyszentimr\u00e9n (1904), Eheden lelkip\u00e1sztor (1911\u201328). Irod.: Ferenczi S\u00e1ndor 2009<\/p>\n","protected":false},"featured_media":0,"comment_status":"open","ping_status":"closed","template":"","meta":[],"product_brand":[],"product_cat":[137],"product_tag":[],"class_list":{"0":"post-1720","1":"product","2":"type-product","3":"status-publish","5":"product_cat-maros-megyei-eletrajzi-lexikon","7":"first","8":"instock","9":"shipping-taxable","10":"product-type-simple"},"_links":{"self":[{"href":"https:\/\/uj.adatbank.ro\/lexikon\/wp-json\/wp\/v2\/product\/1720","targetHints":{"allow":["GET"]}}],"collection":[{"href":"https:\/\/uj.adatbank.ro\/lexikon\/wp-json\/wp\/v2\/product"}],"about":[{"href":"https:\/\/uj.adatbank.ro\/lexikon\/wp-json\/wp\/v2\/types\/product"}],"replies":[{"embeddable":true,"href":"https:\/\/uj.adatbank.ro\/lexikon\/wp-json\/wp\/v2\/comments?post=1720"}],"wp:attachment":[{"href":"https:\/\/uj.adatbank.ro\/lexikon\/wp-json\/wp\/v2\/media?parent=1720"}],"wp:term":[{"taxonomy":"product_brand","embeddable":true,"href":"https:\/\/uj.adatbank.ro\/lexikon\/wp-json\/wp\/v2\/product_brand?post=1720"},{"taxonomy":"product_cat","embeddable":true,"href":"https:\/\/uj.adatbank.ro\/lexikon\/wp-json\/wp\/v2\/product_cat?post=1720"},{"taxonomy":"product_tag","embeddable":true,"href":"https:\/\/uj.adatbank.ro\/lexikon\/wp-json\/wp\/v2\/product_tag?post=1720"}],"curies":[{"name":"wp","href":"https:\/\/api.w.org\/{rel}","templated":true}]}}