{"id":1721,"date":"2025-06-28T11:51:03","date_gmt":"2025-06-28T09:51:03","guid":{"rendered":"https:\/\/uj.adatbank.ro\/lexikon\/termek\/albert-janos\/"},"modified":"2025-06-28T11:51:03","modified_gmt":"2025-06-28T09:51:03","slug":"albert-janos","status":"publish","type":"product","link":"https:\/\/uj.adatbank.ro\/lexikon\/termek\/albert-janos\/","title":{"rendered":"ALBERT J\u00e1nos"},"content":{"rendered":"<p>Ny\u00e1r\u00e1dszentl\u00e1szl\u00f3, 1821. szept. 11., \u2020 Torda, 1908. nov. 7.: unit. lelk\u00e9sz, tan\u00e1r. \u2013 Sz\u00e9kelykereszt\u00faron tanult az unit. algimn.-ban (1830\u201339), majd a kv.-i f\u0151gimn.-ban (1839\u201345), jogot is hallgatott a kv.-i ref. koll.-ban. Seg\u00e9d lelk\u00e9sz volt Kv.-on. Megv\u00e1lasztott\u00e1k tordai lelk\u00e9sznek (1845), ahol d\u00edjtalanul tan\u00edtott az Unit. Gimn.-ban, azut\u00e1n rendes tan\u00e1r lett (1856). A gimn.-ot \u00fajj\u00e1szervezte (1849), \u00e9s vezette \u00fcgyeit (\u20131850). Latin nyelvet, \u00e9kessz\u00f3l\u00e1st \u00e9s erk\u00f6lcstant tan\u00edtott. A gimn.-nak t\u00f6bb \u00edzben ideiglenes igazgat\u00f3ja volt (1856\/57, 1864\/65, 1870\/71). \u00c9rdemei elismer\u00e9sek\u00e9nt az iskola vezet\u0151s\u00e9ge \u00e9lete v\u00e9g\u00e9ig az igazgat\u00f3s\u00e1g tagj\u00e1nak tekintette. A tordai unit. egyh\u00e1zk\u00f6zs\u00e9g meg\u00fcnnepelte m\u0171k\u00f6d\u00e9s\u00e9nek 40. \u00e9s 50. jubileum\u00e1t. A Kereszt\u00e9ny Magvet\u0151 \u00e1lland\u00f3 munkat\u00e1rsa (1861-t\u0151l). Cikkeiben t\u00f6bb egyh\u00e1zt\u00f6rt\u00e9nelmi adatot is k\u00f6z\u00f6lt. M\u0171vei: alkalmi besz\u00e9dek, im\u00e1k \u00e9s agend\u00e1k, \u00fcnnepi besz\u00e9dek: egyh\u00e1z\u00e1nak h\u00e1romsz\u00e1zados (1868.), D\u00e1vid Ferenc hal\u00e1l\u00e1nak h\u00e1romsz\u00e1zados eml\u00e9k\u00fcnnep\u00e9n (1879.), a bp.-i unit. egyh\u00e1z megalap\u00edt\u00e1si \u00fcnnep\u00e9n (1881), nyugalomba l\u00e9ptekor (B\u00facs\u00fa a papi p\u00e1ly\u00e1t\u00f3l, 1897), ut\u00f3da, Sim\u00f3 J\u00e1nos beiktat\u00e1s\u00e1n (1897); gy\u00e1szbesz\u00e9deket tartott: Sim\u00e9n Gy. (1839.) \u00e9s Fekete Ferenc (1884.) felett s gr. Sz\u00e9chenyi Istv\u00e1n (1860.) \u00e9s R\u00e9diger K\u00e1roly (1860) eml\u00e9k\u00e9re. \u00c1tn\u00e9zte \u00e9s kis r\u00e9szben \u0151 v\u00e9gezte a Szent\u00e1brah\u00e1mi Lombard Mih\u00e1ly Systema\u2026c. m\u0171v\u00e9nek ford\u00edt\u00e1s\u00e1t (1899.). \u2013 <strong>F. m.:<\/strong> P\u00e1ly\u00e1m eml\u00e9kezete c. \u00f6n\u00e9letrajza (Kereszt\u00e9ny Magvet\u0151, 1885 ); Gr\u00f3f Sz\u00e9chenyi Istv\u00e1n eml\u00e9kezete (Kv, 1860); Er\u00e9ny a csal\u00e1d, haza \u00e9s vall\u00e1s \u00e9letk\u00f6r\u00e9b\u0151l.: Abrudb\u00e1nyai id. R\u00e9diger Andr\u00e1s eml\u00e9k\u00e9re (Kv., 1860); Az unit\u00e1riusok h\u00e1romsz\u00e1zados zsinati \u00fcnnep\u00e9ly\u00e9nek eml\u00e9ke&#8230; (Kv., 1868. K\u00f6ny\u00f6rg\u00e9s a zsinat szombatestv\u00e9j\u00e9n); Imak\u00f6nyv templomi haszn\u00e1latra (Kv., 1873); Fekete Ferencz eml\u00e9ke egy r\u00f6vid k\u00f6ny\u00f6rg\u00e9sben (Kv., 1884). <br \/><strong>Irod.:<\/strong> R\u00daL; Szinnyei, Varga D\u00e9nes: A Tordai Unit. Gimn. t\u00f6rt\u00e9nete (Torda, 1907); Zov\u00e1nyi<\/br><\/p>\n","protected":false},"excerpt":{"rendered":"<p>Ny\u00e1r\u00e1dszentl\u00e1szl\u00f3, 1821. szept. 11., \u2020 Torda, 1908. nov. 7.: unit. lelk\u00e9sz, tan\u00e1r. \u2013 Sz\u00e9kelykereszt\u00faron tanult az unit. algimn.-ban (1830\u201339), majd a kv.-i f\u0151gimn.-ban (1839\u201345), jogot is hallgatott a kv.-i ref. koll.-ban. Seg\u00e9d lelk\u00e9sz volt Kv.-on. Megv\u00e1lasztott\u00e1k tordai lelk\u00e9sznek (1845), ahol d\u00edjtalanul tan\u00edtott az Unit. Gimn.-ban, azut\u00e1n rendes tan\u00e1r lett (1856). A gimn.-ot \u00fajj\u00e1szervezte (1849), \u00e9s [&hellip;]<\/p>\n","protected":false},"featured_media":0,"comment_status":"open","ping_status":"closed","template":"","meta":[],"product_brand":[],"product_cat":[137],"product_tag":[],"class_list":{"0":"post-1721","1":"product","2":"type-product","3":"status-publish","5":"product_cat-maros-megyei-eletrajzi-lexikon","7":"first","8":"instock","9":"shipping-taxable","10":"product-type-simple"},"_links":{"self":[{"href":"https:\/\/uj.adatbank.ro\/lexikon\/wp-json\/wp\/v2\/product\/1721","targetHints":{"allow":["GET"]}}],"collection":[{"href":"https:\/\/uj.adatbank.ro\/lexikon\/wp-json\/wp\/v2\/product"}],"about":[{"href":"https:\/\/uj.adatbank.ro\/lexikon\/wp-json\/wp\/v2\/types\/product"}],"replies":[{"embeddable":true,"href":"https:\/\/uj.adatbank.ro\/lexikon\/wp-json\/wp\/v2\/comments?post=1721"}],"wp:attachment":[{"href":"https:\/\/uj.adatbank.ro\/lexikon\/wp-json\/wp\/v2\/media?parent=1721"}],"wp:term":[{"taxonomy":"product_brand","embeddable":true,"href":"https:\/\/uj.adatbank.ro\/lexikon\/wp-json\/wp\/v2\/product_brand?post=1721"},{"taxonomy":"product_cat","embeddable":true,"href":"https:\/\/uj.adatbank.ro\/lexikon\/wp-json\/wp\/v2\/product_cat?post=1721"},{"taxonomy":"product_tag","embeddable":true,"href":"https:\/\/uj.adatbank.ro\/lexikon\/wp-json\/wp\/v2\/product_tag?post=1721"}],"curies":[{"name":"wp","href":"https:\/\/api.w.org\/{rel}","templated":true}]}}

ALBERT János

<p>Nyárádszentlászló, 1821. szept. 11., † Torda, 1908. nov. 7.: unit. lelkész, tanár. – Székelykeresztúron tanult az unit. algimn.-ban (1830–39), majd a kv.-i főgimn.-ban (1839–45), jogot is hallgatott a kv.-i ref. koll.-ban. Segéd lelkész volt Kv.-on. Megválasztották tordai lelkésznek (1845), ahol díjtalanul tanított az Unit. Gimn.-ban, azután rendes tanár lett (1856). A gimn.-ot újjászervezte (1849), és vezette ügyeit (–1850). Latin nyelvet, ékesszólást és erkölcstant tanított. A gimn.-nak több ízben ideiglenes igazgatója volt (1856/57, 1864/65, 1870/71). Érdemei elismeréseként az iskola vezetősége élete végéig az igazgatóság tagjának tekintette. A tordai unit. egyházközség megünnepelte működésének 40. és 50. jubileumát. A Keresztény Magvető állandó munkatársa (1861-től). Cikkeiben több egyháztörténelmi adatot is közölt. Művei: alkalmi beszédek, imák és agendák, ünnepi beszédek: egyházának háromszázados (1868.), Dávid Ferenc halálának háromszázados emlékünnepén (1879.), a bp.-i unit. egyház megalapítási ünnepén (1881), nyugalomba léptekor (Búcsú a papi pályától, 1897), utóda, Simó János beiktatásán (1897); gyászbeszédeket tartott: Simén Gy. (1839.) és Fekete Ferenc (1884.) felett s gr. Széchenyi István (1860.) és Rédiger Károly (1860) emlékére. Átnézte és kis részben ő végezte a Szentábrahámi Lombard Mihály Systema…c. művének fordítását (1899.). – <strong>F. m.:</strong> Pályám emlékezete c. önéletrajza (Keresztény Magvető, 1885 ); Gróf Széchenyi István emlékezete (Kv, 1860); Erény a család, haza és vallás életköréből.: Abrudbányai id. Rédiger András emlékére (Kv., 1860); Az unitáriusok háromszázados zsinati ünnepélyének emléke&#8230; (Kv., 1868. Könyörgés a zsinat szombatestvéjén); Imakönyv templomi használatra (Kv., 1873); Fekete Ferencz emléke egy rövid könyörgésben (Kv., 1884). <br /><strong>Irod.:</strong> RÚL; Szinnyei, Varga Dénes: A Tordai Unit. Gimn. története (Torda, 1907); Zoványi</br></p>

<p>Nyárádszentlászló, 1821. szept. 11., † Torda, 1908. nov. 7.: unit. lelkész, tanár. – Székelykeresztúron tanult az unit. algimn.-ban (1830–39), majd a kv.-i főgimn.-ban (1839–45), jogot is hallgatott a kv.-i ref. koll.-ban. Segéd lelkész volt Kv.-on. Megválasztották tordai lelkésznek (1845), ahol díjtalanul tanított az Unit. Gimn.-ban, azután rendes tanár lett (1856). A gimn.-ot újjászervezte (1849), és [&hellip;]</p>
