{"id":17217,"date":"2025-07-15T23:44:53","date_gmt":"2025-07-15T21:44:53","guid":{"rendered":"https:\/\/uj.adatbank.ro\/lexikon\/termek\/ory-zsuzsanna-tovissi-gergelyne\/"},"modified":"2025-07-16T12:03:21","modified_gmt":"2025-07-16T10:03:21","slug":"ory-zsuzsanna-tovissi-gergelyne","status":"publish","type":"product","link":"https:\/\/uj.adatbank.ro\/lexikon\/termek\/ory-zsuzsanna-tovissi-gergelyne\/","title":{"rendered":"\u0150RY Zsuzsanna; T\u00f6vissi Gergelyn\u00e9"},"content":{"rendered":"<p>? \u2020\u00a0? 1830.:\u00a0?.<br \/>\n<strong>Irod.:<\/strong> Tompa J\u00e1nos: Halotti besz\u00e9d&#8230; (Enyed, 1830)<\/p>\n","protected":false},"excerpt":{"rendered":"<p>? \u2020\u00a0? 1830.:\u00a0?. Irod.: Tompa J\u00e1nos: Halotti besz\u00e9d&#8230; (Enyed, 1830)<\/p>\n","protected":false},"featured_media":0,"comment_status":"open","ping_status":"closed","template":"","meta":[],"product_brand":[],"product_cat":[137],"product_tag":[],"class_list":{"0":"post-17217","1":"product","2":"type-product","3":"status-publish","5":"product_cat-maros-megyei-eletrajzi-lexikon","7":"first","8":"instock","9":"shipping-taxable","10":"product-type-simple"},"_links":{"self":[{"href":"https:\/\/uj.adatbank.ro\/lexikon\/wp-json\/wp\/v2\/product\/17217","targetHints":{"allow":["GET"]}}],"collection":[{"href":"https:\/\/uj.adatbank.ro\/lexikon\/wp-json\/wp\/v2\/product"}],"about":[{"href":"https:\/\/uj.adatbank.ro\/lexikon\/wp-json\/wp\/v2\/types\/product"}],"replies":[{"embeddable":true,"href":"https:\/\/uj.adatbank.ro\/lexikon\/wp-json\/wp\/v2\/comments?post=17217"}],"wp:attachment":[{"href":"https:\/\/uj.adatbank.ro\/lexikon\/wp-json\/wp\/v2\/media?parent=17217"}],"wp:term":[{"taxonomy":"product_brand","embeddable":true,"href":"https:\/\/uj.adatbank.ro\/lexikon\/wp-json\/wp\/v2\/product_brand?post=17217"},{"taxonomy":"product_cat","embeddable":true,"href":"https:\/\/uj.adatbank.ro\/lexikon\/wp-json\/wp\/v2\/product_cat?post=17217"},{"taxonomy":"product_tag","embeddable":true,"href":"https:\/\/uj.adatbank.ro\/lexikon\/wp-json\/wp\/v2\/product_tag?post=17217"}],"curies":[{"name":"wp","href":"https:\/\/api.w.org\/{rel}","templated":true}]}}