{"id":17219,"date":"2025-07-15T23:44:58","date_gmt":"2025-07-15T21:44:58","guid":{"rendered":"https:\/\/uj.adatbank.ro\/lexikon\/termek\/oseh-istvan\/"},"modified":"2025-07-15T23:44:58","modified_gmt":"2025-07-15T21:44:58","slug":"oseh-istvan","status":"publish","type":"product","link":"https:\/\/uj.adatbank.ro\/lexikon\/termek\/oseh-istvan\/","title":{"rendered":"\u00d6SEH Istv\u00e1n"},"content":{"rendered":"<p>Imecsfalva, 1878, \u2020\u00a0Nagyernye, ?\u00a0: tan\u00edt\u00f3. \u2013 Nagyerny\u00e9n v\u00e1lasztott\u00e1k meg katolikus k\u00e1ntortan\u00edt\u00f3nak (1899. okt. 7.- 1937). R\u00e9szt vett az I. vh.-ban (1914\u201318). Az orosz fronton mint g\u00e9ppusk\u00e1s harcolt. Hadnagyi rangban volt, kit\u00fcntett\u00e9k a K\u00e1roly Csapatkereszttel. A h\u00e1bor\u00fa ut\u00e1n L\u00e1szl\u00f3 Ferenccel a falu r. k. tan\u00edt\u00f3i voltak. Nem tudott rom\u00e1nul, helyette L\u00e1szl\u00f3 Ferenc lett az iskola igazgat\u00f3tan\u00edt\u00f3ja (1927\u2013). \u00daj k\u00e9ttantermes, t\u00e9gl\u00e1b\u00f3l, cser\u00e9ppel fedett iskol\u00e1t \u00e9p\u00edtettek (1902\u201303). \u00cdgy m\u00e1r, nyugd\u00edjba vonul\u00e1s\u00e1ig, k\u00e9t taner\u0151 oktatott (1937). Feles\u00e9ge Szenner Ida, az ernyei nagybirtokos, Sz. D\u00e1niel le\u00e1nya volt. <br \/><strong>Irod.:<\/strong> Erd\u00e9lyi ezredek; Maros-k\u00fck\u00fcll\u0151i f\u0151esp.; Nagyernye<\/br><\/p>\n","protected":false},"excerpt":{"rendered":"<p>Imecsfalva, 1878, \u2020\u00a0Nagyernye, ?\u00a0: tan\u00edt\u00f3. \u2013 Nagyerny\u00e9n v\u00e1lasztott\u00e1k meg katolikus k\u00e1ntortan\u00edt\u00f3nak (1899. okt. 7.- 1937). R\u00e9szt vett az I. vh.-ban (1914\u201318). Az orosz fronton mint g\u00e9ppusk\u00e1s harcolt. Hadnagyi rangban volt, kit\u00fcntett\u00e9k a K\u00e1roly Csapatkereszttel. A h\u00e1bor\u00fa ut\u00e1n L\u00e1szl\u00f3 Ferenccel a falu r. k. tan\u00edt\u00f3i voltak. Nem tudott rom\u00e1nul, helyette L\u00e1szl\u00f3 Ferenc lett az iskola igazgat\u00f3tan\u00edt\u00f3ja [&hellip;]<\/p>\n","protected":false},"featured_media":0,"comment_status":"open","ping_status":"closed","template":"","meta":[],"product_brand":[],"product_cat":[137],"product_tag":[],"class_list":{"0":"post-17219","1":"product","2":"type-product","3":"status-publish","5":"product_cat-maros-megyei-eletrajzi-lexikon","7":"first","8":"instock","9":"shipping-taxable","10":"product-type-simple"},"_links":{"self":[{"href":"https:\/\/uj.adatbank.ro\/lexikon\/wp-json\/wp\/v2\/product\/17219","targetHints":{"allow":["GET"]}}],"collection":[{"href":"https:\/\/uj.adatbank.ro\/lexikon\/wp-json\/wp\/v2\/product"}],"about":[{"href":"https:\/\/uj.adatbank.ro\/lexikon\/wp-json\/wp\/v2\/types\/product"}],"replies":[{"embeddable":true,"href":"https:\/\/uj.adatbank.ro\/lexikon\/wp-json\/wp\/v2\/comments?post=17219"}],"wp:attachment":[{"href":"https:\/\/uj.adatbank.ro\/lexikon\/wp-json\/wp\/v2\/media?parent=17219"}],"wp:term":[{"taxonomy":"product_brand","embeddable":true,"href":"https:\/\/uj.adatbank.ro\/lexikon\/wp-json\/wp\/v2\/product_brand?post=17219"},{"taxonomy":"product_cat","embeddable":true,"href":"https:\/\/uj.adatbank.ro\/lexikon\/wp-json\/wp\/v2\/product_cat?post=17219"},{"taxonomy":"product_tag","embeddable":true,"href":"https:\/\/uj.adatbank.ro\/lexikon\/wp-json\/wp\/v2\/product_tag?post=17219"}],"curies":[{"name":"wp","href":"https:\/\/api.w.org\/{rel}","templated":true}]}}