{"id":1725,"date":"2025-06-28T11:51:13","date_gmt":"2025-06-28T09:51:13","guid":{"rendered":"https:\/\/uj.adatbank.ro\/lexikon\/termek\/albert-janos-%c2%a7-makfalvi\/"},"modified":"2025-06-28T11:51:13","modified_gmt":"2025-06-28T09:51:13","slug":"albert-janos-%c2%a7-makfalvi","status":"publish","type":"product","link":"https:\/\/uj.adatbank.ro\/lexikon\/termek\/albert-janos-%c2%a7-makfalvi\/","title":{"rendered":"ALBERT J\u00e1nos, \u00a7 makfalvi"},"content":{"rendered":"<p>S\u00e1romberke, 1811. j\u00fan. 24., \u2020 Mv., 1876. aug. 12.: ref. lelk\u00e9sz. \u2013 Feles\u00e9ge: berekereszt\u00fari Ferenczi \u00c1gnes (1817- Berekereszt\u00far, 1885. j\u00fan. 24). \u2013 Tanulm\u00e1nyait Mv. \u00e9s k\u00fclf\u00f6ldi akad\u00e9mi\u00e1kon v\u00e9gezte. Seg\u00e9dlelk\u00e9sz, majd lelk\u00e9sz S\u00e1romberk\u00e9n (1837\u201347), Albert M\u00e1rton ut\u00f3djak\u00e9nt, \u00e9s Erd\u0151szengyelben (1842\u2013), majd a mv-i. V\u00e1rtemplomban szolg\u00e1lt (1842\u201352). A mv-i. Ref. Koll. professzora; r\u00e9sztvev\u0151je a Makk f\u00e9le \u00f6sszeesk\u00fcv\u00e9snek (1853). A katonai hadb\u00edr\u00f3s\u00e1g letart\u00f3ztatta (1852. jan. 24.), a szebeni hadb\u00edr\u00f3s\u00e1g 12 \u00e9vi v\u00e1rfogs\u00e1gra \u00edt\u00e9lte, Josephstadtban raboskodott amig kegyelmet kapott \u00e9s Ferenc J\u00f3zsef amnesztia-rendelet\u00e9vel szabadult (1857. m\u00e1j.). Hazat\u00e9rve r\u00e9gi \u00e1ll\u00e1s\u00e1ba nem ker\u00fclhetett vissza. Ny\u00e1r\u00e1dszentimr\u00e9n, majd Vaj\u00e1ban volt lelk\u00e9sz, betegs\u00e9ge miatt n\u00e9h\u00e1ny \u00e9v m\u00falva nyugd\u00edjba vonult. <br \/><strong>Irod.:<\/strong> B\u00f6jthe Andor; Id\u0151t\u00e1r 2.; Farcz\u00e1dy; Gy\u00e1szjelent\u0151; K\u00e1d\u00e1r Lajos N\u00fa. (N\u00fa., 2004. szept. 11); \u00d6tv\u00f6s J\u00f3zsef: 151 (N\u00fa., 2005. m\u00e1rc. 9.); \u00d6tv\u00f6s J\u00f3zsef: Adal\u00e9kok a v\u00e1rtemplom t\u00f6rt\u00e9net\u00e9hez (18) (\u00daj Kezdet, 1. sz., 2012.); P\u00e1lmay J\u00f3zsef; S\u00e1romberke; V\u00e1rtemplomi lelk\u00e9szek n\u00e9vsora, 1571\u20132000 (\u00daj Kezdet, 2. sz., 2000)<\/br><\/p>\n","protected":false},"excerpt":{"rendered":"<p>S\u00e1romberke, 1811. j\u00fan. 24., \u2020 Mv., 1876. aug. 12.: ref. lelk\u00e9sz. \u2013 Feles\u00e9ge: berekereszt\u00fari Ferenczi \u00c1gnes (1817- Berekereszt\u00far, 1885. j\u00fan. 24). \u2013 Tanulm\u00e1nyait Mv. \u00e9s k\u00fclf\u00f6ldi akad\u00e9mi\u00e1kon v\u00e9gezte. Seg\u00e9dlelk\u00e9sz, majd lelk\u00e9sz S\u00e1romberk\u00e9n (1837\u201347), Albert M\u00e1rton ut\u00f3djak\u00e9nt, \u00e9s Erd\u0151szengyelben (1842\u2013), majd a mv-i. V\u00e1rtemplomban szolg\u00e1lt (1842\u201352). A mv-i. Ref. Koll. professzora; r\u00e9sztvev\u0151je a Makk f\u00e9le \u00f6sszeesk\u00fcv\u00e9snek [&hellip;]<\/p>\n","protected":false},"featured_media":0,"comment_status":"open","ping_status":"closed","template":"","meta":[],"product_brand":[],"product_cat":[137],"product_tag":[],"class_list":{"0":"post-1725","1":"product","2":"type-product","3":"status-publish","5":"product_cat-maros-megyei-eletrajzi-lexikon","7":"first","8":"instock","9":"shipping-taxable","10":"product-type-simple"},"_links":{"self":[{"href":"https:\/\/uj.adatbank.ro\/lexikon\/wp-json\/wp\/v2\/product\/1725","targetHints":{"allow":["GET"]}}],"collection":[{"href":"https:\/\/uj.adatbank.ro\/lexikon\/wp-json\/wp\/v2\/product"}],"about":[{"href":"https:\/\/uj.adatbank.ro\/lexikon\/wp-json\/wp\/v2\/types\/product"}],"replies":[{"embeddable":true,"href":"https:\/\/uj.adatbank.ro\/lexikon\/wp-json\/wp\/v2\/comments?post=1725"}],"wp:attachment":[{"href":"https:\/\/uj.adatbank.ro\/lexikon\/wp-json\/wp\/v2\/media?parent=1725"}],"wp:term":[{"taxonomy":"product_brand","embeddable":true,"href":"https:\/\/uj.adatbank.ro\/lexikon\/wp-json\/wp\/v2\/product_brand?post=1725"},{"taxonomy":"product_cat","embeddable":true,"href":"https:\/\/uj.adatbank.ro\/lexikon\/wp-json\/wp\/v2\/product_cat?post=1725"},{"taxonomy":"product_tag","embeddable":true,"href":"https:\/\/uj.adatbank.ro\/lexikon\/wp-json\/wp\/v2\/product_tag?post=1725"}],"curies":[{"name":"wp","href":"https:\/\/api.w.org\/{rel}","templated":true}]}}

ALBERT János, § makfalvi

<p>Sáromberke, 1811. jún. 24., † Mv., 1876. aug. 12.: ref. lelkész. – Felesége: berekeresztúri Ferenczi Ágnes (1817- Berekeresztúr, 1885. jún. 24). – Tanulmányait Mv. és külföldi akadémiákon végezte. Segédlelkész, majd lelkész Sáromberkén (1837–47), Albert Márton utódjaként, és Erdőszengyelben (1842–), majd a mv-i. Vártemplomban szolgált (1842–52). A mv-i. Ref. Koll. professzora; résztvevője a Makk féle összeesküvésnek (1853). A katonai hadbíróság letartóztatta (1852. jan. 24.), a szebeni hadbíróság 12 évi várfogságra ítélte, Josephstadtban raboskodott amig kegyelmet kapott és Ferenc József amnesztia-rendeletével szabadult (1857. máj.). Hazatérve régi állásába nem kerülhetett vissza. Nyárádszentimrén, majd Vajában volt lelkész, betegsége miatt néhány év múlva nyugdíjba vonult. <br /><strong>Irod.:</strong> Böjthe Andor; Időtár 2.; Farczády; Gyászjelentő; Kádár Lajos Nú. (Nú., 2004. szept. 11); Ötvös József: 151 (Nú., 2005. márc. 9.); Ötvös József: Adalékok a vártemplom történetéhez (18) (Új Kezdet, 1. sz., 2012.); Pálmay József; Sáromberke; Vártemplomi lelkészek névsora, 1571–2000 (Új Kezdet, 2. sz., 2000)</br></p>

<p>Sáromberke, 1811. jún. 24., † Mv., 1876. aug. 12.: ref. lelkész. – Felesége: berekeresztúri Ferenczi Ágnes (1817- Berekeresztúr, 1885. jún. 24). – Tanulmányait Mv. és külföldi akadémiákon végezte. Segédlelkész, majd lelkész Sáromberkén (1837–47), Albert Márton utódjaként, és Erdőszengyelben (1842–), majd a mv-i. Vártemplomban szolgált (1842–52). A mv-i. Ref. Koll. professzora; résztvevője a Makk féle összeesküvésnek [&hellip;]</p>
