{"id":1726,"date":"2025-06-28T11:51:14","date_gmt":"2025-06-28T09:51:14","guid":{"rendered":"https:\/\/uj.adatbank.ro\/lexikon\/termek\/albert-janos-cs-csehetfalvi\/"},"modified":"2025-06-28T11:51:14","modified_gmt":"2025-06-28T09:51:14","slug":"albert-janos-cs-csehetfalvi","status":"publish","type":"product","link":"https:\/\/uj.adatbank.ro\/lexikon\/termek\/albert-janos-cs-csehetfalvi\/","title":{"rendered":"ALBERT J\u00e1nos, Cs.,cseh\u00e9tfalvi"},"content":{"rendered":"<p>? \u2020\u00a0? : unit. lelk\u00e9sz. \u2013 Ny\u00e1r\u00e1dszentl\u00e1szl\u00f3n szolg\u00e1lt (1815\u201352). <br \/><strong>Irod.:<\/strong> Bi\u00e1s; Ny\u00e1r\u00e1dszentl\u00e1szl\u00f3 Unit. egyh\u00e1zt\u00f6rt\u00e9neti adatok (Mv., 1910)<\/br><\/p>\n","protected":false},"excerpt":{"rendered":"<p>? \u2020\u00a0? : unit. lelk\u00e9sz. \u2013 Ny\u00e1r\u00e1dszentl\u00e1szl\u00f3n szolg\u00e1lt (1815\u201352). Irod.: Bi\u00e1s; Ny\u00e1r\u00e1dszentl\u00e1szl\u00f3 Unit. egyh\u00e1zt\u00f6rt\u00e9neti adatok (Mv., 1910)<\/p>\n","protected":false},"featured_media":0,"comment_status":"open","ping_status":"closed","template":"","meta":[],"product_brand":[],"product_cat":[137],"product_tag":[],"class_list":{"0":"post-1726","1":"product","2":"type-product","3":"status-publish","5":"product_cat-maros-megyei-eletrajzi-lexikon","7":"first","8":"instock","9":"shipping-taxable","10":"product-type-simple"},"_links":{"self":[{"href":"https:\/\/uj.adatbank.ro\/lexikon\/wp-json\/wp\/v2\/product\/1726","targetHints":{"allow":["GET"]}}],"collection":[{"href":"https:\/\/uj.adatbank.ro\/lexikon\/wp-json\/wp\/v2\/product"}],"about":[{"href":"https:\/\/uj.adatbank.ro\/lexikon\/wp-json\/wp\/v2\/types\/product"}],"replies":[{"embeddable":true,"href":"https:\/\/uj.adatbank.ro\/lexikon\/wp-json\/wp\/v2\/comments?post=1726"}],"wp:attachment":[{"href":"https:\/\/uj.adatbank.ro\/lexikon\/wp-json\/wp\/v2\/media?parent=1726"}],"wp:term":[{"taxonomy":"product_brand","embeddable":true,"href":"https:\/\/uj.adatbank.ro\/lexikon\/wp-json\/wp\/v2\/product_brand?post=1726"},{"taxonomy":"product_cat","embeddable":true,"href":"https:\/\/uj.adatbank.ro\/lexikon\/wp-json\/wp\/v2\/product_cat?post=1726"},{"taxonomy":"product_tag","embeddable":true,"href":"https:\/\/uj.adatbank.ro\/lexikon\/wp-json\/wp\/v2\/product_tag?post=1726"}],"curies":[{"name":"wp","href":"https:\/\/api.w.org\/{rel}","templated":true}]}}