{"id":17271,"date":"2025-07-15T23:46:44","date_gmt":"2025-07-15T21:46:44","guid":{"rendered":"https:\/\/uj.adatbank.ro\/lexikon\/termek\/ozdi-gergely-galfalvi\/"},"modified":"2025-07-15T23:46:44","modified_gmt":"2025-07-15T21:46:44","slug":"ozdi-gergely-galfalvi","status":"publish","type":"product","link":"https:\/\/uj.adatbank.ro\/lexikon\/termek\/ozdi-gergely-galfalvi\/","title":{"rendered":"\u00d3ZDI Gergely, g\u00e1lfalvi"},"content":{"rendered":"<p>? \u2020 ?: f\u00f6ldbirtokos.- Ny\u00e1r\u00e1dg\u00e1lfalvi nemes. Neve szerepel a cs\u00e1sz\u00e1ri esk\u00fct tett, Leopoldusok k\u00f6z\u00f6tt (1686). A faluban t\u00e1gas k\u00fari\u00e1t \u00e9p\u00edttetett. <br \/><strong>Irod.:<\/strong> Ny\u00e1r\u00e1dg\u00e1lfalva \u2013 500<\/p>\n","protected":false},"excerpt":{"rendered":"<p>? \u2020 ?: f\u00f6ldbirtokos.- Ny\u00e1r\u00e1dg\u00e1lfalvi nemes. Neve szerepel a cs\u00e1sz\u00e1ri esk\u00fct tett, Leopoldusok k\u00f6z\u00f6tt (1686). A faluban t\u00e1gas k\u00fari\u00e1t \u00e9p\u00edttetett. Irod.: Ny\u00e1r\u00e1dg\u00e1lfalva \u2013 500<\/p>\n","protected":false},"featured_media":0,"comment_status":"open","ping_status":"closed","template":"","meta":[],"product_brand":[],"product_cat":[137],"product_tag":[],"class_list":{"0":"post-17271","1":"product","2":"type-product","3":"status-publish","5":"product_cat-maros-megyei-eletrajzi-lexikon","7":"first","8":"instock","9":"shipping-taxable","10":"product-type-simple"},"_links":{"self":[{"href":"https:\/\/uj.adatbank.ro\/lexikon\/wp-json\/wp\/v2\/product\/17271","targetHints":{"allow":["GET"]}}],"collection":[{"href":"https:\/\/uj.adatbank.ro\/lexikon\/wp-json\/wp\/v2\/product"}],"about":[{"href":"https:\/\/uj.adatbank.ro\/lexikon\/wp-json\/wp\/v2\/types\/product"}],"replies":[{"embeddable":true,"href":"https:\/\/uj.adatbank.ro\/lexikon\/wp-json\/wp\/v2\/comments?post=17271"}],"wp:attachment":[{"href":"https:\/\/uj.adatbank.ro\/lexikon\/wp-json\/wp\/v2\/media?parent=17271"}],"wp:term":[{"taxonomy":"product_brand","embeddable":true,"href":"https:\/\/uj.adatbank.ro\/lexikon\/wp-json\/wp\/v2\/product_brand?post=17271"},{"taxonomy":"product_cat","embeddable":true,"href":"https:\/\/uj.adatbank.ro\/lexikon\/wp-json\/wp\/v2\/product_cat?post=17271"},{"taxonomy":"product_tag","embeddable":true,"href":"https:\/\/uj.adatbank.ro\/lexikon\/wp-json\/wp\/v2\/product_tag?post=17271"}],"curies":[{"name":"wp","href":"https:\/\/api.w.org\/{rel}","templated":true}]}}