{"id":1729,"date":"2025-06-28T11:51:20","date_gmt":"2025-06-28T09:51:20","guid":{"rendered":"https:\/\/uj.adatbank.ro\/lexikon\/termek\/albert-julius\/"},"modified":"2025-06-28T11:51:20","modified_gmt":"2025-06-28T09:51:20","slug":"albert-julius","status":"publish","type":"product","link":"https:\/\/uj.adatbank.ro\/lexikon\/termek\/albert-julius\/","title":{"rendered":"ALBERT Julius"},"content":{"rendered":"<p>Segesv\u00e1r, 1877. jan. 23., \u2020\u00a0Beszterce, 1939. jan. 13.: tan\u00e1r. \u2013 Apja tan\u00e1r. \u2013 Segesv\u00e1ron \u00e9retts\u00e9gizett. A kv.-i egye.-en tanult, majd a j\u00e9nai (1895. okt. 30.\u2013), a berlini (1896. okt. 9.\u201397. aug. 7.) \u00e9s a hallei egy. (1898. nov. 10.\u201399. dec. 9.) B\u00f6lcs\u00e9szeti \u00e9s Hittud. Kar\u00e1n folytatta \u00e9s fejezte be tanulm\u00e1nyait. Tan\u00e1r a sz\u00e1szr\u00e9geni ev. elemi le\u00e1nyiskol\u00e1ban (1901-05), az ev. f\u0151gimn.- \u00e9s algimn.-ban (1906\u201319). Lelk\u00e9szk\u00e9nt szolg\u00e1lt Dedr\u00e1don (1919\u201326), majd Vajol\u00e1ban nyugalomba vonul\u00e1s\u00e1ig (1929-ig), v\u00e9g\u00fcl Beszterc\u00e9re k\u00f6lt\u00f6z\u00f6tt. <br \/><strong>Irod.:<\/strong> Szab\u00f3\u2013Simon\u2013Sz\u00f6gi<\/br><\/p>\n","protected":false},"excerpt":{"rendered":"<p>Segesv\u00e1r, 1877. jan. 23., \u2020\u00a0Beszterce, 1939. jan. 13.: tan\u00e1r. \u2013 Apja tan\u00e1r. \u2013 Segesv\u00e1ron \u00e9retts\u00e9gizett. A kv.-i egye.-en tanult, majd a j\u00e9nai (1895. okt. 30.\u2013), a berlini (1896. okt. 9.\u201397. aug. 7.) \u00e9s a hallei egy. (1898. nov. 10.\u201399. dec. 9.) B\u00f6lcs\u00e9szeti \u00e9s Hittud. Kar\u00e1n folytatta \u00e9s fejezte be tanulm\u00e1nyait. Tan\u00e1r a sz\u00e1szr\u00e9geni ev. elemi [&hellip;]<\/p>\n","protected":false},"featured_media":0,"comment_status":"open","ping_status":"closed","template":"","meta":[],"product_brand":[],"product_cat":[137],"product_tag":[],"class_list":{"0":"post-1729","1":"product","2":"type-product","3":"status-publish","5":"product_cat-maros-megyei-eletrajzi-lexikon","7":"first","8":"instock","9":"shipping-taxable","10":"product-type-simple"},"_links":{"self":[{"href":"https:\/\/uj.adatbank.ro\/lexikon\/wp-json\/wp\/v2\/product\/1729","targetHints":{"allow":["GET"]}}],"collection":[{"href":"https:\/\/uj.adatbank.ro\/lexikon\/wp-json\/wp\/v2\/product"}],"about":[{"href":"https:\/\/uj.adatbank.ro\/lexikon\/wp-json\/wp\/v2\/types\/product"}],"replies":[{"embeddable":true,"href":"https:\/\/uj.adatbank.ro\/lexikon\/wp-json\/wp\/v2\/comments?post=1729"}],"wp:attachment":[{"href":"https:\/\/uj.adatbank.ro\/lexikon\/wp-json\/wp\/v2\/media?parent=1729"}],"wp:term":[{"taxonomy":"product_brand","embeddable":true,"href":"https:\/\/uj.adatbank.ro\/lexikon\/wp-json\/wp\/v2\/product_brand?post=1729"},{"taxonomy":"product_cat","embeddable":true,"href":"https:\/\/uj.adatbank.ro\/lexikon\/wp-json\/wp\/v2\/product_cat?post=1729"},{"taxonomy":"product_tag","embeddable":true,"href":"https:\/\/uj.adatbank.ro\/lexikon\/wp-json\/wp\/v2\/product_tag?post=1729"}],"curies":[{"name":"wp","href":"https:\/\/api.w.org\/{rel}","templated":true}]}}

<p>Segesvár, 1877. jan. 23., † Beszterce, 1939. jan. 13.: tanár. – Apja tanár. – Segesváron érettségizett. A kv.-i egye.-en tanult, majd a jénai (1895. okt. 30.–), a berlini (1896. okt. 9.–97. aug. 7.) és a hallei egy. (1898. nov. 10.–99. dec. 9.) Bölcsészeti és Hittud. Karán folytatta és fejezte be tanulmányait. Tanár a szászrégeni ev. elemi leányiskolában (1901-05), az ev. főgimn.- és algimn.-ban (1906–19). Lelkészként szolgált Dedrádon (1919–26), majd Vajolában nyugalomba vonulásáig (1929-ig), végül Besztercére költözött. <br /><strong>Irod.:</strong> Szabó–Simon–Szögi</br></p>

<p>Segesvár, 1877. jan. 23., † Beszterce, 1939. jan. 13.: tanár. – Apja tanár. – Segesváron érettségizett. A kv.-i egye.-en tanult, majd a jénai (1895. okt. 30.–), a berlini (1896. okt. 9.–97. aug. 7.) és a hallei egy. (1898. nov. 10.–99. dec. 9.) Bölcsészeti és Hittud. Karán folytatta és fejezte be tanulmányait. Tanár a szászrégeni ev. elemi [&hellip;]</p>
