{"id":17298,"date":"2025-07-16T10:09:25","date_gmt":"2025-07-16T08:09:25","guid":{"rendered":"https:\/\/uj.adatbank.ro\/lexikon\/termek\/pacatian-d-v\/"},"modified":"2025-07-16T10:09:25","modified_gmt":"2025-07-16T08:09:25","slug":"pacatian-d-v","status":"publish","type":"product","link":"https:\/\/uj.adatbank.ro\/lexikon\/termek\/pacatian-d-v\/","title":{"rendered":"P\u0102C\u0102\u0162IAN, D. V."},"content":{"rendered":"<p>? \u2020\u00a0?. <br \/><strong>Irod.:<\/strong> Perpessicius\u00a0: Jurnal de lector completat cu eminesciana (Buc., s.a.)<\/br><\/p>\n","protected":false},"excerpt":{"rendered":"<p>? \u2020\u00a0?. Irod.: Perpessicius\u00a0: Jurnal de lector completat cu eminesciana (Buc., s.a.)<\/p>\n","protected":false},"featured_media":0,"comment_status":"open","ping_status":"closed","template":"","meta":[],"product_brand":[],"product_cat":[137],"product_tag":[],"class_list":{"0":"post-17298","1":"product","2":"type-product","3":"status-publish","5":"product_cat-maros-megyei-eletrajzi-lexikon","7":"first","8":"instock","9":"shipping-taxable","10":"product-type-simple"},"_links":{"self":[{"href":"https:\/\/uj.adatbank.ro\/lexikon\/wp-json\/wp\/v2\/product\/17298","targetHints":{"allow":["GET"]}}],"collection":[{"href":"https:\/\/uj.adatbank.ro\/lexikon\/wp-json\/wp\/v2\/product"}],"about":[{"href":"https:\/\/uj.adatbank.ro\/lexikon\/wp-json\/wp\/v2\/types\/product"}],"replies":[{"embeddable":true,"href":"https:\/\/uj.adatbank.ro\/lexikon\/wp-json\/wp\/v2\/comments?post=17298"}],"wp:attachment":[{"href":"https:\/\/uj.adatbank.ro\/lexikon\/wp-json\/wp\/v2\/media?parent=17298"}],"wp:term":[{"taxonomy":"product_brand","embeddable":true,"href":"https:\/\/uj.adatbank.ro\/lexikon\/wp-json\/wp\/v2\/product_brand?post=17298"},{"taxonomy":"product_cat","embeddable":true,"href":"https:\/\/uj.adatbank.ro\/lexikon\/wp-json\/wp\/v2\/product_cat?post=17298"},{"taxonomy":"product_tag","embeddable":true,"href":"https:\/\/uj.adatbank.ro\/lexikon\/wp-json\/wp\/v2\/product_tag?post=17298"}],"curies":[{"name":"wp","href":"https:\/\/api.w.org\/{rel}","templated":true}]}}