{"id":1730,"date":"2025-06-28T11:51:22","date_gmt":"2025-06-28T09:51:22","guid":{"rendered":"https:\/\/uj.adatbank.ro\/lexikon\/termek\/albert-laszlo-%c2%a7\/"},"modified":"2025-06-28T11:51:22","modified_gmt":"2025-06-28T09:51:22","slug":"albert-laszlo-%c2%a7","status":"publish","type":"product","link":"https:\/\/uj.adatbank.ro\/lexikon\/termek\/albert-laszlo-%c2%a7\/","title":{"rendered":"ALBERT L\u00e1szl\u00f3, \u00a7"},"content":{"rendered":"<p>Petrilla, 1926. dec. 3.,\u2020\u00a0Mv., 2006. szept. 6.: fest\u0151- \u00e9s iparm\u0171v\u00e9sz. \u2013 Csal\u00e1dja a Zsil-v\u00f6lgyi b\u00e1ny\u00e1sz\u00e9letb\u0151l Mv.-re k\u00f6lt\u00f6z\u00f6tt (1940). B\u0151rd\u00edszm\u0171ves tanonc (1942\u201344), majd Bordi Andr\u00e1s tan\u00edtv\u00e1nya a mv.-i V\u00e1rosi Szabad Fest\u0151iskol\u00e1ban (1942\u201348), biztat\u00e1s\u00e1ra m\u0171v\u00e9szi p\u00e1ly\u00e1ra l\u00e9pett, de meg\u00e9lhet\u00e9si c\u00e9llal b\u0151rd\u00edszm\u0171ves inasnak is szeg\u0151d\u00f6tt (1942\u201344). Kv.-on a Ion Andreescu K\u00e9pz\u0151m\u0171v\u00e9szeti F\u0151iskol\u00e1n K\u00e1d\u00e1r Tibor, Ciupe Aurel \u00e9s Mikl\u00f3ssy G\u00e1bor n\u0151vend\u00e9kek\u00e9nt oklevelet szerzett (1948\u201355). Els\u0151 jelentkez\u00e9se a kv.-i tartom\u00e1nyi t\u00e1rlaton volt (1954). Mv.-en \u00e9lt hal\u00e1l\u00e1ig (1955\u20132006). A K\u00e9pz\u0151m\u0171v\u00e9szeti Sz\u00f6vets\u00e9g tagja (1956\u2013). B\u0151rd\u00edszm\u0171vesk\u00e9nt dolgozott az Egys\u00e9g \/ Unitatea sz\u00f6vetkezetben. A hatvanas \u00e9vek elej\u00e9n a rom\u00e1niai m. k\u00e9pz\u0151m\u0171v\u00e9szetben az els\u0151k k\u00f6z\u00f6tt volt, akik radik\u00e1lisan szak\u00edtottak a szocre\u00e1l formanyelvvel. Ekkori k\u00e9pei absztraktak, nyers sz\u00ednekkel k\u00e9sz\u00edtett sz\u00e9les gesztus\u00fa kalligr\u00e1fi\u00e1k. R\u00e9szt vett a hajd\u00fab\u00f6sz\u00f6rm\u00e9nyi m\u0171v\u00e9szt\u00e1borban (1970). A hetvenes \u00e9vekt\u0151l kezdve egy saj\u00e1tosan \u00faj, korszer\u0171, realista szeml\u00e9letet fejlesztett ki, a mikro- \u00e9s makrokozmosz, a m\u00e9lyv\u00edzi \u00e9s l\u00e9gi felv\u00e9telek \u00fajszer\u0171 technikai megold\u00e1saival kis\u00e9rletezett. Tanulm\u00e1nyutat tett Csehszlov\u00e1ki\u00e1ban (1958), Bulg\u00e1ri\u00e1ban (1969), a Szovjetuni\u00f3ban (1978). Fakitermel\u00e9s c. fresk\u00f3ja a kov\u00e1sznai M\u0171vel\u0151d\u00e9si Otthont d\u00edsz\u00edti (1959).Tagja a M. K\u00e9pz\u0151- \u00e9s Iparm\u0171v\u00e9szek T\u00e1rsas\u00e1g\u00e1nak. Munk\u00e1i tal\u00e1lhat\u00f3k a mv.-i M\u0171v\u00e9szeti M\u00fazeumban. \u2013 <strong>F. m.:<\/strong> M\u00e1rciusi h\u00f3, Havas es\u0151, L\u00e9pcs\u0151h\u00e1z, Reggeli f\u00e9ny, Vihar el\u0151tt, Tengeri hal. \u2013 <strong>F. ki\u00e1ll.:<\/strong> Egy\u00e9ni ki\u00e1ll\u00edt\u00e1sa volt: Nagykenden, Udvarfalv\u00e1n. Mv. (1976. nov. 7.; 1986); Sz\u00e9kelykereszt\u00far (1979); Cs\u00edkszereda, K\u00e9zdiv\u00e1s\u00e1rhely (1980); Bp. (1990); Marcali (1992); Mv.a Dr. Bern\u00e1dy Gy\u00f6rgy K\u00f6zm\u0171vel\u0151d\u00e9si K\u00f6zpontban (2006. m\u00e1j. 26.); csoportos: R\u00e9szt vett a mv.-i tartom\u00e1nyi ill. megyei ki\u00e1ll\u00edt\u00e1sokon (1958\u2013). Kv.(1953\u201354, 1994, 1998), Mv. (1955\u201389, 1994, 1995, 1997), Hajd\u00fab\u00f6sz\u00f6rm\u00e9ny (1970); Buk., Bp.(1990, 1996), Kov\u00e1szna (1994, 1995, 1996, 1999); Sz\u00e9kelyudvarhely (1998); Bp. (2000); alkot\u00f3t\u00e1borok: Hajd\u00fab\u00f6sz\u00f6rm\u00e9ny (1970), Marcali (1992), Sz\u00e9kelyk\u00e1l (1993, 1994, 1995, 1996, 1997). <br \/><strong>Irod.:<\/strong> 100 \u00e9v; Arck\u00e9pcsarnok (Igaz Sz\u00f3, 1972, 11. sz.); artportal; Banner Zolt\u00e1n: Csillagt\u00e9rk\u00e9pek \u2013 avagy egy vil\u00e1gteremt\u00e9s h\u00e9tk\u00f6znapjai (Utunk,1986. 36.); Banner Zolt\u00e1n: Albert L\u00e1szl\u00f3 (Mv., 2006); Erd\u00e9lyi Lajos 2018; Gal\u00e9ria a Bern\u00e1dy H\u00e1zban; Id\u0151t\u00e1r 4.; Katona Szab\u00f3 Istv\u00e1n: Az \u00daj \u00c9let lexikona, 2. (\u00daj \u00c9let, 14. sz., 1970); Kulcs\u00e1r B\u00e9la, ifj.: A. L. (V. Z., 1958. m\u00e1rc. 18.); Mikl\u00f3ssy G\u00e1bor n\u00f6vend\u00e9kei \/ Simon Endre (Bp., 2000); Nagy Mikl\u00f3s Kund: Ami a dolgok m\u00f6g\u00f6tt van (N\u00fa., M\u00fazsa, 274. sz., 1996. dec. 6.); Nagy Mikl\u00f3s Kund: Sz\u00e1rnyal\u00e1s t\u00e9rben \u00e9s id\u0151ben (N\u00fa., M\u00fazsa, 292. sz., 1997. m\u00e1j. 2.); RepM; Sebesty\u00e9n Mih\u00e1ly: A vil\u00e1g term\u00e9szete (N\u00fa., M\u00fazsa, 153. sz., 1994. j\u00fan. 23); Szab\u00f3\u2013K\u00e1llai; Sz\u0151cs K\u00e1lm\u00e1n: M\u0171tereml\u00e1togat\u00e1s A. L.-n\u00e1l (V. Z., 1972., dec. 3.); Todea 2013; \u00daj \u00c9let (11.sz., 1962.)<\/br><\/p>\n","protected":false},"excerpt":{"rendered":"<p>Petrilla, 1926. dec. 3.,\u2020\u00a0Mv., 2006. szept. 6.: fest\u0151- \u00e9s iparm\u0171v\u00e9sz. \u2013 Csal\u00e1dja a Zsil-v\u00f6lgyi b\u00e1ny\u00e1sz\u00e9letb\u0151l Mv.-re k\u00f6lt\u00f6z\u00f6tt (1940). B\u0151rd\u00edszm\u0171ves tanonc (1942\u201344), majd Bordi Andr\u00e1s tan\u00edtv\u00e1nya a mv.-i V\u00e1rosi Szabad Fest\u0151iskol\u00e1ban (1942\u201348), biztat\u00e1s\u00e1ra m\u0171v\u00e9szi p\u00e1ly\u00e1ra l\u00e9pett, de meg\u00e9lhet\u00e9si c\u00e9llal b\u0151rd\u00edszm\u0171ves inasnak is szeg\u0151d\u00f6tt (1942\u201344). Kv.-on a Ion Andreescu K\u00e9pz\u0151m\u0171v\u00e9szeti F\u0151iskol\u00e1n K\u00e1d\u00e1r Tibor, Ciupe Aurel \u00e9s Mikl\u00f3ssy [&hellip;]<\/p>\n","protected":false},"featured_media":0,"comment_status":"open","ping_status":"closed","template":"","meta":[],"product_brand":[],"product_cat":[137],"product_tag":[],"class_list":{"0":"post-1730","1":"product","2":"type-product","3":"status-publish","5":"product_cat-maros-megyei-eletrajzi-lexikon","7":"first","8":"instock","9":"shipping-taxable","10":"product-type-simple"},"_links":{"self":[{"href":"https:\/\/uj.adatbank.ro\/lexikon\/wp-json\/wp\/v2\/product\/1730","targetHints":{"allow":["GET"]}}],"collection":[{"href":"https:\/\/uj.adatbank.ro\/lexikon\/wp-json\/wp\/v2\/product"}],"about":[{"href":"https:\/\/uj.adatbank.ro\/lexikon\/wp-json\/wp\/v2\/types\/product"}],"replies":[{"embeddable":true,"href":"https:\/\/uj.adatbank.ro\/lexikon\/wp-json\/wp\/v2\/comments?post=1730"}],"wp:attachment":[{"href":"https:\/\/uj.adatbank.ro\/lexikon\/wp-json\/wp\/v2\/media?parent=1730"}],"wp:term":[{"taxonomy":"product_brand","embeddable":true,"href":"https:\/\/uj.adatbank.ro\/lexikon\/wp-json\/wp\/v2\/product_brand?post=1730"},{"taxonomy":"product_cat","embeddable":true,"href":"https:\/\/uj.adatbank.ro\/lexikon\/wp-json\/wp\/v2\/product_cat?post=1730"},{"taxonomy":"product_tag","embeddable":true,"href":"https:\/\/uj.adatbank.ro\/lexikon\/wp-json\/wp\/v2\/product_tag?post=1730"}],"curies":[{"name":"wp","href":"https:\/\/api.w.org\/{rel}","templated":true}]}}

ALBERT László, §

<p>Petrilla, 1926. dec. 3.,† Mv., 2006. szept. 6.: festő- és iparművész. – Családja a Zsil-völgyi bányászéletből Mv.-re költözött (1940). Bőrdíszműves tanonc (1942–44), majd Bordi András tanítványa a mv.-i Városi Szabad Festőiskolában (1942–48), biztatására művészi pályára lépett, de megélhetési céllal bőrdíszműves inasnak is szegődött (1942–44). Kv.-on a Ion Andreescu Képzőművészeti Főiskolán Kádár Tibor, Ciupe Aurel és Miklóssy Gábor nővendékeként oklevelet szerzett (1948–55). Első jelentkezése a kv.-i tartományi tárlaton volt (1954). Mv.-en élt haláláig (1955–2006). A Képzőművészeti Szövetség tagja (1956–). Bőrdíszművesként dolgozott az Egység / Unitatea szövetkezetben. A hatvanas évek elején a romániai m. képzőművészetben az elsők között volt, akik radikálisan szakítottak a szocreál formanyelvvel. Ekkori képei absztraktak, nyers színekkel készített széles gesztusú kalligráfiák. Részt vett a hajdúböszörményi művésztáborban (1970). A hetvenes évektől kezdve egy sajátosan új, korszerű, realista szemléletet fejlesztett ki, a mikro- és makrokozmosz, a mélyvízi és légi felvételek újszerű technikai megoldásaival kisérletezett. Tanulmányutat tett Csehszlovákiában (1958), Bulgáriában (1969), a Szovjetunióban (1978). Fakitermelés c. freskója a kovásznai Művelődési Otthont díszíti (1959).Tagja a M. Képző- és Iparművészek Társaságának. Munkái találhatók a mv.-i Művészeti Múzeumban. – <strong>F. m.:</strong> Márciusi hó, Havas eső, Lépcsőház, Reggeli fény, Vihar előtt, Tengeri hal. – <strong>F. kiáll.:</strong> Egyéni kiállítása volt: Nagykenden, Udvarfalván. Mv. (1976. nov. 7.; 1986); Székelykeresztúr (1979); Csíkszereda, Kézdivásárhely (1980); Bp. (1990); Marcali (1992); Mv.a Dr. Bernády György Közművelődési Központban (2006. máj. 26.); csoportos: Részt vett a mv.-i tartományi ill. megyei kiállításokon (1958–). Kv.(1953–54, 1994, 1998), Mv. (1955–89, 1994, 1995, 1997), Hajdúböszörmény (1970); Buk., Bp.(1990, 1996), Kovászna (1994, 1995, 1996, 1999); Székelyudvarhely (1998); Bp. (2000); alkotótáborok: Hajdúböszörmény (1970), Marcali (1992), Székelykál (1993, 1994, 1995, 1996, 1997). <br /><strong>Irod.:</strong> 100 év; Arcképcsarnok (Igaz Szó, 1972, 11. sz.); artportal; Banner Zoltán: Csillagtérképek – avagy egy világteremtés hétköznapjai (Utunk,1986. 36.); Banner Zoltán: Albert László (Mv., 2006); Erdélyi Lajos 2018; Galéria a Bernády Házban; Időtár 4.; Katona Szabó István: Az Új Élet lexikona, 2. (Új Élet, 14. sz., 1970); Kulcsár Béla, ifj.: A. L. (V. Z., 1958. márc. 18.); Miklóssy Gábor növendékei / Simon Endre (Bp., 2000); Nagy Miklós Kund: Ami a dolgok mögött van (Nú., Múzsa, 274. sz., 1996. dec. 6.); Nagy Miklós Kund: Szárnyalás térben és időben (Nú., Múzsa, 292. sz., 1997. máj. 2.); RepM; Sebestyén Mihály: A világ természete (Nú., Múzsa, 153. sz., 1994. jún. 23); Szabó–Kállai; Szőcs Kálmán: Műteremlátogatás A. L.-nál (V. Z., 1972., dec. 3.); Todea 2013; Új Élet (11.sz., 1962.)</br></p>

<p>Petrilla, 1926. dec. 3.,† Mv., 2006. szept. 6.: festő- és iparművész. – Családja a Zsil-völgyi bányászéletből Mv.-re költözött (1940). Bőrdíszműves tanonc (1942–44), majd Bordi András tanítványa a mv.-i Városi Szabad Festőiskolában (1942–48), biztatására művészi pályára lépett, de megélhetési céllal bőrdíszműves inasnak is szegődött (1942–44). Kv.-on a Ion Andreescu Képzőművészeti Főiskolán Kádár Tibor, Ciupe Aurel és Miklóssy [&hellip;]</p>
