{"id":17300,"date":"2025-07-16T10:09:28","date_gmt":"2025-07-16T08:09:28","guid":{"rendered":"https:\/\/uj.adatbank.ro\/lexikon\/termek\/pacurariu-francisc\/"},"modified":"2025-07-16T10:09:28","modified_gmt":"2025-07-16T08:09:28","slug":"pacurariu-francisc","status":"publish","type":"product","link":"https:\/\/uj.adatbank.ro\/lexikon\/termek\/pacurariu-francisc\/","title":{"rendered":"P\u0102CURARIU, Francisc"},"content":{"rendered":"<p>Teke, 1920. jan. 2., \u2020 Buk., 1998. \u00e1pr. 13.: \u00edr\u00f3, k\u00f6lt\u0151. \u2013 Sz\u00fcl\u0151faluj\u00e1ban, majd Kv.-on tanult \u00e9s \u00e9retts\u00e9gizett (1940). A FJTE orvosi kar\u00e1n tanult, m\u00edg el\u0171zt\u00e9k az egyetemr\u0151l (1940\u201343). Tan\u00edtott a mv.-i Papiu Ilarian L\u00edc.-ban (1944\u201345), \u00e9s felel\u0151s szerk. az \u00cenfr\u0103\u0163irea \u2013nak, az Ek\u00e9s Front hetilapj\u00e1t (1944\u201345). K\u00f6t\u00f6d\u00e9seit voltak Oroszf\u00e1ja, Telek, Mv.-hez (1944\u201345). Visszat\u00e9rt Kv.-ra \u00e9s k\u00fcl\u00f6nb\u00f6z\u0151 irodalmi lapok munkat\u00e1rsa, majd a Rom\u00e1n K\u00f6vets\u00e9g bp.-i kirendelts\u00e9g\u00e9n dolgozott (1948\u201353), Belgr\u00e1dban (1956\u201357), R\u00f3m\u00e1ban (1958\u201359), a diplom\u00e1ciai misszi\u00f3 f\u0151n\u00f6ke Argentin\u00e1ban \u00e9s Urugu\u00e1yban (1959\u201363), G\u00f6r\u00f6gorsz\u00e1gon \u00e9s Cipruson (1968\u201373), sajt\u00f3f\u0151n\u00f6k Buk.-ben (1963\u201375), az \u00fcgyvezet\u0151 titk\u00e1ra az UNESCO Nemzeti Bizotts\u00e1g\u00e1nak (1975\u201376). \u2013 <strong>F. m.:<\/strong> ? Labirintus. (Reg\u00e9ny. Ford\u00edtotta: J\u00e1nosh\u00e1zy Gy\u00f6rgy., Kv., 1978), szerk: Tam\u00e1si \u00c1ron: Ob\u015fteasca \u00eenviere. Traducere \u015fi selec\u0163ie de Constantin Olariu. Prefa\u0163\u0103, Buc., 1979). \u2013 Irod\u00a0: DGLR; Hencz Hilda: Magyar Buk. a kommunizmus alatt (Sz\u00e9kelyf\u00f6ld, 7. sz., 2015. j\u00fal.); Ion Ilie Mile\u015fan: Vatra dialog cu Francisc P. (Vatra, 1983. szept.); <\/br><\/p>\n","protected":false},"excerpt":{"rendered":"<p>Teke, 1920. jan. 2., \u2020 Buk., 1998. \u00e1pr. 13.: \u00edr\u00f3, k\u00f6lt\u0151. \u2013 Sz\u00fcl\u0151faluj\u00e1ban, majd Kv.-on tanult \u00e9s \u00e9retts\u00e9gizett (1940). A FJTE orvosi kar\u00e1n tanult, m\u00edg el\u0171zt\u00e9k az egyetemr\u0151l (1940\u201343). Tan\u00edtott a mv.-i Papiu Ilarian L\u00edc.-ban (1944\u201345), \u00e9s felel\u0151s szerk. az \u00cenfr\u0103\u0163irea \u2013nak, az Ek\u00e9s Front hetilapj\u00e1t (1944\u201345). K\u00f6t\u00f6d\u00e9seit voltak Oroszf\u00e1ja, Telek, Mv.-hez (1944\u201345). Visszat\u00e9rt Kv.-ra [&hellip;]<\/p>\n","protected":false},"featured_media":0,"comment_status":"open","ping_status":"closed","template":"","meta":[],"product_brand":[],"product_cat":[137],"product_tag":[],"class_list":{"0":"post-17300","1":"product","2":"type-product","3":"status-publish","5":"product_cat-maros-megyei-eletrajzi-lexikon","7":"first","8":"instock","9":"shipping-taxable","10":"product-type-simple"},"_links":{"self":[{"href":"https:\/\/uj.adatbank.ro\/lexikon\/wp-json\/wp\/v2\/product\/17300","targetHints":{"allow":["GET"]}}],"collection":[{"href":"https:\/\/uj.adatbank.ro\/lexikon\/wp-json\/wp\/v2\/product"}],"about":[{"href":"https:\/\/uj.adatbank.ro\/lexikon\/wp-json\/wp\/v2\/types\/product"}],"replies":[{"embeddable":true,"href":"https:\/\/uj.adatbank.ro\/lexikon\/wp-json\/wp\/v2\/comments?post=17300"}],"wp:attachment":[{"href":"https:\/\/uj.adatbank.ro\/lexikon\/wp-json\/wp\/v2\/media?parent=17300"}],"wp:term":[{"taxonomy":"product_brand","embeddable":true,"href":"https:\/\/uj.adatbank.ro\/lexikon\/wp-json\/wp\/v2\/product_brand?post=17300"},{"taxonomy":"product_cat","embeddable":true,"href":"https:\/\/uj.adatbank.ro\/lexikon\/wp-json\/wp\/v2\/product_cat?post=17300"},{"taxonomy":"product_tag","embeddable":true,"href":"https:\/\/uj.adatbank.ro\/lexikon\/wp-json\/wp\/v2\/product_tag?post=17300"}],"curies":[{"name":"wp","href":"https:\/\/api.w.org\/{rel}","templated":true}]}}