{"id":1731,"date":"2025-06-28T11:51:24","date_gmt":"2025-06-28T09:51:24","guid":{"rendered":"https:\/\/uj.adatbank.ro\/lexikon\/termek\/albert-marton\/"},"modified":"2025-06-28T11:51:24","modified_gmt":"2025-06-28T09:51:24","slug":"albert-marton","status":"publish","type":"product","link":"https:\/\/uj.adatbank.ro\/lexikon\/termek\/albert-marton\/","title":{"rendered":"ALBERT M\u00e1rton"},"content":{"rendered":"<p>Kiskend, 1774. okt. 8., \u2020 G\u00f6rg\u00e9ny, 1837.: ref. lelk\u00e9sz. \u2013 Mv.-en tanult a Ref.Koll.-ban, teol\u00f3gi\u00e1t Marburgban v\u00e9gzett. Lelk\u00e9sz Mez\u0151k\u00f6lp\u00e9nyben (1797\u20131804), S\u00e1romberk\u00e9n (1804\u201337), g\u00f6rg\u00e9nyi egyh\u00e1zmegy\u00e9ben tractualis \u00fcln\u00f6k (1812\u2013), sz\u00e1mvev\u0151 (1818. febr.\u2013), jegyz\u0151 (1822\u2013), majd a g\u00f6rg\u00e9nyi egyh\u00e1zmegye esperese (1829\u201335). \u2013 <strong>F. m.:<\/strong> <strong>t\u00e1rssz.:<\/strong> Sz\u00edve ki\u00f6ml\u00e9se a mv.-i Ref. Koll.-beli ifj\u00fas\u00e1gnak egy kedves attya hal\u00e1l\u00e1n (Mv., 1829); N\u00e9hai nemes ifj\u00fa Torboszl\u00f3i Beretzki Ferenc volt kedves tan\u00edtv\u00e1nyunk szomor\u00fa s\u00edrhalm\u00e1ra szentelt\u00fck 10 oct. 1830 a mv.-i Collegiumban (Mv., 1830). <br \/><strong>Irod.:<\/strong> B\u00f6jthe Andor; Fogarasi; S\u00e1romberke; Szab\u00f3\u2013Sz\u00f6gi; Zov\u00e1nyi<\/br><\/p>\n","protected":false},"excerpt":{"rendered":"<p>Kiskend, 1774. okt. 8., \u2020 G\u00f6rg\u00e9ny, 1837.: ref. lelk\u00e9sz. \u2013 Mv.-en tanult a Ref.Koll.-ban, teol\u00f3gi\u00e1t Marburgban v\u00e9gzett. Lelk\u00e9sz Mez\u0151k\u00f6lp\u00e9nyben (1797\u20131804), S\u00e1romberk\u00e9n (1804\u201337), g\u00f6rg\u00e9nyi egyh\u00e1zmegy\u00e9ben tractualis \u00fcln\u00f6k (1812\u2013), sz\u00e1mvev\u0151 (1818. febr.\u2013), jegyz\u0151 (1822\u2013), majd a g\u00f6rg\u00e9nyi egyh\u00e1zmegye esperese (1829\u201335). \u2013 F. m.: t\u00e1rssz.: Sz\u00edve ki\u00f6ml\u00e9se a mv.-i Ref. Koll.-beli ifj\u00fas\u00e1gnak egy kedves attya hal\u00e1l\u00e1n (Mv., 1829); [&hellip;]<\/p>\n","protected":false},"featured_media":0,"comment_status":"open","ping_status":"closed","template":"","meta":[],"product_brand":[],"product_cat":[137],"product_tag":[],"class_list":{"0":"post-1731","1":"product","2":"type-product","3":"status-publish","5":"product_cat-maros-megyei-eletrajzi-lexikon","7":"first","8":"instock","9":"shipping-taxable","10":"product-type-simple"},"_links":{"self":[{"href":"https:\/\/uj.adatbank.ro\/lexikon\/wp-json\/wp\/v2\/product\/1731","targetHints":{"allow":["GET"]}}],"collection":[{"href":"https:\/\/uj.adatbank.ro\/lexikon\/wp-json\/wp\/v2\/product"}],"about":[{"href":"https:\/\/uj.adatbank.ro\/lexikon\/wp-json\/wp\/v2\/types\/product"}],"replies":[{"embeddable":true,"href":"https:\/\/uj.adatbank.ro\/lexikon\/wp-json\/wp\/v2\/comments?post=1731"}],"wp:attachment":[{"href":"https:\/\/uj.adatbank.ro\/lexikon\/wp-json\/wp\/v2\/media?parent=1731"}],"wp:term":[{"taxonomy":"product_brand","embeddable":true,"href":"https:\/\/uj.adatbank.ro\/lexikon\/wp-json\/wp\/v2\/product_brand?post=1731"},{"taxonomy":"product_cat","embeddable":true,"href":"https:\/\/uj.adatbank.ro\/lexikon\/wp-json\/wp\/v2\/product_cat?post=1731"},{"taxonomy":"product_tag","embeddable":true,"href":"https:\/\/uj.adatbank.ro\/lexikon\/wp-json\/wp\/v2\/product_tag?post=1731"}],"curies":[{"name":"wp","href":"https:\/\/api.w.org\/{rel}","templated":true}]}}

ALBERT Márton

<p>Kiskend, 1774. okt. 8., † Görgény, 1837.: ref. lelkész. – Mv.-en tanult a Ref.Koll.-ban, teológiát Marburgban végzett. Lelkész Mezőkölpényben (1797–1804), Sáromberkén (1804–37), görgényi egyházmegyében tractualis ülnök (1812–), számvevő (1818. febr.–), jegyző (1822–), majd a görgényi egyházmegye esperese (1829–35). – <strong>F. m.:</strong> <strong>társsz.:</strong> Szíve kiömlése a mv.-i Ref. Koll.-beli ifjúságnak egy kedves attya halálán (Mv., 1829); Néhai nemes ifjú Torboszlói Beretzki Ferenc volt kedves tanítványunk szomorú sírhalmára szenteltük 10 oct. 1830 a mv.-i Collegiumban (Mv., 1830). <br /><strong>Irod.:</strong> Böjthe Andor; Fogarasi; Sáromberke; Szabó–Szögi; Zoványi</br></p>

<p>Kiskend, 1774. okt. 8., † Görgény, 1837.: ref. lelkész. – Mv.-en tanult a Ref.Koll.-ban, teológiát Marburgban végzett. Lelkész Mezőkölpényben (1797–1804), Sáromberkén (1804–37), görgényi egyházmegyében tractualis ülnök (1812–), számvevő (1818. febr.–), jegyző (1822–), majd a görgényi egyházmegye esperese (1829–35). – F. m.: társsz.: Szíve kiömlése a mv.-i Ref. Koll.-beli ifjúságnak egy kedves attya halálán (Mv., 1829); [&hellip;]</p>
