{"id":17315,"date":"2025-07-16T10:10:03","date_gmt":"2025-07-16T08:10:03","guid":{"rendered":"https:\/\/uj.adatbank.ro\/lexikon\/termek\/paizs-elemer\/"},"modified":"2025-07-16T10:10:03","modified_gmt":"2025-07-16T08:10:03","slug":"paizs-elemer","status":"publish","type":"product","link":"https:\/\/uj.adatbank.ro\/lexikon\/termek\/paizs-elemer\/","title":{"rendered":"PAIZS Elem\u00e9r"},"content":{"rendered":"<p>Mv., 1938.\u2020\u00a02016.:orvos. \u2013 A MOGYI orvosi kar\u00e1n v\u00e9gzett (1964). K\u00f6rzeti orvos B\u00e9k\u00e1s k\u00f6zs\u00e9gben. Visszat\u00e9rt Mv.-re az Elektromaros v\u00e1llalat \u00fczemorvosa. <br \/><strong>Irod.:<\/strong> Kiss\u2013P\u00e9terffy\u2013P\u00e9terffy<\/br><\/p>\n","protected":false},"excerpt":{"rendered":"<p>Mv., 1938.\u2020\u00a02016.:orvos. \u2013 A MOGYI orvosi kar\u00e1n v\u00e9gzett (1964). K\u00f6rzeti orvos B\u00e9k\u00e1s k\u00f6zs\u00e9gben. Visszat\u00e9rt Mv.-re az Elektromaros v\u00e1llalat \u00fczemorvosa. Irod.: Kiss\u2013P\u00e9terffy\u2013P\u00e9terffy<\/p>\n","protected":false},"featured_media":0,"comment_status":"open","ping_status":"closed","template":"","meta":[],"product_brand":[],"product_cat":[137],"product_tag":[],"class_list":{"0":"post-17315","1":"product","2":"type-product","3":"status-publish","5":"product_cat-maros-megyei-eletrajzi-lexikon","7":"first","8":"instock","9":"shipping-taxable","10":"product-type-simple"},"_links":{"self":[{"href":"https:\/\/uj.adatbank.ro\/lexikon\/wp-json\/wp\/v2\/product\/17315","targetHints":{"allow":["GET"]}}],"collection":[{"href":"https:\/\/uj.adatbank.ro\/lexikon\/wp-json\/wp\/v2\/product"}],"about":[{"href":"https:\/\/uj.adatbank.ro\/lexikon\/wp-json\/wp\/v2\/types\/product"}],"replies":[{"embeddable":true,"href":"https:\/\/uj.adatbank.ro\/lexikon\/wp-json\/wp\/v2\/comments?post=17315"}],"wp:attachment":[{"href":"https:\/\/uj.adatbank.ro\/lexikon\/wp-json\/wp\/v2\/media?parent=17315"}],"wp:term":[{"taxonomy":"product_brand","embeddable":true,"href":"https:\/\/uj.adatbank.ro\/lexikon\/wp-json\/wp\/v2\/product_brand?post=17315"},{"taxonomy":"product_cat","embeddable":true,"href":"https:\/\/uj.adatbank.ro\/lexikon\/wp-json\/wp\/v2\/product_cat?post=17315"},{"taxonomy":"product_tag","embeddable":true,"href":"https:\/\/uj.adatbank.ro\/lexikon\/wp-json\/wp\/v2\/product_tag?post=17315"}],"curies":[{"name":"wp","href":"https:\/\/api.w.org\/{rel}","templated":true}]}}