{"id":1732,"date":"2025-06-28T11:51:26","date_gmt":"2025-06-28T09:51:26","guid":{"rendered":"https:\/\/uj.adatbank.ro\/lexikon\/termek\/albert-marton-2\/"},"modified":"2025-06-28T11:51:26","modified_gmt":"2025-06-28T09:51:26","slug":"albert-marton-2","status":"publish","type":"product","link":"https:\/\/uj.adatbank.ro\/lexikon\/termek\/albert-marton-2\/","title":{"rendered":"ALBERT M\u00e1rton"},"content":{"rendered":"<p>1806? \u2020 Mv., 1866. m\u00e1j. 13.: \u00fcgyv\u00e9d. \u2013 Feles\u00e9ge: Szil\u00e1gyi Ter\u00e9z. \u2013 A mv.-i Ref. Koll.-ban tanult. Di\u00e1k kor\u00e1ban k\u00f6nyvt\u00e1ros volt \u00e9s \u00f6ssze\u00e1ll\u00edtotta a k\u00f6nyvt\u00e1r bet\u0171rendes (1831) \u00e9s k\u00e9t k\u00f6tetben bet\u0171rendes \u00e9s szakkatal\u00f3gus\u00e1t (1832). \u00dcgyv\u00e9dk\u00e9nt az iskola megb\u00edz\u00e1s\u00e1b\u00f3l \u00faj katal\u00f3gust szerkesztett (1857\u201358). <br \/><strong>Irod.:<\/strong> Farcz\u00e1dy Elek: A mv.-i Bolyai tudom\u00e1nyos k\u00f6nyvt\u00e1r = Eml\u00e9kk. K.L. 80; Gy\u00e1szjelent\u0151; Marossz\u00e9ki kr\u00f3nik\u00e1k 1.<\/br><\/p>\n","protected":false},"excerpt":{"rendered":"<p>1806? \u2020 Mv., 1866. m\u00e1j. 13.: \u00fcgyv\u00e9d. \u2013 Feles\u00e9ge: Szil\u00e1gyi Ter\u00e9z. \u2013 A mv.-i Ref. Koll.-ban tanult. Di\u00e1k kor\u00e1ban k\u00f6nyvt\u00e1ros volt \u00e9s \u00f6ssze\u00e1ll\u00edtotta a k\u00f6nyvt\u00e1r bet\u0171rendes (1831) \u00e9s k\u00e9t k\u00f6tetben bet\u0171rendes \u00e9s szakkatal\u00f3gus\u00e1t (1832). \u00dcgyv\u00e9dk\u00e9nt az iskola megb\u00edz\u00e1s\u00e1b\u00f3l \u00faj katal\u00f3gust szerkesztett (1857\u201358). Irod.: Farcz\u00e1dy Elek: A mv.-i Bolyai tudom\u00e1nyos k\u00f6nyvt\u00e1r = Eml\u00e9kk. K.L. 80; Gy\u00e1szjelent\u0151; [&hellip;]<\/p>\n","protected":false},"featured_media":0,"comment_status":"open","ping_status":"closed","template":"","meta":[],"product_brand":[],"product_cat":[137],"product_tag":[],"class_list":{"0":"post-1732","1":"product","2":"type-product","3":"status-publish","5":"product_cat-maros-megyei-eletrajzi-lexikon","7":"first","8":"instock","9":"shipping-taxable","10":"product-type-simple"},"_links":{"self":[{"href":"https:\/\/uj.adatbank.ro\/lexikon\/wp-json\/wp\/v2\/product\/1732","targetHints":{"allow":["GET"]}}],"collection":[{"href":"https:\/\/uj.adatbank.ro\/lexikon\/wp-json\/wp\/v2\/product"}],"about":[{"href":"https:\/\/uj.adatbank.ro\/lexikon\/wp-json\/wp\/v2\/types\/product"}],"replies":[{"embeddable":true,"href":"https:\/\/uj.adatbank.ro\/lexikon\/wp-json\/wp\/v2\/comments?post=1732"}],"wp:attachment":[{"href":"https:\/\/uj.adatbank.ro\/lexikon\/wp-json\/wp\/v2\/media?parent=1732"}],"wp:term":[{"taxonomy":"product_brand","embeddable":true,"href":"https:\/\/uj.adatbank.ro\/lexikon\/wp-json\/wp\/v2\/product_brand?post=1732"},{"taxonomy":"product_cat","embeddable":true,"href":"https:\/\/uj.adatbank.ro\/lexikon\/wp-json\/wp\/v2\/product_cat?post=1732"},{"taxonomy":"product_tag","embeddable":true,"href":"https:\/\/uj.adatbank.ro\/lexikon\/wp-json\/wp\/v2\/product_tag?post=1732"}],"curies":[{"name":"wp","href":"https:\/\/api.w.org\/{rel}","templated":true}]}}

ALBERT Márton

<p>1806? † Mv., 1866. máj. 13.: ügyvéd. – Felesége: Szilágyi Teréz. – A mv.-i Ref. Koll.-ban tanult. Diák korában könyvtáros volt és összeállította a könyvtár betűrendes (1831) és két kötetben betűrendes és szakkatalógusát (1832). Ügyvédként az iskola megbízásából új katalógust szerkesztett (1857–58). <br /><strong>Irod.:</strong> Farczády Elek: A mv.-i Bolyai tudományos könyvtár = Emlékk. K.L. 80; Gyászjelentő; Marosszéki krónikák 1.</br></p>

<p>1806? † Mv., 1866. máj. 13.: ügyvéd. – Felesége: Szilágyi Teréz. – A mv.-i Ref. Koll.-ban tanult. Diák korában könyvtáros volt és összeállította a könyvtár betűrendes (1831) és két kötetben betűrendes és szakkatalógusát (1832). Ügyvédként az iskola megbízásából új katalógust szerkesztett (1857–58). Irod.: Farczády Elek: A mv.-i Bolyai tudományos könyvtár = Emlékk. K.L. 80; Gyászjelentő; [&hellip;]</p>
