{"id":1734,"date":"2025-06-28T11:51:30","date_gmt":"2025-06-28T09:51:30","guid":{"rendered":"https:\/\/uj.adatbank.ro\/lexikon\/termek\/albert-mihaly\/"},"modified":"2025-06-28T11:51:30","modified_gmt":"2025-06-28T09:51:30","slug":"albert-mihaly","status":"publish","type":"product","link":"https:\/\/uj.adatbank.ro\/lexikon\/termek\/albert-mihaly\/","title":{"rendered":"ALBERT Mih\u00e1ly"},"content":{"rendered":"<p>Karcfalva, 1808. szept. 29., \u2020 Gyergy\u00f3\u00fajfalu, 1861.dec. 2 v. 20.: r. k. pap, tan\u00e1r. \u2013 Papp\u00e1 szentelt\u00e9k (1833. aug. 28). Gimn.-i tan\u00e1r Gyulafeh\u00e9rv\u00e1ron, Sz\u00e9kelyudvarhelyen (1837\u2013), Illyefalv\u00e1n (1839\u2013), pl\u00e9b\u00e1nos Gyergy\u00f3alfaluban (1842\u2013). A mv.-i R.K.Tanod\u00e1ban tan\u00edtott. R\u00e9szt vett az 1848-as forr.-ban. Ez\u00e9rt letart\u00f3ztatt\u00e1k \u00e9s beb\u00f6rt\u00f6n\u00f6zt\u00e9k (1849\u201351). Kiszabadul\u00e1sa ut\u00e1n Cs\u00edksomly\u00f3n, a mv.-i R.K. Tanod\u00e1ban \u00e9s Gyulafeh\u00e9rv\u00e1ron tan\u00edtott, majd \u00fajra Gyergy\u00f3\u00fajfaluban volt pl\u00e9b\u00e1nos. <br \/><strong>Irod.:<\/strong> Ferenczi S\u00e1ndor 2009; P\u00e1l-Antal \u2013 Szab\u00f3 2<\/br><\/p>\n","protected":false},"excerpt":{"rendered":"<p>Karcfalva, 1808. szept. 29., \u2020 Gyergy\u00f3\u00fajfalu, 1861.dec. 2 v. 20.: r. k. pap, tan\u00e1r. \u2013 Papp\u00e1 szentelt\u00e9k (1833. aug. 28). Gimn.-i tan\u00e1r Gyulafeh\u00e9rv\u00e1ron, Sz\u00e9kelyudvarhelyen (1837\u2013), Illyefalv\u00e1n (1839\u2013), pl\u00e9b\u00e1nos Gyergy\u00f3alfaluban (1842\u2013). A mv.-i R.K.Tanod\u00e1ban tan\u00edtott. R\u00e9szt vett az 1848-as forr.-ban. Ez\u00e9rt letart\u00f3ztatt\u00e1k \u00e9s beb\u00f6rt\u00f6n\u00f6zt\u00e9k (1849\u201351). Kiszabadul\u00e1sa ut\u00e1n Cs\u00edksomly\u00f3n, a mv.-i R.K. Tanod\u00e1ban \u00e9s Gyulafeh\u00e9rv\u00e1ron tan\u00edtott, majd [&hellip;]<\/p>\n","protected":false},"featured_media":0,"comment_status":"open","ping_status":"closed","template":"","meta":[],"product_brand":[],"product_cat":[137],"product_tag":[],"class_list":{"0":"post-1734","1":"product","2":"type-product","3":"status-publish","5":"product_cat-maros-megyei-eletrajzi-lexikon","7":"first","8":"instock","9":"shipping-taxable","10":"product-type-simple"},"_links":{"self":[{"href":"https:\/\/uj.adatbank.ro\/lexikon\/wp-json\/wp\/v2\/product\/1734","targetHints":{"allow":["GET"]}}],"collection":[{"href":"https:\/\/uj.adatbank.ro\/lexikon\/wp-json\/wp\/v2\/product"}],"about":[{"href":"https:\/\/uj.adatbank.ro\/lexikon\/wp-json\/wp\/v2\/types\/product"}],"replies":[{"embeddable":true,"href":"https:\/\/uj.adatbank.ro\/lexikon\/wp-json\/wp\/v2\/comments?post=1734"}],"wp:attachment":[{"href":"https:\/\/uj.adatbank.ro\/lexikon\/wp-json\/wp\/v2\/media?parent=1734"}],"wp:term":[{"taxonomy":"product_brand","embeddable":true,"href":"https:\/\/uj.adatbank.ro\/lexikon\/wp-json\/wp\/v2\/product_brand?post=1734"},{"taxonomy":"product_cat","embeddable":true,"href":"https:\/\/uj.adatbank.ro\/lexikon\/wp-json\/wp\/v2\/product_cat?post=1734"},{"taxonomy":"product_tag","embeddable":true,"href":"https:\/\/uj.adatbank.ro\/lexikon\/wp-json\/wp\/v2\/product_tag?post=1734"}],"curies":[{"name":"wp","href":"https:\/\/api.w.org\/{rel}","templated":true}]}}

ALBERT Mihály

<p>Karcfalva, 1808. szept. 29., † Gyergyóújfalu, 1861.dec. 2 v. 20.: r. k. pap, tanár. – Pappá szentelték (1833. aug. 28). Gimn.-i tanár Gyulafehérváron, Székelyudvarhelyen (1837–), Illyefalván (1839–), plébános Gyergyóalfaluban (1842–). A mv.-i R.K.Tanodában tanított. Részt vett az 1848-as forr.-ban. Ezért letartóztatták és bebörtönözték (1849–51). Kiszabadulása után Csíksomlyón, a mv.-i R.K. Tanodában és Gyulafehérváron tanított, majd újra Gyergyóújfaluban volt plébános. <br /><strong>Irod.:</strong> Ferenczi Sándor 2009; Pál-Antal – Szabó 2</br></p>

<p>Karcfalva, 1808. szept. 29., † Gyergyóújfalu, 1861.dec. 2 v. 20.: r. k. pap, tanár. – Pappá szentelték (1833. aug. 28). Gimn.-i tanár Gyulafehérváron, Székelyudvarhelyen (1837–), Illyefalván (1839–), plébános Gyergyóalfaluban (1842–). A mv.-i R.K.Tanodában tanított. Részt vett az 1848-as forr.-ban. Ezért letartóztatták és bebörtönözték (1849–51). Kiszabadulása után Csíksomlyón, a mv.-i R.K. Tanodában és Gyulafehérváron tanított, majd [&hellip;]</p>
