{"id":17359,"date":"2025-07-16T10:11:39","date_gmt":"2025-07-16T08:11:39","guid":{"rendered":"https:\/\/uj.adatbank.ro\/lexikon\/termek\/pal-deak\/"},"modified":"2025-07-16T10:11:39","modified_gmt":"2025-07-16T08:11:39","slug":"pal-deak","status":"publish","type":"product","link":"https:\/\/uj.adatbank.ro\/lexikon\/termek\/pal-deak\/","title":{"rendered":"P\u00c1L De\u00e1k"},"content":{"rendered":"<p>? \u2020 ?: f\u0151b\u00edr\u00f3. \u2013 Az \u0151 b\u00edr\u00f3s\u00e1ga idej\u00e9n fejezt\u00e9k be a Szab\u00f3k b\u00e1sty\u00e1j\u00e1t a v\u00e1s\u00e1rhelyi v\u00e1rban (1640). <br \/><strong>Irod.:<\/strong> P\u00e1l-Antal 2009<\/br><\/p>\n","protected":false},"excerpt":{"rendered":"<p>? \u2020 ?: f\u0151b\u00edr\u00f3. \u2013 Az \u0151 b\u00edr\u00f3s\u00e1ga idej\u00e9n fejezt\u00e9k be a Szab\u00f3k b\u00e1sty\u00e1j\u00e1t a v\u00e1s\u00e1rhelyi v\u00e1rban (1640). Irod.: P\u00e1l-Antal 2009<\/p>\n","protected":false},"featured_media":0,"comment_status":"open","ping_status":"closed","template":"","meta":[],"product_brand":[],"product_cat":[137],"product_tag":[],"class_list":{"0":"post-17359","1":"product","2":"type-product","3":"status-publish","5":"product_cat-maros-megyei-eletrajzi-lexikon","7":"first","8":"instock","9":"shipping-taxable","10":"product-type-simple"},"_links":{"self":[{"href":"https:\/\/uj.adatbank.ro\/lexikon\/wp-json\/wp\/v2\/product\/17359","targetHints":{"allow":["GET"]}}],"collection":[{"href":"https:\/\/uj.adatbank.ro\/lexikon\/wp-json\/wp\/v2\/product"}],"about":[{"href":"https:\/\/uj.adatbank.ro\/lexikon\/wp-json\/wp\/v2\/types\/product"}],"replies":[{"embeddable":true,"href":"https:\/\/uj.adatbank.ro\/lexikon\/wp-json\/wp\/v2\/comments?post=17359"}],"wp:attachment":[{"href":"https:\/\/uj.adatbank.ro\/lexikon\/wp-json\/wp\/v2\/media?parent=17359"}],"wp:term":[{"taxonomy":"product_brand","embeddable":true,"href":"https:\/\/uj.adatbank.ro\/lexikon\/wp-json\/wp\/v2\/product_brand?post=17359"},{"taxonomy":"product_cat","embeddable":true,"href":"https:\/\/uj.adatbank.ro\/lexikon\/wp-json\/wp\/v2\/product_cat?post=17359"},{"taxonomy":"product_tag","embeddable":true,"href":"https:\/\/uj.adatbank.ro\/lexikon\/wp-json\/wp\/v2\/product_tag?post=17359"}],"curies":[{"name":"wp","href":"https:\/\/api.w.org\/{rel}","templated":true}]}}