{"id":17361,"date":"2025-07-16T10:11:47","date_gmt":"2025-07-16T08:11:47","guid":{"rendered":"https:\/\/uj.adatbank.ro\/lexikon\/termek\/pal-denes\/"},"modified":"2025-07-16T10:11:47","modified_gmt":"2025-07-16T08:11:47","slug":"pal-denes","status":"publish","type":"product","link":"https:\/\/uj.adatbank.ro\/lexikon\/termek\/pal-denes\/","title":{"rendered":"P\u00c1L D\u00e9nes"},"content":{"rendered":"<p>Cs\u00edkjen\u0151falva, 1919. nov. 25., \u2020\u00a01983. okt. 6.: r. k. pap. \u2013 Cs\u00edkszered\u00e1ban, Sz\u00e9kelyudvarhelyen \u00e9s Vajdahunyadon a ferences teol\u00f3gi\u00e1n tanult. Dr. Mindszenty J\u00f3zsefveszpr\u00e9mi p\u00fcsp\u00f6k a veszpr\u00e9mi b\u00f6rt\u00f6nben szentelte papp\u00e1 (1944. dec. 10.). K\u00e1pl\u00e1n volt Gyergy\u00f3\u00fajfaluban (1945), Gyergy\u00f3remet\u00e9n, Nagyk\u00e1szonban, K\u00e9zdiszentkereszten, Tord\u00e1n, Sz\u00e9kelyudvarhelyen. Lelkip\u00e1sztor Marosf\u0151n. Pl\u00e9b\u00e1nos volt Marosszentgy\u00f6rgy\u00f6n (1953. szept.\u20131972. jan.), majd Cs\u00edkmadarason (1972\u2013). <br \/><strong>Irod.:<\/strong> Baricz; Ferenczi S\u00e1ndor 2009; Maros-k\u00fck\u00fcll\u0151i f\u0151esp.<\/br><\/p>\n","protected":false},"excerpt":{"rendered":"<p>Cs\u00edkjen\u0151falva, 1919. nov. 25., \u2020\u00a01983. okt. 6.: r. k. pap. \u2013 Cs\u00edkszered\u00e1ban, Sz\u00e9kelyudvarhelyen \u00e9s Vajdahunyadon a ferences teol\u00f3gi\u00e1n tanult. Dr. Mindszenty J\u00f3zsefveszpr\u00e9mi p\u00fcsp\u00f6k a veszpr\u00e9mi b\u00f6rt\u00f6nben szentelte papp\u00e1 (1944. dec. 10.). K\u00e1pl\u00e1n volt Gyergy\u00f3\u00fajfaluban (1945), Gyergy\u00f3remet\u00e9n, Nagyk\u00e1szonban, K\u00e9zdiszentkereszten, Tord\u00e1n, Sz\u00e9kelyudvarhelyen. Lelkip\u00e1sztor Marosf\u0151n. Pl\u00e9b\u00e1nos volt Marosszentgy\u00f6rgy\u00f6n (1953. szept.\u20131972. jan.), majd Cs\u00edkmadarason (1972\u2013). Irod.: Baricz; Ferenczi S\u00e1ndor [&hellip;]<\/p>\n","protected":false},"featured_media":0,"comment_status":"open","ping_status":"closed","template":"","meta":[],"product_brand":[],"product_cat":[137],"product_tag":[],"class_list":{"0":"post-17361","1":"product","2":"type-product","3":"status-publish","5":"product_cat-maros-megyei-eletrajzi-lexikon","7":"first","8":"instock","9":"shipping-taxable","10":"product-type-simple"},"_links":{"self":[{"href":"https:\/\/uj.adatbank.ro\/lexikon\/wp-json\/wp\/v2\/product\/17361","targetHints":{"allow":["GET"]}}],"collection":[{"href":"https:\/\/uj.adatbank.ro\/lexikon\/wp-json\/wp\/v2\/product"}],"about":[{"href":"https:\/\/uj.adatbank.ro\/lexikon\/wp-json\/wp\/v2\/types\/product"}],"replies":[{"embeddable":true,"href":"https:\/\/uj.adatbank.ro\/lexikon\/wp-json\/wp\/v2\/comments?post=17361"}],"wp:attachment":[{"href":"https:\/\/uj.adatbank.ro\/lexikon\/wp-json\/wp\/v2\/media?parent=17361"}],"wp:term":[{"taxonomy":"product_brand","embeddable":true,"href":"https:\/\/uj.adatbank.ro\/lexikon\/wp-json\/wp\/v2\/product_brand?post=17361"},{"taxonomy":"product_cat","embeddable":true,"href":"https:\/\/uj.adatbank.ro\/lexikon\/wp-json\/wp\/v2\/product_cat?post=17361"},{"taxonomy":"product_tag","embeddable":true,"href":"https:\/\/uj.adatbank.ro\/lexikon\/wp-json\/wp\/v2\/product_tag?post=17361"}],"curies":[{"name":"wp","href":"https:\/\/api.w.org\/{rel}","templated":true}]}}