{"id":17373,"date":"2025-07-16T10:12:13","date_gmt":"2025-07-16T08:12:13","guid":{"rendered":"https:\/\/uj.adatbank.ro\/lexikon\/termek\/pal-karoly\/"},"modified":"2025-07-16T10:12:13","modified_gmt":"2025-07-16T08:12:13","slug":"pal-karoly","status":"publish","type":"product","link":"https:\/\/uj.adatbank.ro\/lexikon\/termek\/pal-karoly\/","title":{"rendered":"P\u00c1L K\u00e1roly"},"content":{"rendered":"<p>? \u2020\u00a0?: sz\u00e1mvev\u0151. \u2013 Maros megye 1849-es k\u00f6zigazgat\u00e1si \u00e1tszrvez\u00e9ssel l\u00e9trehozott vezet\u0151s\u00e9g\u00e9ben volt sz\u00e1mvev\u0151. <br \/><strong>Irod.:<\/strong> P\u00e1l-Antal 2002<\/br><\/p>\n","protected":false},"excerpt":{"rendered":"<p>? \u2020\u00a0?: sz\u00e1mvev\u0151. \u2013 Maros megye 1849-es k\u00f6zigazgat\u00e1si \u00e1tszrvez\u00e9ssel l\u00e9trehozott vezet\u0151s\u00e9g\u00e9ben volt sz\u00e1mvev\u0151. Irod.: P\u00e1l-Antal 2002<\/p>\n","protected":false},"featured_media":0,"comment_status":"open","ping_status":"closed","template":"","meta":[],"product_brand":[],"product_cat":[137],"product_tag":[],"class_list":{"0":"post-17373","1":"product","2":"type-product","3":"status-publish","5":"product_cat-maros-megyei-eletrajzi-lexikon","7":"first","8":"instock","9":"shipping-taxable","10":"product-type-simple"},"_links":{"self":[{"href":"https:\/\/uj.adatbank.ro\/lexikon\/wp-json\/wp\/v2\/product\/17373","targetHints":{"allow":["GET"]}}],"collection":[{"href":"https:\/\/uj.adatbank.ro\/lexikon\/wp-json\/wp\/v2\/product"}],"about":[{"href":"https:\/\/uj.adatbank.ro\/lexikon\/wp-json\/wp\/v2\/types\/product"}],"replies":[{"embeddable":true,"href":"https:\/\/uj.adatbank.ro\/lexikon\/wp-json\/wp\/v2\/comments?post=17373"}],"wp:attachment":[{"href":"https:\/\/uj.adatbank.ro\/lexikon\/wp-json\/wp\/v2\/media?parent=17373"}],"wp:term":[{"taxonomy":"product_brand","embeddable":true,"href":"https:\/\/uj.adatbank.ro\/lexikon\/wp-json\/wp\/v2\/product_brand?post=17373"},{"taxonomy":"product_cat","embeddable":true,"href":"https:\/\/uj.adatbank.ro\/lexikon\/wp-json\/wp\/v2\/product_cat?post=17373"},{"taxonomy":"product_tag","embeddable":true,"href":"https:\/\/uj.adatbank.ro\/lexikon\/wp-json\/wp\/v2\/product_tag?post=17373"}],"curies":[{"name":"wp","href":"https:\/\/api.w.org\/{rel}","templated":true}]}}