{"id":17381,"date":"2025-07-16T10:12:31","date_gmt":"2025-07-16T08:12:31","guid":{"rendered":"https:\/\/uj.adatbank.ro\/lexikon\/termek\/palaczkos-mihaly\/"},"modified":"2025-07-16T10:12:31","modified_gmt":"2025-07-16T08:12:31","slug":"palaczkos-mihaly","status":"publish","type":"product","link":"https:\/\/uj.adatbank.ro\/lexikon\/termek\/palaczkos-mihaly\/","title":{"rendered":"PALACZKOS Mih\u00e1ly"},"content":{"rendered":"<p>Erd\u0151szentgy\u00f6rgy, 1915. okt. 15., \u2020 Segesv\u00e1r, ?:\u00a0munk\u00e1s. \u2013 Jehova tan\u00fak\u00e9nt a MAT Katonai \u00dcgy\u00e9szs\u00e9ge a t\u00e1rsadalmi rend elleni tev\u00e9kenys\u00e9g \u00e9s tiltott kiadv\u00e1nyok terjeszt\u00e9se v\u00e1dj\u00e1val \u00e1ll\u00edtotta b\u00edr\u00f3s\u00e1g el\u00e9. Szabadul\u00e1sa ut\u00e1n Segesv\u00e1ron lakott. <br \/><strong>Irod.:<\/strong> 1956 Erd\u00e9lyben<\/br><\/p>\n","protected":false},"excerpt":{"rendered":"<p>Erd\u0151szentgy\u00f6rgy, 1915. okt. 15., \u2020 Segesv\u00e1r, ?:\u00a0munk\u00e1s. \u2013 Jehova tan\u00fak\u00e9nt a MAT Katonai \u00dcgy\u00e9szs\u00e9ge a t\u00e1rsadalmi rend elleni tev\u00e9kenys\u00e9g \u00e9s tiltott kiadv\u00e1nyok terjeszt\u00e9se v\u00e1dj\u00e1val \u00e1ll\u00edtotta b\u00edr\u00f3s\u00e1g el\u00e9. Szabadul\u00e1sa ut\u00e1n Segesv\u00e1ron lakott. Irod.: 1956 Erd\u00e9lyben<\/p>\n","protected":false},"featured_media":0,"comment_status":"open","ping_status":"closed","template":"","meta":[],"product_brand":[],"product_cat":[137],"product_tag":[],"class_list":{"0":"post-17381","1":"product","2":"type-product","3":"status-publish","5":"product_cat-maros-megyei-eletrajzi-lexikon","7":"first","8":"instock","9":"shipping-taxable","10":"product-type-simple"},"_links":{"self":[{"href":"https:\/\/uj.adatbank.ro\/lexikon\/wp-json\/wp\/v2\/product\/17381","targetHints":{"allow":["GET"]}}],"collection":[{"href":"https:\/\/uj.adatbank.ro\/lexikon\/wp-json\/wp\/v2\/product"}],"about":[{"href":"https:\/\/uj.adatbank.ro\/lexikon\/wp-json\/wp\/v2\/types\/product"}],"replies":[{"embeddable":true,"href":"https:\/\/uj.adatbank.ro\/lexikon\/wp-json\/wp\/v2\/comments?post=17381"}],"wp:attachment":[{"href":"https:\/\/uj.adatbank.ro\/lexikon\/wp-json\/wp\/v2\/media?parent=17381"}],"wp:term":[{"taxonomy":"product_brand","embeddable":true,"href":"https:\/\/uj.adatbank.ro\/lexikon\/wp-json\/wp\/v2\/product_brand?post=17381"},{"taxonomy":"product_cat","embeddable":true,"href":"https:\/\/uj.adatbank.ro\/lexikon\/wp-json\/wp\/v2\/product_cat?post=17381"},{"taxonomy":"product_tag","embeddable":true,"href":"https:\/\/uj.adatbank.ro\/lexikon\/wp-json\/wp\/v2\/product_tag?post=17381"}],"curies":[{"name":"wp","href":"https:\/\/api.w.org\/{rel}","templated":true}]}}