{"id":17382,"date":"2025-07-16T10:12:33","date_gmt":"2025-07-16T08:12:33","guid":{"rendered":"https:\/\/uj.adatbank.ro\/lexikon\/termek\/palaghie-dumitru\/"},"modified":"2025-07-16T10:12:33","modified_gmt":"2025-07-16T08:12:33","slug":"palaghie-dumitru","status":"publish","type":"product","link":"https:\/\/uj.adatbank.ro\/lexikon\/termek\/palaghie-dumitru\/","title":{"rendered":"PALAGHIE, Dumitru"},"content":{"rendered":"<p>? \u2020\u00a0?: r\u00e1di\u00f3szerkeszt\u0151 \u00e9s bemond\u00f3 a Mv.-i R\u00e1di\u00f3n\u00e1l (1958. m\u00e1rc. 2.\u2013). <br \/><strong>Irod.:<\/strong> Radio, Almanah<\/br><\/p>\n","protected":false},"excerpt":{"rendered":"<p>? \u2020\u00a0?: r\u00e1di\u00f3szerkeszt\u0151 \u00e9s bemond\u00f3 a Mv.-i R\u00e1di\u00f3n\u00e1l (1958. m\u00e1rc. 2.\u2013). Irod.: Radio, Almanah<\/p>\n","protected":false},"featured_media":0,"comment_status":"open","ping_status":"closed","template":"","meta":[],"product_brand":[],"product_cat":[137],"product_tag":[],"class_list":{"0":"post-17382","1":"product","2":"type-product","3":"status-publish","5":"product_cat-maros-megyei-eletrajzi-lexikon","7":"first","8":"instock","9":"shipping-taxable","10":"product-type-simple"},"_links":{"self":[{"href":"https:\/\/uj.adatbank.ro\/lexikon\/wp-json\/wp\/v2\/product\/17382","targetHints":{"allow":["GET"]}}],"collection":[{"href":"https:\/\/uj.adatbank.ro\/lexikon\/wp-json\/wp\/v2\/product"}],"about":[{"href":"https:\/\/uj.adatbank.ro\/lexikon\/wp-json\/wp\/v2\/types\/product"}],"replies":[{"embeddable":true,"href":"https:\/\/uj.adatbank.ro\/lexikon\/wp-json\/wp\/v2\/comments?post=17382"}],"wp:attachment":[{"href":"https:\/\/uj.adatbank.ro\/lexikon\/wp-json\/wp\/v2\/media?parent=17382"}],"wp:term":[{"taxonomy":"product_brand","embeddable":true,"href":"https:\/\/uj.adatbank.ro\/lexikon\/wp-json\/wp\/v2\/product_brand?post=17382"},{"taxonomy":"product_cat","embeddable":true,"href":"https:\/\/uj.adatbank.ro\/lexikon\/wp-json\/wp\/v2\/product_cat?post=17382"},{"taxonomy":"product_tag","embeddable":true,"href":"https:\/\/uj.adatbank.ro\/lexikon\/wp-json\/wp\/v2\/product_tag?post=17382"}],"curies":[{"name":"wp","href":"https:\/\/api.w.org\/{rel}","templated":true}]}}