{"id":17396,"date":"2025-07-16T10:13:07","date_gmt":"2025-07-16T08:13:07","guid":{"rendered":"https:\/\/uj.adatbank.ro\/lexikon\/termek\/palffy-2\/"},"modified":"2025-07-16T10:13:07","modified_gmt":"2025-07-16T08:13:07","slug":"palffy-2","status":"publish","type":"product","link":"https:\/\/uj.adatbank.ro\/lexikon\/termek\/palffy-2\/","title":{"rendered":"P\u00c1LFFY"},"content":{"rendered":"<p>? \u2020\u00a0?: az 1867-es band\u00e9rium r\u00e9sztvev\u0151je Kisk\u00fck\u00fcll\u0151 megye r\u00e9sz\u00e9r\u0151l. <br \/><strong>Irod.:<\/strong> Koron\u00e1z\u00e1si eml\u00e9kk\u00f6nyv&#8230;(Bp., 1874)<\/br><\/p>\n","protected":false},"excerpt":{"rendered":"<p>? \u2020\u00a0?: az 1867-es band\u00e9rium r\u00e9sztvev\u0151je Kisk\u00fck\u00fcll\u0151 megye r\u00e9sz\u00e9r\u0151l. Irod.: Koron\u00e1z\u00e1si eml\u00e9kk\u00f6nyv&#8230;(Bp., 1874)<\/p>\n","protected":false},"featured_media":0,"comment_status":"open","ping_status":"closed","template":"","meta":[],"product_brand":[],"product_cat":[137],"product_tag":[],"class_list":{"0":"post-17396","1":"product","2":"type-product","3":"status-publish","5":"product_cat-maros-megyei-eletrajzi-lexikon","7":"first","8":"instock","9":"shipping-taxable","10":"product-type-simple"},"_links":{"self":[{"href":"https:\/\/uj.adatbank.ro\/lexikon\/wp-json\/wp\/v2\/product\/17396","targetHints":{"allow":["GET"]}}],"collection":[{"href":"https:\/\/uj.adatbank.ro\/lexikon\/wp-json\/wp\/v2\/product"}],"about":[{"href":"https:\/\/uj.adatbank.ro\/lexikon\/wp-json\/wp\/v2\/types\/product"}],"replies":[{"embeddable":true,"href":"https:\/\/uj.adatbank.ro\/lexikon\/wp-json\/wp\/v2\/comments?post=17396"}],"wp:attachment":[{"href":"https:\/\/uj.adatbank.ro\/lexikon\/wp-json\/wp\/v2\/media?parent=17396"}],"wp:term":[{"taxonomy":"product_brand","embeddable":true,"href":"https:\/\/uj.adatbank.ro\/lexikon\/wp-json\/wp\/v2\/product_brand?post=17396"},{"taxonomy":"product_cat","embeddable":true,"href":"https:\/\/uj.adatbank.ro\/lexikon\/wp-json\/wp\/v2\/product_cat?post=17396"},{"taxonomy":"product_tag","embeddable":true,"href":"https:\/\/uj.adatbank.ro\/lexikon\/wp-json\/wp\/v2\/product_tag?post=17396"}],"curies":[{"name":"wp","href":"https:\/\/api.w.org\/{rel}","templated":true}]}}