{"id":17399,"date":"2025-07-16T10:13:14","date_gmt":"2025-07-16T08:13:14","guid":{"rendered":"https:\/\/uj.adatbank.ro\/lexikon\/termek\/palffy-bela\/"},"modified":"2025-07-16T10:13:14","modified_gmt":"2025-07-16T08:13:14","slug":"palffy-bela","status":"publish","type":"product","link":"https:\/\/uj.adatbank.ro\/lexikon\/termek\/palffy-bela\/","title":{"rendered":"P\u00c1LFFY B\u00e9la"},"content":{"rendered":"<p>1931, \u2020 Bp., 2003. jan. 2.: orvos.- Feles\u00e9ge: Gecse Olga (\u2020 Mv., 1999), orvos. \u2013 Belgy\u00f3gy\u00e1sz, alergol\u00f3gus f\u0151orvos, a mv-i OGYE tan\u00e1ra, a Seg\u00edt\u0151 Jobb munkat\u00e1rsa. A Mv.-i \u00c1llami Filharm\u00f3nia alap\u00edt\u00f3 tagjai k\u00f6z\u00f6tt szerepelt mint \u00f6nk\u00e9ntes tag, fuvol\u00e1s (1950). <br \/><strong>Irod.:<\/strong> Filarmonica 50; Genersich; Komj\u00e1tszegi , A mv.-i Orvosi \u00e9s Gy\u00f3gyszer\u00e9szeti Egyetem Korbonctani Int\u00e9zet\u00e9nek t\u00f6rt\u00e9nete<\/br><\/p>\n","protected":false},"excerpt":{"rendered":"<p>1931, \u2020 Bp., 2003. jan. 2.: orvos.- Feles\u00e9ge: Gecse Olga (\u2020 Mv., 1999), orvos. \u2013 Belgy\u00f3gy\u00e1sz, alergol\u00f3gus f\u0151orvos, a mv-i OGYE tan\u00e1ra, a Seg\u00edt\u0151 Jobb munkat\u00e1rsa. A Mv.-i \u00c1llami Filharm\u00f3nia alap\u00edt\u00f3 tagjai k\u00f6z\u00f6tt szerepelt mint \u00f6nk\u00e9ntes tag, fuvol\u00e1s (1950). Irod.: Filarmonica 50; Genersich; Komj\u00e1tszegi , A mv.-i Orvosi \u00e9s Gy\u00f3gyszer\u00e9szeti Egyetem Korbonctani Int\u00e9zet\u00e9nek t\u00f6rt\u00e9nete<\/p>\n","protected":false},"featured_media":0,"comment_status":"open","ping_status":"closed","template":"","meta":[],"product_brand":[],"product_cat":[137],"product_tag":[],"class_list":{"0":"post-17399","1":"product","2":"type-product","3":"status-publish","5":"product_cat-maros-megyei-eletrajzi-lexikon","7":"first","8":"instock","9":"shipping-taxable","10":"product-type-simple"},"_links":{"self":[{"href":"https:\/\/uj.adatbank.ro\/lexikon\/wp-json\/wp\/v2\/product\/17399","targetHints":{"allow":["GET"]}}],"collection":[{"href":"https:\/\/uj.adatbank.ro\/lexikon\/wp-json\/wp\/v2\/product"}],"about":[{"href":"https:\/\/uj.adatbank.ro\/lexikon\/wp-json\/wp\/v2\/types\/product"}],"replies":[{"embeddable":true,"href":"https:\/\/uj.adatbank.ro\/lexikon\/wp-json\/wp\/v2\/comments?post=17399"}],"wp:attachment":[{"href":"https:\/\/uj.adatbank.ro\/lexikon\/wp-json\/wp\/v2\/media?parent=17399"}],"wp:term":[{"taxonomy":"product_brand","embeddable":true,"href":"https:\/\/uj.adatbank.ro\/lexikon\/wp-json\/wp\/v2\/product_brand?post=17399"},{"taxonomy":"product_cat","embeddable":true,"href":"https:\/\/uj.adatbank.ro\/lexikon\/wp-json\/wp\/v2\/product_cat?post=17399"},{"taxonomy":"product_tag","embeddable":true,"href":"https:\/\/uj.adatbank.ro\/lexikon\/wp-json\/wp\/v2\/product_tag?post=17399"}],"curies":[{"name":"wp","href":"https:\/\/api.w.org\/{rel}","templated":true}]}}