{"id":17408,"date":"2025-07-16T10:13:34","date_gmt":"2025-07-16T08:13:34","guid":{"rendered":"https:\/\/uj.adatbank.ro\/lexikon\/termek\/palffy-karoly-2\/"},"modified":"2025-07-16T10:13:34","modified_gmt":"2025-07-16T08:13:34","slug":"palffy-karoly-2","status":"publish","type":"product","link":"https:\/\/uj.adatbank.ro\/lexikon\/termek\/palffy-karoly-2\/","title":{"rendered":"P\u00c1LFFY K\u00e1roly"},"content":{"rendered":"<p>Hodgya , 1903. dec. 23., \u2020 Mv., 1983. m\u00e1rc. 17.: ref. lelk\u00e9sz, szerkeszt\u0151. \u2013 K\u00f6z\u00e9piskol\u00e1t Sz\u00e9kelyudvarhelyen, ref. teol\u00f3gi\u00e1t Kv.-on P\u00e1rizsban v\u00e9gzett. Lelkip\u00e1sztor Sepsiszentgy\u00f6rgy\u00f6n (1929), B\u00fcrk\u00f6s\u00f6n (1930\u201331), \u00c1kosfalv\u00e1n (1932\u201345), Gernyeszegen (1946\u201373). Az Erd\u00e9lyi Fiatalok alap\u00edt\u00f3 tagja, munkat\u00e1rsa. R\u00e9szt vett D. Gusti faluszociol\u00f3giai csoportj\u00e1nak \u00fajradnai munk\u00e1j\u00e1ban, tapasztalatait A Gusti professzor falumunk\u00e1ja c. alatt a Reform\u00e1tus Szeml\u00e9ben dolgozta fel (1937). Szerkeszt\u00e9s\u00e9ben jelent meg f\u00f6ldm\u0171ves \u00e9s iparos fiatalok sz\u00e1m\u00e1ra Mv.-en a Reform\u00e1tus Ifj\u00fas\u00e1g (1933\u201344); megszervezte az \u00e1kosfalvi n\u00e9pf\u0151iskola t\u00e9li tanfolyamait (1941\u201344). A M. N\u00e9pk\u00f6z\u00f6ss\u00e9g demokratikus sz\u00e1rny\u00e1t k\u00e9pviselte; a Bras\u00f3i Lapok munkat\u00e1rsa volt (1939\u201340). Mint a b\u00e9csi d\u00f6nt\u00e9s ut\u00e1n beh\u00edvott magyar orsz\u00e1ggy\u0171l\u00e9si k\u00e9pvisel\u0151 tiltakozott a magyar hat\u00f3s\u00e1gokn\u00e1l az \u00e1kosfalvi gy\u0171jt\u0151t\u00e1bor foglyainak embertelen megkinz\u00e1sa ellen (1941), majd fell\u00e9pett az Erd\u00e9lyi P\u00e1rt vezet\u0151in\u00e9l az \u00fajabb letart\u00f3ztat\u00e1si hull\u00e1m ellen, s v\u00e1dlottak v\u00e9delm\u00e9re tan\u00fas\u00e1got v\u00e1llalt a kommunist\u00e1k per\u00e9ben (1943). <br \/><strong>Irod.:<\/strong> Csat\u00e1ri D\u00e1niel: Forg\u00f3sz\u00e9lben. Magyar-rom\u00e1n viszony 1940\u20131945.( Bp. 1968); Csekme; Erd\u00e9lyi Fiatalok; Id\u0151t\u00e1r 3.; Mur\u00e1din J\u00e1nos Krist\u00f3f: \u201dA\u2019kis magyar vil\u00e1g\u201d politikai keresztmetszete. Az Erd\u00e9lyi P\u00e1rt Maros-Torda v\u00e1rmegyei \u00e9s marosv\u00e1s\u00e1rhelyi v\u00e1rosi szervezete 1940 \u00e9s 1944 k\u00f6z\u00f6tt = Maros megyei t\u00f6rt; Nagy \u00d6d\u00f6n; RMIL; [Nekrol\u00f3g] (V. Z., 1983. m\u00e1rc. 18.)<\/br><\/p>\n","protected":false},"excerpt":{"rendered":"<p>Hodgya , 1903. dec. 23., \u2020 Mv., 1983. m\u00e1rc. 17.: ref. lelk\u00e9sz, szerkeszt\u0151. \u2013 K\u00f6z\u00e9piskol\u00e1t Sz\u00e9kelyudvarhelyen, ref. teol\u00f3gi\u00e1t Kv.-on P\u00e1rizsban v\u00e9gzett. Lelkip\u00e1sztor Sepsiszentgy\u00f6rgy\u00f6n (1929), B\u00fcrk\u00f6s\u00f6n (1930\u201331), \u00c1kosfalv\u00e1n (1932\u201345), Gernyeszegen (1946\u201373). Az Erd\u00e9lyi Fiatalok alap\u00edt\u00f3 tagja, munkat\u00e1rsa. R\u00e9szt vett D. Gusti faluszociol\u00f3giai csoportj\u00e1nak \u00fajradnai munk\u00e1j\u00e1ban, tapasztalatait A Gusti professzor falumunk\u00e1ja c. alatt a Reform\u00e1tus Szeml\u00e9ben dolgozta [&hellip;]<\/p>\n","protected":false},"featured_media":0,"comment_status":"open","ping_status":"closed","template":"","meta":[],"product_brand":[],"product_cat":[137],"product_tag":[],"class_list":{"0":"post-17408","1":"product","2":"type-product","3":"status-publish","5":"product_cat-maros-megyei-eletrajzi-lexikon","7":"first","8":"instock","9":"shipping-taxable","10":"product-type-simple"},"_links":{"self":[{"href":"https:\/\/uj.adatbank.ro\/lexikon\/wp-json\/wp\/v2\/product\/17408","targetHints":{"allow":["GET"]}}],"collection":[{"href":"https:\/\/uj.adatbank.ro\/lexikon\/wp-json\/wp\/v2\/product"}],"about":[{"href":"https:\/\/uj.adatbank.ro\/lexikon\/wp-json\/wp\/v2\/types\/product"}],"replies":[{"embeddable":true,"href":"https:\/\/uj.adatbank.ro\/lexikon\/wp-json\/wp\/v2\/comments?post=17408"}],"wp:attachment":[{"href":"https:\/\/uj.adatbank.ro\/lexikon\/wp-json\/wp\/v2\/media?parent=17408"}],"wp:term":[{"taxonomy":"product_brand","embeddable":true,"href":"https:\/\/uj.adatbank.ro\/lexikon\/wp-json\/wp\/v2\/product_brand?post=17408"},{"taxonomy":"product_cat","embeddable":true,"href":"https:\/\/uj.adatbank.ro\/lexikon\/wp-json\/wp\/v2\/product_cat?post=17408"},{"taxonomy":"product_tag","embeddable":true,"href":"https:\/\/uj.adatbank.ro\/lexikon\/wp-json\/wp\/v2\/product_tag?post=17408"}],"curies":[{"name":"wp","href":"https:\/\/api.w.org\/{rel}","templated":true}]}}