{"id":1742,"date":"2025-06-28T11:51:46","date_gmt":"2025-06-28T09:51:46","guid":{"rendered":"https:\/\/uj.adatbank.ro\/lexikon\/termek\/albisi-kelemen-albisi-clemens\/"},"modified":"2025-06-28T11:51:46","modified_gmt":"2025-06-28T09:51:46","slug":"albisi-kelemen-albisi-clemens","status":"publish","type":"product","link":"https:\/\/uj.adatbank.ro\/lexikon\/termek\/albisi-kelemen-albisi-clemens\/","title":{"rendered":"ALBISI Kelemen, Albisi Clemens"},"content":{"rendered":"<p>? \u2020 Disznaj\u00f3, 1761: ref. pap. \u2013 Feles\u00e9ge: Vajda Krisztina (1721.?.- 1787). \u2013 Mv.-en subscrib\u00e1lt (1725). Kib\u00e9den volt iskola-mester (1730\u201331), majd a g\u00f6rg\u00e9nyi egyh\u00e1zmegy\u00e9ben m\u0171k\u00f6d\u00f6tt (1735). Lelk\u00e9sz volt Magyarr\u00e9genben (1734\u201337), Abaf\u00e1j\u00e1n (1741\u201350), P\u00f3k\u00e1ban (1751\u201356) \u00e9s Disznaj\u00f3n hal\u00e1l\u00e1ig (1757\u201361). <br \/><strong>Irod.:<\/strong> Abaf\u00e1ja; \u0150sz<\/br><\/p>\n","protected":false},"excerpt":{"rendered":"<p>? \u2020 Disznaj\u00f3, 1761: ref. pap. \u2013 Feles\u00e9ge: Vajda Krisztina (1721.?.- 1787). \u2013 Mv.-en subscrib\u00e1lt (1725). Kib\u00e9den volt iskola-mester (1730\u201331), majd a g\u00f6rg\u00e9nyi egyh\u00e1zmegy\u00e9ben m\u0171k\u00f6d\u00f6tt (1735). Lelk\u00e9sz volt Magyarr\u00e9genben (1734\u201337), Abaf\u00e1j\u00e1n (1741\u201350), P\u00f3k\u00e1ban (1751\u201356) \u00e9s Disznaj\u00f3n hal\u00e1l\u00e1ig (1757\u201361). Irod.: Abaf\u00e1ja; \u0150sz<\/p>\n","protected":false},"featured_media":0,"comment_status":"open","ping_status":"closed","template":"","meta":[],"product_brand":[],"product_cat":[137],"product_tag":[],"class_list":{"0":"post-1742","1":"product","2":"type-product","3":"status-publish","5":"product_cat-maros-megyei-eletrajzi-lexikon","7":"first","8":"instock","9":"shipping-taxable","10":"product-type-simple"},"_links":{"self":[{"href":"https:\/\/uj.adatbank.ro\/lexikon\/wp-json\/wp\/v2\/product\/1742","targetHints":{"allow":["GET"]}}],"collection":[{"href":"https:\/\/uj.adatbank.ro\/lexikon\/wp-json\/wp\/v2\/product"}],"about":[{"href":"https:\/\/uj.adatbank.ro\/lexikon\/wp-json\/wp\/v2\/types\/product"}],"replies":[{"embeddable":true,"href":"https:\/\/uj.adatbank.ro\/lexikon\/wp-json\/wp\/v2\/comments?post=1742"}],"wp:attachment":[{"href":"https:\/\/uj.adatbank.ro\/lexikon\/wp-json\/wp\/v2\/media?parent=1742"}],"wp:term":[{"taxonomy":"product_brand","embeddable":true,"href":"https:\/\/uj.adatbank.ro\/lexikon\/wp-json\/wp\/v2\/product_brand?post=1742"},{"taxonomy":"product_cat","embeddable":true,"href":"https:\/\/uj.adatbank.ro\/lexikon\/wp-json\/wp\/v2\/product_cat?post=1742"},{"taxonomy":"product_tag","embeddable":true,"href":"https:\/\/uj.adatbank.ro\/lexikon\/wp-json\/wp\/v2\/product_tag?post=1742"}],"curies":[{"name":"wp","href":"https:\/\/api.w.org\/{rel}","templated":true}]}}