{"id":17421,"date":"2025-07-16T10:14:03","date_gmt":"2025-07-16T08:14:03","guid":{"rendered":"https:\/\/uj.adatbank.ro\/lexikon\/termek\/palfi-janos-%c2%a7-palffy-janos\/"},"modified":"2025-07-16T10:14:03","modified_gmt":"2025-07-16T08:14:03","slug":"palfi-janos-%c2%a7-palffy-janos","status":"publish","type":"product","link":"https:\/\/uj.adatbank.ro\/lexikon\/termek\/palfi-janos-%c2%a7-palffy-janos\/","title":{"rendered":"P\u00c1LFI J\u00e1nos, \u00a7 P\u00e1lffy J\u00e1nos"},"content":{"rendered":"<p>M\u00e1r\u00e9falva, 1874. m\u00e1j. 15, \u2020\u00a0Mv., 1958. nov. 6.?: r. k. pap, v\u00e9rtan\u00fa. S\u00edrja ismeretlen. \u2013 Sz\u00e9kelyudvarhelyen \u00e9s Gyulafeh\u00e9rv\u00e1ron tanult \u00e9s papp\u00e1 szentelt\u00e9k (1899. j\u00fal. 6.). K\u00e1pl\u00e1n Zetelak\u00e1n, Brass\u00f3ban hitoktat\u00f3 (1901\u201315), Gyulafeh\u00e9rv\u00e1ron z\u00e1rdalelk\u00e9sz, majd pl\u00e9b\u00e1nos Marosportuson, Marosilly\u00e9n, Jobb\u00e1gyfalv\u00e1n (1918. febr. 2.\u201357). Minden t\u00e1rsadalmi, hitbuzgalmi \u00e9s hazafias egyes\u00fclet m\u0171k\u00f6d\u00e9s\u00e9ben r\u00e9szt vett. A tan\u00edt\u00f3v\u00e1laszt\u00e1st ir\u00e1ny\u00edtotta, az egyh\u00e1zi \u00e9p\u00fcleteket \u00e9ps\u00e9g\u00e9\u00e9rt biztos\u00edt\u00e1st k\u00f6t\u00f6tt, az I. vh. Idej\u00e9n elvitt haran helyett Udin\u00e9ben harangot \u00f6ntetett \u00e9s felszentelt\u00e9k (1939. febr. 2.). Az egyh\u00e1zi vezet\u00e9s hat\u00e1rozat\u00e1ra az iskol\u00e1ba bevezettett\u00e9k a g\u00e1zf\u0171t\u00e9st (1946), k\u00e1ntortan\u00edt\u00f3i lak\u00e1st \u00e9p\u00edttettek (1946\u201347). Seg\u00e9dlelk\u00e9sze Borb\u00e9ly G\u00e1bor lett (1957. okt. 17.\u2013). Ny\u00e1r\u00e1dszered\u00e1ban szolg\u00e1lt (1958). A term\u00e9nybeszolg\u00e1ltat\u00e1sok idej\u00e9n a \u201ekul\u00e1kpl\u00e9b\u00e1nos\u201d a ny\u00e1r\u00e1dszeredai \u00e1tvev\u0151k\u00f6zpontba vitte szek\u00e9rrel a gabon\u00e1t. \u00datk\u00f6zben, azzal az \u00fcr\u00fcggyel, hogy nincsenek rendben a pap\u00edrok, elkobozt\u00e1k a sz\u00e1ll\u00edtm\u00e1nyt, s azt nem sz\u00e1m\u00edtott\u00e1k bead\u00e1snak. H\u00e1zkutat\u00e1st tartottak, azut\u00e1n a mv.-i hadb\u00edr\u00f3s\u00e1g a &#8216;hat\u00f3s\u00e1g megr\u00e1galmaz\u00e1sa \u00e9s a szocialista rend megd\u00f6nt\u00e9s\u00e9re ir\u00e1nyul\u00f3 tev\u00e9kenys\u00e9g&#8217; miatt gyors\u00edtott elj\u00e1r\u00e1ssal 5 \u00e9vi b\u00f6rt\u00f6nre \u00e9s teljes vagyonelkobz\u00e1sra \u00edt\u00e9lte, meghalt a mv.-i b\u00f6rt\u00f6nben. B\u00e1r a kolozsv\u00e1ri f\u00f6llebbviteli t\u00e1rgyal\u00e1s el\u0151tt meghalt, \u00edt\u00e9let\u00e9t helybenhagyt\u00e1k. \u2013 <strong>F. m.:<\/strong> Ifj. kalauz. A serd\u00fcltebb ifj. haszn\u00e1lat\u00e1ra (Kv., 1928). <br \/><strong>Irod.:<\/strong> Cs\u00edkfalva; Ferenczi S\u00e1ndor 2009; Maros-k\u00fck\u00fcll\u0151i f\u0151esp.<\/br><\/p>\n","protected":false},"excerpt":{"rendered":"<p>M\u00e1r\u00e9falva, 1874. m\u00e1j. 15, \u2020\u00a0Mv., 1958. nov. 6.?: r. k. pap, v\u00e9rtan\u00fa. S\u00edrja ismeretlen. \u2013 Sz\u00e9kelyudvarhelyen \u00e9s Gyulafeh\u00e9rv\u00e1ron tanult \u00e9s papp\u00e1 szentelt\u00e9k (1899. j\u00fal. 6.). K\u00e1pl\u00e1n Zetelak\u00e1n, Brass\u00f3ban hitoktat\u00f3 (1901\u201315), Gyulafeh\u00e9rv\u00e1ron z\u00e1rdalelk\u00e9sz, majd pl\u00e9b\u00e1nos Marosportuson, Marosilly\u00e9n, Jobb\u00e1gyfalv\u00e1n (1918. febr. 2.\u201357). Minden t\u00e1rsadalmi, hitbuzgalmi \u00e9s hazafias egyes\u00fclet m\u0171k\u00f6d\u00e9s\u00e9ben r\u00e9szt vett. A tan\u00edt\u00f3v\u00e1laszt\u00e1st ir\u00e1ny\u00edtotta, az egyh\u00e1zi \u00e9p\u00fcleteket [&hellip;]<\/p>\n","protected":false},"featured_media":0,"comment_status":"open","ping_status":"closed","template":"","meta":[],"product_brand":[],"product_cat":[137],"product_tag":[],"class_list":{"0":"post-17421","1":"product","2":"type-product","3":"status-publish","5":"product_cat-maros-megyei-eletrajzi-lexikon","7":"first","8":"instock","9":"shipping-taxable","10":"product-type-simple"},"_links":{"self":[{"href":"https:\/\/uj.adatbank.ro\/lexikon\/wp-json\/wp\/v2\/product\/17421","targetHints":{"allow":["GET"]}}],"collection":[{"href":"https:\/\/uj.adatbank.ro\/lexikon\/wp-json\/wp\/v2\/product"}],"about":[{"href":"https:\/\/uj.adatbank.ro\/lexikon\/wp-json\/wp\/v2\/types\/product"}],"replies":[{"embeddable":true,"href":"https:\/\/uj.adatbank.ro\/lexikon\/wp-json\/wp\/v2\/comments?post=17421"}],"wp:attachment":[{"href":"https:\/\/uj.adatbank.ro\/lexikon\/wp-json\/wp\/v2\/media?parent=17421"}],"wp:term":[{"taxonomy":"product_brand","embeddable":true,"href":"https:\/\/uj.adatbank.ro\/lexikon\/wp-json\/wp\/v2\/product_brand?post=17421"},{"taxonomy":"product_cat","embeddable":true,"href":"https:\/\/uj.adatbank.ro\/lexikon\/wp-json\/wp\/v2\/product_cat?post=17421"},{"taxonomy":"product_tag","embeddable":true,"href":"https:\/\/uj.adatbank.ro\/lexikon\/wp-json\/wp\/v2\/product_tag?post=17421"}],"curies":[{"name":"wp","href":"https:\/\/api.w.org\/{rel}","templated":true}]}}