{"id":17425,"date":"2025-07-16T10:14:11","date_gmt":"2025-07-16T08:14:11","guid":{"rendered":"https:\/\/uj.adatbank.ro\/lexikon\/termek\/palfi-mozes\/"},"modified":"2025-07-16T10:14:11","modified_gmt":"2025-07-16T08:14:11","slug":"palfi-mozes","status":"publish","type":"product","link":"https:\/\/uj.adatbank.ro\/lexikon\/termek\/palfi-mozes\/","title":{"rendered":"P\u00c1LFI M\u00f3zes"},"content":{"rendered":"<p>M\u00e1r\u00e9falva, 1811. jan. 26., \u2020 Zetelaka, 1891. febr. 13.: r. k. pap. \u2013 Sz\u00e9kelyudvarhelyen, Kv.-on, Gyulafeh\u00e9rv\u00e1ron tanult, papp\u00e1 szentelt\u00e9k (1835. okt. 18.). K\u00e1pl\u00e1n Cs\u00edksomly\u00f3n, Szil\u00e1gysomly\u00f3n tan\u00e1r (1837), pl\u00e9b\u00e1nos\u00a0: Cs\u00edkszered\u00e1ban, V\u00e1g\u00e1son, Marosilly\u00e9n.A Mack-\u00f6sszeesk\u00fcv\u00e9s kapcs\u00e1n 8 \u00e9vi, vasban t\u00f6ltend\u0151 v\u00e1rfogs\u00e1gra \u00edt\u00e9lt\u00e9k, Josefstadtban raboskodott. Szabadul\u00e1sa ut\u00e1n (1857), M\u00e9r\u00e9falv\u00e1n lelkip\u00e1sztor. Pl\u00e9b\u00e1nos S\u00e1rpatakon (1858\u201365), Szenth\u00e1roms\u00e1gon (1865\u201380). <br \/><strong>Irod.:<\/strong> Ferenczi S\u00e1ndor 2009; MKL<\/br><\/p>\n","protected":false},"excerpt":{"rendered":"<p>M\u00e1r\u00e9falva, 1811. jan. 26., \u2020 Zetelaka, 1891. febr. 13.: r. k. pap. \u2013 Sz\u00e9kelyudvarhelyen, Kv.-on, Gyulafeh\u00e9rv\u00e1ron tanult, papp\u00e1 szentelt\u00e9k (1835. okt. 18.). K\u00e1pl\u00e1n Cs\u00edksomly\u00f3n, Szil\u00e1gysomly\u00f3n tan\u00e1r (1837), pl\u00e9b\u00e1nos\u00a0: Cs\u00edkszered\u00e1ban, V\u00e1g\u00e1son, Marosilly\u00e9n.A Mack-\u00f6sszeesk\u00fcv\u00e9s kapcs\u00e1n 8 \u00e9vi, vasban t\u00f6ltend\u0151 v\u00e1rfogs\u00e1gra \u00edt\u00e9lt\u00e9k, Josefstadtban raboskodott. Szabadul\u00e1sa ut\u00e1n (1857), M\u00e9r\u00e9falv\u00e1n lelkip\u00e1sztor. Pl\u00e9b\u00e1nos S\u00e1rpatakon (1858\u201365), Szenth\u00e1roms\u00e1gon (1865\u201380). Irod.: Ferenczi S\u00e1ndor 2009; [&hellip;]<\/p>\n","protected":false},"featured_media":0,"comment_status":"open","ping_status":"closed","template":"","meta":[],"product_brand":[],"product_cat":[137],"product_tag":[],"class_list":{"0":"post-17425","1":"product","2":"type-product","3":"status-publish","5":"product_cat-maros-megyei-eletrajzi-lexikon","7":"first","8":"instock","9":"shipping-taxable","10":"product-type-simple"},"_links":{"self":[{"href":"https:\/\/uj.adatbank.ro\/lexikon\/wp-json\/wp\/v2\/product\/17425","targetHints":{"allow":["GET"]}}],"collection":[{"href":"https:\/\/uj.adatbank.ro\/lexikon\/wp-json\/wp\/v2\/product"}],"about":[{"href":"https:\/\/uj.adatbank.ro\/lexikon\/wp-json\/wp\/v2\/types\/product"}],"replies":[{"embeddable":true,"href":"https:\/\/uj.adatbank.ro\/lexikon\/wp-json\/wp\/v2\/comments?post=17425"}],"wp:attachment":[{"href":"https:\/\/uj.adatbank.ro\/lexikon\/wp-json\/wp\/v2\/media?parent=17425"}],"wp:term":[{"taxonomy":"product_brand","embeddable":true,"href":"https:\/\/uj.adatbank.ro\/lexikon\/wp-json\/wp\/v2\/product_brand?post=17425"},{"taxonomy":"product_cat","embeddable":true,"href":"https:\/\/uj.adatbank.ro\/lexikon\/wp-json\/wp\/v2\/product_cat?post=17425"},{"taxonomy":"product_tag","embeddable":true,"href":"https:\/\/uj.adatbank.ro\/lexikon\/wp-json\/wp\/v2\/product_tag?post=17425"}],"curies":[{"name":"wp","href":"https:\/\/api.w.org\/{rel}","templated":true}]}}